000
CXUS52 KGSP 011535
CLMGSP

CLIMATE REPORT
NATIONAL WEATHER SERVICE GREENVILLE-SPARTANBURG SC
1135 AM EDT SUN JUL 1 2018

...................................

...THE GREENVILLE-SPARTANBURG CLIMATE SUMMARY FOR THE MONTH OF JUNE 2018...

CLIMATE NORMAL PERIOD 1981 TO 2010
CLIMATE RECORD PERIOD 1884 TO 2018

WEATHER         OBSERVED          NORMAL  DEPART  LAST YEAR`S
                 VALUE   DATE(S)  VALUE   FROM    VALUE  DATE(S)
                                          NORMAL
................................................................
TEMPERATURE (F)
RECORD
 HIGH             105   06/29/2012
                        06/20/1887
 LOW               40   06/01/1972
HIGHEST            96   06/19        MM      MM       91  06/15
LOWEST             61   06/06        MM      MM       58  06/28
AVG. MAXIMUM     88.9              87.5     1.4     84.4
AVG. MINIMUM     68.2              65.8     2.4     65.9
MEAN             78.6              76.7     1.9     75.2
DAYS MAX >= 90     15              11.0     4.0        2
DAYS MAX <= 32      0               0.0     0.0        0
DAYS MIN <= 32      0               0.0     0.0        0
DAYS MIN <= 0       0               0.0     0.0        0

PRECIPITATION (INCHES)
RECORD
 MAXIMUM        10.99   1886
 MINIMUM         0.13   2008
TOTALS           3.85              3.80    0.05     4.04
DAILY AVG.       0.13              0.13    0.00     0.13
DAYS >= .01        10              10.4    -0.4       15
DAYS >= .10         6               6.6    -0.6       10
DAYS >= .50         2               2.7    -0.7        3
DAYS >= 1.00        1               1.0     0.0        0
GREATEST
 24 HR. TOTAL    1.90   06/19 TO 06/19           06/29 TO 06/30


 STORM TOTAL       MM                                 MM
 (MM/DD(HH))            MM                    06/30(00) TO 06/30(00)



SNOWFALL (INCHES)
RECORDS
 TOTAL             MM   MM
 24 HR TOTAL       MM
 SNOW DEPTH        MM   MM
TOTALS            0.0               0.0     0.0      0.0
 LIQUID EQUIV    0.00              0.00    0.00     0.00
SINCE 7/1         4.7               4.7     0.0      3.6
 LIQUID 7/1      0.47                MM      MM     0.36
SNOWDEPTH AVG.      0                MM      MM        0
DAYS >= TRACE       0               0.0     0.0        0
DAYS >= 1.0         0               0.0     0.0        0
GREATEST
 SNOW DEPTH         0   MM                             0  MM
 24 HR TOTAL      0.0   MM                       06/30 TO 06/30


 STORM TOTAL       MM                                 MM
 (MM/DD(HH))            MM                    06/30(00) TO 06/30(00)



DEGREE_DAYS
HEATING TOTAL       0                 2      -2        0
 SINCE 7/1       2916              3046    -130     2186
COOLING TOTAL     413               351      62      312
 SINCE 1/1        701               552     149      577

FREEZE DATES
RECORD
 EARLIEST     MM
 LATEST       MM
EARLIEST      10/30             MM
LATEST        04/17             MM
.................................................................

WIND (MPH)
AVERAGE WIND SPEED              5.2
HIGHEST WIND SPEED/DIRECTION    31/210    DATE  06/21
HIGHEST GUST SPEED/DIRECTION    42/200    DATE  06/21

SKY COVER
POSSIBLE SUNSHINE (PERCENT)   MM
AVERAGE SKY COVER           0.20
NUMBER OF DAYS FAIR           27
NUMBER OF DAYS PC              2
NUMBER OF DAYS CLOUDY          1

AVERAGE RH (PERCENT)     72

WEATHER CONDITIONS. NUMBER OF DAYS WITH
THUNDERSTORM             14     MIXED PRECIP               0
HEAVY RAIN                6     RAIN                       4
LIGHT RAIN               12     FREEZING RAIN              0
LT FREEZING RAIN          0     HAIL                       0
HEAVY SNOW                0     SNOW                       0
LIGHT SNOW                0     SLEET                      0
FOG                      14     FOG W/VIS <= 1/4 MILE      0
HAZE                      4

-  INDICATES NEGATIVE NUMBERS.
R  INDICATES RECORD WAS SET OR TIED.
MM INDICATES DATA IS MISSING.
T  INDICATES TRACE AMOUNT.

$$

OUTLAW
