000
CXUS52 KGSP 012145
CLMGSP

CLIMATE REPORT
NATIONAL WEATHER SERVICE GREENVILLE-SPARTANBURG SC
545 PM EDT MON OCT 1 2018

...................................

...THE GREENVILLE-SPARTANBURG CLIMATE SUMMARY FOR THE MONTH OF SEPTEMBER 2018...

CLIMATE NORMAL PERIOD 1981 TO 2010
CLIMATE RECORD PERIOD 1884 TO 2018

WEATHER         OBSERVED          NORMAL  DEPART  LAST YEAR`S
                 VALUE   DATE(S)  VALUE   FROM    VALUE  DATE(S)
                                          NORMAL
................................................................
TEMPERATURE (F)
RECORD
 HIGH             101   09/06/1954
                        09/09/1939
 LOW               32   09/30/1888
HIGHEST            93   09/07        MM      MM       92  09/28
                                                          09/27
LOWEST             67   09/30        MM      MM       51  09/07
                        09/29
                        09/26
AVG. MAXIMUM     86.4              82.2     4.2     82.3
AVG. MINIMUM     69.8              61.8     8.0     62.1
MEAN             78.1              72.0     6.1     72.2
DAYS MAX >= 90      9               3.5     5.5        2
DAYS MAX <= 32      0               0.0     0.0        0
DAYS MIN <= 32      0               0.0     0.0        0
DAYS MIN <= 0       0               0.0     0.0        0

PRECIPITATION (INCHES)
RECORD
 MAXIMUM        12.95   1929
 MINIMUM         0.07   1919
TOTALS           5.06              3.43    1.63     4.22
DAILY AVG.       0.17              0.11    0.06     0.14
DAYS >= .01        11               8.1     2.9        6
DAYS >= .10         6               5.0     1.0        5
DAYS >= .50         3               2.4     0.6        3
DAYS >= 1.00        2               1.0     1.0        2
GREATEST
 24 HR. TOTAL    1.79   09/15 TO 09/16           09/11 TO 09/12


 STORM TOTAL       MM                                 MM
 (MM/DD(HH))            MM                    09/12(00) TO 09/12(00)



SNOWFALL (INCHES)
RECORDS
 TOTAL             MM   MM
 24 HR TOTAL       MM
 SNOW DEPTH        MM   MM
TOTALS            0.0               0.0     0.0      0.0
 LIQUID EQUIV    0.00              0.00    0.00     0.00
SINCE 7/1         0.0               0.0     0.0      0.0
 LIQUID 7/1      0.00              0.00    0.00     0.00
SNOWDEPTH AVG.      0                MM      MM        0
DAYS >= TRACE       0               0.0     0.0        0
DAYS >= 1.0         0               0.0     0.0        0
GREATEST
 SNOW DEPTH         0   MM                             0  MM
 24 HR TOTAL      0.0   MM                       09/30 TO 09/30


 STORM TOTAL       MM                                 MM
 (MM/DD(HH))            MM                    09/30(00) TO 09/30(00)



DEGREE_DAYS
HEATING TOTAL       0                17     -17       11
 SINCE 7/1          0                17     -17       11
COOLING TOTAL     403               227     176      232
 SINCE 1/1       1960              1662     298     1698

FREEZE DATES
RECORD
 EARLIEST     MM
 LATEST       MM
EARLIEST                        MM
LATEST                          MM
.................................................................

WIND (MPH)
AVERAGE WIND SPEED              5.3
HIGHEST WIND SPEED/DIRECTION    28/010    DATE  09/16
HIGHEST GUST SPEED/DIRECTION    38/290    DATE  09/10

SKY COVER
POSSIBLE SUNSHINE (PERCENT)   MM
AVERAGE SKY COVER           0.40
NUMBER OF DAYS FAIR           12
NUMBER OF DAYS PC             13
NUMBER OF DAYS CLOUDY          5

AVERAGE RH (PERCENT)     78

WEATHER CONDITIONS. NUMBER OF DAYS WITH
THUNDERSTORM              8     MIXED PRECIP               0
HEAVY RAIN                5     RAIN                       6
LIGHT RAIN               14     FREEZING RAIN              0
LT FREEZING RAIN          0     HAIL                       0
HEAVY SNOW                0     SNOW                       0
LIGHT SNOW                0     SLEET                      0
FOG                      18     FOG W/VIS <= 1/4 MILE      1
HAZE                      5

-  INDICATES NEGATIVE NUMBERS.
R  INDICATES RECORD WAS SET OR TIED.
MM INDICATES DATA IS MISSING.
T  INDICATES TRACE AMOUNT.

$$

OUTLAW
