000
CXUS55 KTFX 011223 CCA
CLMGTF

CLIMATE REPORT...CORRECTED WEATHER CONDITIONS SECTION
NATIONAL WEATHER SERVICE GREAT FALLS MT
622 AM MDT WED AUG 1 2018

...................................

...THE GREAT FALLS MT CLIMATE SUMMARY FOR THE MONTH OF JULY 2018...

CLIMATE NORMAL PERIOD 1981 TO 2010
CLIMATE RECORD PERIOD 1886 TO 2018

WEATHER         OBSERVED          NORMAL  DEPART  LAST YEAR`S
                 VALUE   DATE(S)  VALUE   FROM    VALUE
                                          NORMAL
.............................................................
TEMPERATURE (F)
RECORD
 HIGH             107   07/25/1933
 LOW               35   07/04/1915
                        07/01/1894
HIGHEST            99   07/06        85      14      101
LOWEST             40   07/04        52     -12       44
AVG. MAXIMUM     86.2              83.4     2.8     92.6
AVG. MINIMUM     51.8              51.4     0.4     54.3
MEAN             69.0              67.4     1.6     73.4
DAYS MAX >= 90     11               8.0     3.0
DAYS MAX <= 32      0               0.0     0.0
DAYS MIN <= 32      0               0.0     0.0
DAYS MIN <= 0       0               0.0     0.0

PRECIPITATION (INCHES)
RECORD
 MAXIMUM         5.45   1909
 MINIMUM         0.04   1959
TOTALS           0.12              1.50   -1.38     0.08
DAYS >= .01         3               7.5    -4.5
DAYS >= .10         0               3.9    -3.9
DAYS >= .50         0               0.8    -0.8
DAYS >= 1.00        0               0.2    -0.2
GREATEST
 24 HR. TOTAL    0.05   07/03 TO 07/03

SNOWFALL (INCHES)
RECORDS
 TOTAL              T   2016
 24 HR TOTAL       MM
TOTALS            0.0               0.0     0.0      0.0
SINCE 7/1         0.0               0.0     0.0      0.0
SNOWDEPTH AVG.      0
DAYS >= TRACE       0               0.0     0.0
DAYS >= 1.0         0               0.0     0.0
GREATEST
 SNOW DEPTH         0   MM
 24 HR TOTAL      0.0   07/31 TO 07/31

DEGREE_DAYS
HEATING TOTAL      32                50     -18        1
 SINCE 7/1         32                50     -18        1
COOLING TOTAL     163               124      39      272
 SINCE 1/1        222               163      59      313
..............................................................

WIND (MPH)
AVERAGE WIND SPEED              8.4
HIGHEST WIND SPEED/DIRECTION    38/270    DATE  07/10
HIGHEST GUST SPEED/DIRECTION    51/260    DATE  07/10

SKY COVER
AVERAGE SKY COVER           0.10

AVERAGE RH (PERCENT)     50

WEATHER CONDITIONS. NUMBER OF DAYS WITH
THUNDERSTORM          3         MIXED PRECIP          0
HEAVY RAIN            0         RAIN                  0
LIGHT RAIN            5         FREEZING RAIN         0
LT FREEZING RAIN      0         HAIL                  0
HEAVY SNOW            0         SNOW                  0
LIGHT SNOW            0         SLEET                 0
FOG                   1         FOG W/VIS <=1/4 MILE  0
HAZE                  1


-  INDICATES NEGATIVE NUMBERS.
R  INDICATES RECORD WAS SET OR TIED.
MM INDICATES DATA IS MISSING.
T  INDICATES TRACE AMOUNT.

$$
