000
CXUS54 KAMA 011536
CLMGUY


CLIMATE REPORT
NATIONAL WEATHER SERVICE AMARILLO TX
1036 AM CDT TUE MAY 1 2018

...................................

...THE GUYMON CLIMATE SUMMARY FOR THE MONTH OF APRIL 2018...

CLIMATE NORMAL PERIOD 1981 TO 2010
CLIMATE RECORD PERIOD 1998 TO 2018

WEATHER         OBSERVED          NORMAL  DEPART  LAST YEAR`S
                 VALUE   DATE(S)  VALUE   FROM    VALUE  DATE(S)
                                          NORMAL
................................................................
TEMPERATURE (F)
HIGHEST            94   04/12                         91  04/19
LOWEST             19R  04/07                         31  04/23
                                                          04/06
AVG. MAXIMUM     69.6              70.3    -0.7     70.9
AVG. MINIMUM     34.9              40.2    -5.3     44.3
MEAN             53.3              55.2    -1.9     57.6
DAYS MAX >= 90      3               0.8     2.2        1
DAYS MAX <= 32      0               0.0     0.0        0
DAYS MIN <= 32      9               4.8     4.2        2
DAYS MIN <= 0       0               0.0     0.0        0

PRECIPITATION (INCHES)
TOTALS           1.06              1.51   -0.45     4.04
DAILY AVG.       0.04              0.05   -0.01     0.13
DAYS >= .01         6                MM      MM        9
DAYS >= .10         3                MM      MM        7
DAYS >= .50         1                MM      MM        4
DAYS >= 1.00        0                MM      MM        1
GREATEST
 24 HR. TOTAL    0.65   04/20 TO 04/20

SNOWFALL (INCHES)
TOTALS              T                MM      MM      3.0
SINCE 7/1           T                MM      MM      3.8
DAYS >= TRACE       1                MM      MM
DAYS >= 1.0         0                MM      MM        2
GREATEST
 SNOW DEPTH         0   MM
 24 HR TOTAL        T   04/07 TO 04/07

DEGREE_DAYS
HEATING TOTAL     397               305      92      250
 SINCE 7/1       4055              4353    -298     3567
COOLING TOTAL      21                13       8       42
 SINCE 1/1         28                15      13       65
.................................................................

WIND (MPH)
AVERAGE WIND SPEED              14.4
HIGHEST WIND SPEED/DIRECTION    45/350    DATE  04/14
HIGHEST GUST SPEED/DIRECTION    55/240    DATE  04/17

SKY COVER
POSSIBLE SUNSHINE (PERCENT)   MM
NUMBER OF DAYS FAIR           21
NUMBER OF DAYS PC              7
NUMBER OF DAYS CLOUDY          2

AVERAGE RH (PERCENT)     50

WEATHER CONDITIONS. NUMBER OF DAYS WITH
THUNDERSTORM              0     MIXED PRECIP               0
HEAVY RAIN                1     RAIN                       3
LIGHT RAIN                6     FREEZING RAIN              0
LT FREEZING RAIN          0     HEAVY SNOW                 0
SNOW                      0     LIGHT SNOW                 1
SLEET                     0     FOG                        5
FOG W/VIS <= 1/4 MILE     0     HAZE                       0

-  INDICATES NEGATIVE NUMBERS.
R  INDICATES RECORD WAS SET OR TIED.
MM INDICATES DATA IS MISSING.
T  INDICATES TRACE AMOUNT.

$$
