000
CXUS54 KAMA 072141
CLMGUY


CLIMATE REPORT
NATIONAL WEATHER SERVICE AMARILLO TX
341 PM CST MON JAN 7 2019

...................................

...THE GUYMON CLIMATE SUMMARY FOR THE MONTH OF DECEMBER 2018...

CLIMATE NORMAL PERIOD 1981 TO 2010
CLIMATE RECORD PERIOD 1998 TO 2019

WEATHER         OBSERVED          NORMAL  DEPART  LAST YEAR`S
                 VALUE   DATE(S)  VALUE   FROM    VALUE  DATE(S)
                                          NORMAL
................................................................
TEMPERATURE (F)
HIGHEST            64   12/11                         79  12/03
LOWEST              5   12/29                          8  12/31
                                                          12/26
AVG. MAXIMUM     50.0              48.4     1.6     51.7
AVG. MINIMUM     22.3              21.8     0.5     20.4
MEAN             36.1              35.1     1.0     36.0
DAYS MAX >= 90      0               0.0     0.0        0
DAYS MAX <= 32      2               3.7    -1.7        5
DAYS MIN <= 32     27              28.1    -1.1       29
DAYS MIN <= 0       0               0.5    -0.5        0

PRECIPITATION (INCHES)
TOTALS           2.32              0.64    1.68     0.03
DAILY AVG.       0.07              0.02    0.05     0.00
DAYS >= .01         3                MM      MM        1
DAYS >= .10         2                MM      MM        0
DAYS >= .50         2                MM      MM        0
DAYS >= 1.00        1                MM      MM        0
GREATEST
 24 HR. TOTAL    1.41   12/26 TO 12/26

SNOWFALL (INCHES)
TOTALS            0.0                MM      MM        T
SINCE 7/1         0.0                MM      MM        T
DAYS >= TRACE       0                MM      MM
DAYS >= 1.0         0                MM      MM        0
GREATEST
 SNOW DEPTH         0   MM
 24 HR TOTAL      0.0   12/24 TO 12/24

DEGREE_DAYS
HEATING TOTAL     885               926     -41      891
 SINCE 7/1       1902              1817      85     1619
COOLING TOTAL       0                 0       0        0
 SINCE 1/1       1835              1482     353     1592
.................................................................

WIND (MPH)
AVERAGE WIND SPEED              10.0
HIGHEST WIND SPEED/DIRECTION    44/360    DATE  12/13
HIGHEST GUST SPEED/DIRECTION    55/360    DATE  12/13

SKY COVER
POSSIBLE SUNSHINE (PERCENT)   MM
NUMBER OF DAYS FAIR           22
NUMBER OF DAYS PC              6
NUMBER OF DAYS CLOUDY          3

AVERAGE RH (PERCENT)     56

WEATHER CONDITIONS. NUMBER OF DAYS WITH
THUNDERSTORM              1     MIXED PRECIP               0
HEAVY RAIN                1     RAIN                       2
LIGHT RAIN                2     FREEZING RAIN              0
LT FREEZING RAIN          0     HEAVY SNOW                 1
SNOW                      1     LIGHT SNOW                 4
SLEET                     0     FOG                        4
FOG W/VIS <= 1/4 MILE     2     HAZE                       3

-  INDICATES NEGATIVE NUMBERS.
R  INDICATES RECORD WAS SET OR TIED.
MM INDICATES DATA IS MISSING.
T  INDICATES TRACE AMOUNT.

$$
