000
CXUS54 KJAN 051941 AAA
CLMHBG

CLIMATE REPORT...UPDATED WEATHER CONDITIONS
NATIONAL WEATHER SERVICE JACKSON MS
241 PM CDT SAT MAY 5 2018

...................................

...THE HATTIESBURG CLIMATE SUMMARY FOR THE MONTH OF APRIL 2018...

CLIMATE NORMAL PERIOD 1981 TO 2010
CLIMATE RECORD PERIOD 1948 TO 2018

WEATHER         OBSERVED          NORMAL  DEPART  LAST YEAR`S
                 VALUE   DATE(S)  VALUE   FROM    VALUE  DATE(S)
                                          NORMAL
................................................................
TEMPERATURE (F)
RECORD
 HIGH              94   04/29/1955
 LOW               31   04/04/1987
                        04/11/1973
                        04/07/1950
HIGHEST            85   04/03        MM      MM       87  04/29
                                                          04/28
                                                          04/05
LOWEST             36   04/16        MM      MM       38  04/08
AVG. MAXIMUM     75.3              78.0    -2.7     81.4
AVG. MINIMUM     49.0              52.6    -3.6     55.2
MEAN             62.2              65.3    -3.1     68.3
DAYS MAX >= 90      0               0.4    -0.4        0
DAYS MAX <= 32      0               0.0     0.0        0
DAYS MIN <= 32      0               0.3    -0.3        0
DAYS MIN <= 0       0               0.0     0.0        0

PRECIPITATION (INCHES)
RECORD
 MAXIMUM        17.50   1983
 MINIMUM         0.63   1999
TOTALS           6.39              4.93    1.46     8.88
DAILY AVG.       0.21              0.16    0.05     0.30
DAYS >= .01         8                MM      MM        8
DAYS >= .10         7                MM      MM        6
DAYS >= .50         3                MM      MM        4
DAYS >= 1.00        1                MM      MM        3
GREATEST
 24 HR. TOTAL    4.03   04/14 TO 04/14              4.42

SNOWFALL (INCHES)
TOTALS            0.0
SINCE 7/1         5.7
DAYS >= TRACE       0
DAYS >= 1.0         0
GREATEST
 24 HR TOTAL      0.0   04/30 TO 04/30

DEGREE_DAYS
HEATING TOTAL     105                83      22       33
 SINCE 7/1       1888              1978     -90     1143
COOLING TOTAL      27                92     -65      138
 SINCE 1/1        156               140      16      295
.................................................................

WIND (MPH)
AVERAGE WIND SPEED              5.9
HIGHEST WIND SPEED/DIRECTION    35/320    DATE  04/14
HIGHEST GUST SPEED/DIRECTION    50/320    DATE  04/14

SKY COVER
POSSIBLE SUNSHINE (PERCENT)   MM
AVERAGE SKY COVER           0.30
NUMBER OF DAYS FAIR           19
NUMBER OF DAYS PC              7
NUMBER OF DAYS CLOUDY          4

AVERAGE RH (PERCENT)     72

WEATHER CONDITIONS. NUMBER OF DAYS WITH
THUNDERSTORM              5     MIXED PRECIP               0
HEAVY RAIN                3     RAIN                       7
LIGHT RAIN                9     FREEZING RAIN              0
LT FREEZING RAIN          0     HAIL                       0
HEAVY SNOW                0     SNOW                       0
LIGHT SNOW                0     SLEET                      0
FOG                      12     FOG W/VIS <= 1/4 MILE      2
HAZE                      1

-  INDICATES NEGATIVE NUMBERS.
R  INDICATES RECORD WAS SET OR TIED.
MM INDICATES DATA IS MISSING.
T  INDICATES TRACE AMOUNT.

$$
