278
CXUS54 KJAN 011451
CLMHBG


CLIMATE REPORT
NATIONAL WEATHER SERVICE JACKSON MS
945 AM CDT WED AUG 1 2018

...................................

...THE HATTIESBURG CLIMATE SUMMARY FOR THE MONTH OF JULY 2018...

CLIMATE NORMAL PERIOD 1981 TO 2010
CLIMATE RECORD PERIOD 1948 TO 2018

WEATHER         OBSERVED          NORMAL  DEPART  LAST YEAR`S
                 VALUE   DATE(S)  VALUE   FROM    VALUE  DATE(S)
                                          NORMAL
................................................................
TEMPERATURE (F)
RECORD
 HIGH             105   07/17/2000
 LOW               57   07/11/1953
HIGHEST            97   07/27        MM      MM       96  07/20
                        07/14
LOWEST             70   07/27        MM      MM       71  07/31
                        07/26                             07/30
                                                          07/28
AVG. MAXIMUM     93.0              92.1     0.9     91.2
AVG. MINIMUM     72.9              71.6     1.3     73.0
MEAN             83.0              81.9     1.1     82.1
DAYS MAX >= 90     29              23.1     5.9       26
DAYS MAX <= 32      0               0.0     0.0        0
DAYS MIN <= 32      0               0.0     0.0        0
DAYS MIN <= 0       0               0.0     0.0        0

PRECIPITATION (INCHES)
RECORD
 MAXIMUM        14.52   1979
 MINIMUM         2.00   1983
TOTALS           8.09              5.39    2.70     5.37
DAILY AVG.       0.26              0.17    0.09     0.17
DAYS >= .01        16                MM      MM       14
DAYS >= .10        10                MM      MM        8
DAYS >= .50         6                MM      MM        3
DAYS >= 1.00        4                MM      MM        2
GREATEST
 24 HR. TOTAL    1.82   07/16 TO 07/16              1.54

SNOWFALL (INCHES)
TOTALS            0.0
SINCE 7/1         0.0
DAYS >= TRACE       0
DAYS >= 1.0         0
GREATEST
 24 HR TOTAL      0.0   07/31 TO 07/31

DEGREE_DAYS
HEATING TOTAL       0                 0       0        0
 SINCE 7/1          0                 0       0        0
COOLING TOTAL     565               522      43      538
 SINCE 1/1       1614              1360     254     1443
.................................................................

WIND (MPH)
AVERAGE WIND SPEED              3.8
HIGHEST WIND SPEED/DIRECTION    25/120    DATE  07/07
HIGHEST GUST SPEED/DIRECTION    35/120    DATE  07/07

SKY COVER
POSSIBLE SUNSHINE (PERCENT)   MM
AVERAGE SKY COVER           0.20
NUMBER OF DAYS FAIR           25
NUMBER OF DAYS PC              6
NUMBER OF DAYS CLOUDY          0

AVERAGE RH (PERCENT)     74

WEATHER CONDITIONS. NUMBER OF DAYS WITH
THUNDERSTORM              2     MIXED PRECIP               0
HEAVY RAIN                1     RAIN                       5
LIGHT RAIN                9     FREEZING RAIN              0
LT FREEZING RAIN          0     HAIL                       0
HEAVY SNOW                0     SNOW                       0
LIGHT SNOW                0     SLEET                      0
FOG                      12     FOG W/VIS <= 1/4 MILE      1
HAZE                      3

-  INDICATES NEGATIVE NUMBERS.
R  INDICATES RECORD WAS SET OR TIED.
MM INDICATES DATA IS MISSING.
T  INDICATES TRACE AMOUNT.

$$
