000
CXUS54 KJAN 011643
CLMHBG


CLIMATE REPORT...CORRECTED
NATIONAL WEATHER SERVICE JACKSON MS
1036 AM CST TUE JAN 1 2019

...................................

...THE HATTIESBURG CLIMATE SUMMARY FOR THE MONTH OF DECEMBER 2018...

CLIMATE NORMAL PERIOD 1981 TO 2010
CLIMATE RECORD PERIOD 1948 TO 2018

WEATHER         OBSERVED          NORMAL  DEPART  LAST YEAR`S
                 VALUE   DATE(S)  VALUE   FROM    VALUE  DATE(S)
                                          NORMAL
................................................................
TEMPERATURE (F)
RECORD
 HIGH              84   12/02/2007
                        12/07/1951
 LOW                4   12/23/1989
HIGHEST            81   12/01        MM      MM       80  12/05
LOWEST             27   12/06        MM      MM       25  12/09
AVG. MAXIMUM     62.5              61.8     0.7     59.0
AVG. MINIMUM     43.1              39.6     3.5     39.5
MEAN             52.8              50.7     2.1     49.3
DAYS MAX >= 90      0               0.0     0.0        0
DAYS MAX <= 32      0               0.0     0.0        0
DAYS MIN <= 32      6               8.3    -2.3       10
DAYS MIN <= 0       0               0.0     0.0        0

PRECIPITATION (INCHES)
RECORD
 MAXIMUM        17.34   2009
 MINIMUM         1.32   2010
TOTALS          12.86              4.91    7.95     4.72
DAILY AVG.       0.41              0.16    0.25     0.15
DAYS >= .01        12                MM      MM       13
DAYS >= .10        10                MM      MM       10
DAYS >= .50         6                MM      MM        2
DAYS >= 1.00        3                MM      MM        1
GREATEST
 24 HR. TOTAL    5.82   12/27 TO 12/27              1.11

SNOWFALL (INCHES)
TOTALS            0.0
SINCE 7/1         0.0
DAYS >= TRACE       0
DAYS >= 1.0         0
GREATEST
 24 HR TOTAL      0.0   12/31 TO 12/31

DEGREE_DAYS
HEATING TOTAL     383               457     -74      486
 SINCE 7/1        754               785     -31      791
COOLING TOTAL      14                13       1        5
 SINCE 1/1       2875              2403     472     2549
.................................................................

WIND (MPH)
AVERAGE WIND SPEED              5.3
HIGHEST WIND SPEED/DIRECTION    26/140    DATE  12/27
HIGHEST GUST SPEED/DIRECTION    34/130    DATE  12/27

SKY COVER
POSSIBLE SUNSHINE (PERCENT)   MM
AVERAGE SKY COVER           0.50
NUMBER OF DAYS FAIR           10
NUMBER OF DAYS PC             12
NUMBER OF DAYS CLOUDY          9

AVERAGE RH (PERCENT)     75

WEATHER CONDITIONS. NUMBER OF DAYS WITH
THUNDERSTORM              3     MIXED PRECIP               0
HEAVY RAIN                9     RAIN                      10
LIGHT RAIN               18     FREEZING RAIN              0
LT FREEZING RAIN          0     HAIL                       0
HEAVY SNOW                0     SNOW                       0
LIGHT SNOW                0     SLEET                      0
FOG                      20     FOG W/VIS <= 1/4 MILE      3
HAZE                      1

-  INDICATES NEGATIVE NUMBERS.
R  INDICATES RECORD WAS SET OR TIED.
MM INDICATES DATA IS MISSING.
T  INDICATES TRACE AMOUNT.

$$
