000
CXUS56 KPQR 011702 CCA
CLMHIO

CLIMATE REPORT
NATIONAL WEATHER SERVICE PORTLAND OREGON
1002 AM PDT SUN JUL 1 2018

...................................

...THE HILLSBORO OR CLIMATE SUMMARY FOR THE MONTH OF JUNE 2018...

CLIMATE NORMAL PERIOD 1981 TO 2010
CLIMATE RECORD PERIOD 1929 TO 2018

WEATHER         OBSERVED          NORMAL  DEPART  LAST YEAR`S
                 VALUE   DATE(S)  VALUE   FROM    VALUE  DATE(S)
                                          NORMAL
................................................................
TEMPERATURE (F)
HIGHEST            95                                100  06/25
LOWEST             40                                 40  06/05
AVG. MAXIMUM     75.4              72.7     2.7     75.3
AVG. MINIMUM     48.3              48.3     0.0     51.3
MEAN             61.8              60.5     1.3     63.3
DAYS MAX >= 90      3               1.0     2.0        3
DAYS MAX <= 32      0               0.0     0.0        0
DAYS MIN <= 32      0               0.0     0.0        0
DAYS MIN <= 0       0               0.0     0.0        0

PRECIPITATION (INCHES)
RECORD
 MAXIMUM         4.38   1984
 MINIMUM            T   1940
TOTALS           0.65              1.40   -0.75     1.05
DAYS >= .01         8                MM      MM        9
DAYS >= .10         3                MM      MM        4
DAYS >= .50         0                MM      MM        0
DAYS >= 1.00        0                MM      MM        0
GREATEST
 24 HR. TOTAL    0.33   06/08 TO 06/09

DEGREE_DAYS
HEATING TOTAL     119               155     -36       99
 SINCE 7/1       4534              5005    -471     4874
COOLING TOTAL      32                20      12       58
 SINCE 1/1         48                26      22       88
.................................................................

WIND (MPH)
AVERAGE WIND SPEED              4.9
RESULTANT WIND SPEED/DIRECTION   2/325
HIGHEST WIND SPEED/DIRECTION    26/320    DATE  06/24
HIGHEST GUST SPEED/DIRECTION    33/310    DATE  06/24

SKY COVER
POSSIBLE SUNSHINE (PERCENT)   MM
AVERAGE SKY COVER           0.50

AVERAGE RH (PERCENT)     66

WEATHER CONDITIONS. NUMBER OF DAYS WITH
THUNDERSTORMS        2        MIXED PRECIP            0
HEAVY RAIN           0        RAIN                    0
LIGHT RAIN           8        FREEZING RAIN           0
LT FREEZING RAIN     0        HAIL                    0
HEAVY SNOW           0        SNOW                    0
LIGHT SNOW           0        SLEET                   0
FOG                  9        FOG W/VIS <=1/4 MILE    2
HAZE                 2

-  INDICATES NEGATIVE NUMBERS.
R  INDICATES RECORD WAS SET OR TIED.
MM INDICATES DATA IS MISSING.
T  INDICATES TRACE AMOUNT.

$$
