000
CXUS56 KHNX 011938
CLMHJO


CLIMATE REPORT
NATIONAL WEATHER SERVICE SAN JOAQUIN VALLEY, CA
1131 AM PST THU FEB 1 2018

...................................

...THE HANFORD CA AIRPORT CLIMATE SUMMARY FOR THE MONTH OF JANUARY 2018...

CLIMATE NORMAL PERIOD 1981 TO 2010
CLIMATE RECORD PERIOD 1998 TO 2018

WEATHER         OBSERVED          NORMAL  DEPART  LAST YEAR`S
                 VALUE   DATE(S)  VALUE   FROM    VALUE  DATE(S)
                                          NORMAL
................................................................
TEMPERATURE (F)
RECORD
 HIGH              77   01/24/2014
 LOW               19   01/17/2012
                        01/15/2007
                        01/14/2007
HIGHEST            72   01/05        MM      MM       73  01/08
LOWEST             31   01/22        MM      MM       30  01/28
                        01/21                             01/06
AVG. MAXIMUM     61.0              54.3     6.7     56.0
AVG. MINIMUM     41.3              36.3     5.0     39.8
MEAN             51.1              45.3     5.8     47.9
DAYS MAX >= 90      0               0.0     0.0        0
DAYS MIN <= 32      6               9.3    -3.3        6

PRECIPITATION (INCHES)
RECORD
 MAXIMUM         3.37   2017
TOTALS           1.37              2.04   -0.67     3.37
DAYS >= .01         6                MM      MM       14
DAYS >= .10         3                MM      MM       10
DAYS >= .50         1                MM      MM        2
DAYS >= 1.00        0                MM      MM        0
GREATEST
 24 HR. TOTAL    0.58   01/09 TO 01/09

SNOWFALL (INCHES)
RECORDS
 TOTAL            0.0
TOTALS            0.0               0.0

DEGREE_DAYS
HEATING TOTAL     424               611    -187      522
 SINCE 7/1       1291              1743    -452     1404
COOLING TOTAL       0                 0       0        0
 SINCE 1/1          0                 0       0        0
.................................................................

WIND (MPH)
AVERAGE WIND SPEED              3.2
HIGHEST WIND SPEED/DIRECTION    18/330    DATE  01/24
HIGHEST GUST SPEED/DIRECTION    23/340    DATE  01/19

AVERAGE RH (PERCENT)     81

WEATHER CONDITIONS. NUMBER OF DAYS WITH
THUNDERSTORM              0     RAIN                       2
HAIL                      0     FOG                       31
FOG W/VIS <= 1/4 MILE    15     HAZE                      19

-  INDICATES NEGATIVE NUMBERS.
R  INDICATES RECORD WAS SET OR TIED.
MM INDICATES DATA IS MISSING.
T  INDICATES TRACE AMOUNT.

$$
