000
CXUS56 KHNX 012343
CLMHJO


CLIMATE REPORT
NATIONAL WEATHER SERVICE SAN JOAQUIN VALLEY, CA
440 PM PDT MON OCT 1 2018

...................................

...THE HANFORD CA AIRPORT CLIMATE SUMMARY FOR THE MONTH OF SEPTEMBER 2018...

CLIMATE NORMAL PERIOD 1981 TO 2010
CLIMATE RECORD PERIOD 1998 TO 2018

WEATHER         OBSERVED          NORMAL  DEPART  LAST YEAR`S
                 VALUE   DATE(S)  VALUE   FROM    VALUE  DATE(S)
                                          NORMAL
................................................................
TEMPERATURE (F)
RECORD
 HIGH             107   09/03/2017
                        09/02/2017
                        09/03/1998
 LOW               41   09/30/2009
HIGHEST           101   09/08        MM      MM      107  09/03
                                                          09/02
LOWEST             51   09/16        MM      MM       45  09/22
                        09/13
AVG. MAXIMUM     93.5              90.4     3.1     91.3
AVG. MINIMUM     57.1              56.3     0.8     59.2
MEAN             75.3              73.3     2.0     75.3
DAYS MAX >= 90     21              17.7     3.3       19
DAYS MIN <= 32      0               0.0     0.0        0

PRECIPITATION (INCHES)
RECORD
 MAXIMUM         0.32   2007
TOTALS           0.00              0.17   -0.17     0.16
DAYS >= .01         0                MM      MM        2
DAYS >= .10         0                MM      MM        1
DAYS >= .50         0                MM      MM        0
DAYS >= 1.00        0                MM      MM        0
GREATEST
 24 HR. TOTAL    0.00

SNOWFALL (INCHES)
RECORDS
 TOTAL            0.0
TOTALS            0.0                MM

DEGREE_DAYS
HEATING TOTAL       0                 6      -6        7
 SINCE 7/1          0                 6      -6        7
COOLING TOTAL     315               257      58      324
 SINCE 1/1       2057              1588     469     2141
.................................................................

WIND (MPH)
AVERAGE WIND SPEED              5.2
HIGHEST WIND SPEED/DIRECTION    18/320    DATE  09/15
HIGHEST GUST SPEED/DIRECTION    24/310    DATE  09/15

AVERAGE RH (PERCENT)     49

WEATHER CONDITIONS. NUMBER OF DAYS WITH
THUNDERSTORM              0     RAIN                       0
HAIL                      0     FOG                        9
FOG W/VIS <= 1/4 MILE     0     HAZE                      18

-  INDICATES NEGATIVE NUMBERS.
R  INDICATES RECORD WAS SET OR TIED.
MM INDICATES DATA IS MISSING.
T  INDICATES TRACE AMOUNT.

$$
