000
CXUS56 KHNX 011253
CLMHJO


CLIMATE REPORT
NATIONAL WEATHER SERVICE SAN JOAQUIN VALLEY, CA
547 AM PDT SUN JUL 1 2018

...................................

...THE HANFORD CA AIRPORT CLIMATE SUMMARY FOR THE MONTH OF JUNE 2018...

CLIMATE NORMAL PERIOD 1981 TO 2010
CLIMATE RECORD PERIOD 1998 TO 2018

WEATHER         OBSERVED          NORMAL  DEPART  LAST YEAR`S
                 VALUE   DATE(S)  VALUE   FROM    VALUE  DATE(S)
                                          NORMAL
................................................................
TEMPERATURE (F)
RECORD
 HIGH             110   06/22/2017
                        06/20/2017
                        06/30/1891
 LOW               45   06/06/2005
HIGHEST           103   06/24        MM      MM      110  06/22
                                                          06/20
LOWEST             50   06/01        MM      MM       46  06/12
AVG. MAXIMUM     94.6              90.7     3.9     95.5
AVG. MINIMUM     59.5              58.5     1.0     62.8
MEAN             77.0              74.6     2.4     79.2
DAYS MAX >= 90     22              16.8     5.2       23
DAYS MIN <= 32      0               0.0     0.0        0

PRECIPITATION (INCHES)
RECORD
 MAXIMUM         0.91   2011
TOTALS           0.00              0.15   -0.15     0.01
DAYS >= .01         0                MM      MM        1
DAYS >= .10         0                MM      MM        0
DAYS >= .50         0                MM      MM        0
DAYS >= 1.00        0                MM      MM        0
GREATEST
 24 HR. TOTAL    0.00   06/30 TO 06/30

SNOWFALL (INCHES)
RECORDS
 TOTAL            0.0   MM
TOTALS            0.0                MM

DEGREE_DAYS
HEATING TOTAL       0                 3      -3        5
 SINCE 7/1       2042              2655    -613     2109
COOLING TOTAL     366               291      75      438
 SINCE 1/1        616               480     136      646
.................................................................

WIND (MPH)
AVERAGE WIND SPEED              7.0
HIGHEST WIND SPEED/DIRECTION    25/320    DATE  06/09
HIGHEST GUST SPEED/DIRECTION    31/330    DATE  06/09

AVERAGE RH (PERCENT)     47

WEATHER CONDITIONS. NUMBER OF DAYS WITH
THUNDERSTORM              0     RAIN                       0
HAIL                      0     FOG                        1
FOG W/VIS <= 1/4 MILE     0     HAZE                       6

-  INDICATES NEGATIVE NUMBERS.
R  INDICATES RECORD WAS SET OR TIED.
MM INDICATES DATA IS MISSING.
T  INDICATES TRACE AMOUNT.

$$
