000
CXUS53 KGLD 051531 RRA
CLMHLC

CLIMATE REPORT
NATIONAL WEATHER SERVICE GOODLAND
926 AM MDT FRI OCT 5 2018

...................................
...THE HILL CITY CLIMATE SUMMARY FOR THE MONTH OF SEPTEMBER 2018...

CLIMATE NORMAL PERIOD 1981 TO 2010
CLIMATE RECORD PERIOD 1896 TO 2018

WEATHER         OBSERVED          NORMAL  DEPART  LAST YEAR`S
                 VALUE   DATE(S)  VALUE   FROM    VALUE  DATE(S)
                                          NORMAL
................................................................
TEMPERATURE (F)
RECORD
 HIGH             112   09/02/1939
 LOW               19   09/20/1910
HIGHEST            96   09/18        99      -3      101  09/21
LOWEST             37   09/26        36       1       41  09/06
AVG. MAXIMUM     80.0              81.6    -1.6     85.7
AVG. MINIMUM     58.5              53.2     5.3     56.6
MEAN             69.3              67.4     1.9     71.1
DAYS MAX >= 90      8               6.8     1.2       15
DAYS MAX <= 32      0               0.0     0.0        0
DAYS MIN <= 32      0               0.3    -0.3        0
DAYS MIN <= 0       0               0.0     0.0        0

PRECIPITATION (INCHES)
RECORD
 MAXIMUM         8.75   2016
 MINIMUM         0.05   1947
TOTALS           4.83              1.88    2.95     1.38
DAILY AVG.       0.16              0.06    0.10     0.05
DAYS >= .01        10                MM      MM        3
DAYS >= .10         5                MM      MM        2
DAYS >= .50         3                MM      MM        1
DAYS >= 1.00        3                MM      MM        0
GREATEST
 24 HR. TOTAL    1.56   09/05 TO 09/05              0.91
.................................................................

-  INDICATES NEGATIVE NUMBERS.
R  INDICATES RECORD WAS SET OR TIED.
MM INDICATES DATA IS MISSING.
T  INDICATES TRACE AMOUNT.

$$
