647
CXUS51 KPBZ 011319
CLMHLG


CLIMATE REPORT
NATIONAL WEATHER SERVICE PITTSBURGH PA
919 AM EDT WED AUG 1 2018

...................................

...THE WHEELING CLIMATE SUMMARY FOR THE MONTH OF JULY 2018...

CLIMATE NORMAL PERIOD 1981 TO 2010
CLIMATE RECORD PERIOD 1878 TO 2018

WEATHER         OBSERVED          NORMAL  DEPART  LAST YEAR`S
                 VALUE   DATE(S)  VALUE   FROM    VALUE  DATE(S)
                                          NORMAL
................................................................
TEMPERATURE (F)
RECORD
 HIGH             106   MM
 LOW               48   07/05/2014
HIGHEST            93   07/04        MM      MM       89  07/19
LOWEST             56   07/08        MM      MM       54  07/09
AVG. MAXIMUM     84.0              82.1     1.9     81.7
AVG. MINIMUM     64.3              62.4     1.9     63.6
MEAN             74.1              72.2     1.9
DAYS MAX >= 90      5               2.1     2.9        0
DAYS MAX <= 32      0               0.0     0.0        0
DAYS MIN <= 32      0               0.0     0.0        0
DAYS MIN <= 0       0               0.0     0.0        0

PRECIPITATION (INCHES)
RECORD
 MAXIMUM           MM   MM
 MINIMUM           MM   MM
TOTALS           4.05              4.12   -0.07
DAILY AVG.       0.13              0.13    0.00
DAYS >= .01        11                MM      MM
DAYS >= .10         6                MM      MM
DAYS >= .50         3                MM      MM
DAYS >= 1.00        2                MM      MM
GREATEST
 24 HR. TOTAL    1.23   07/24 TO 07/24

DEGREE_DAYS
HEATING TOTAL       0                 3      -3
 SINCE 7/1          0                 3      -3
COOLING TOTAL     291               227      64
 SINCE 1/1        650               409     241
.................................................................

WIND (MPH)
AVERAGE WIND SPEED              5.5
HIGHEST WIND SPEED/DIRECTION    22/210    DATE  07/15
HIGHEST GUST SPEED/DIRECTION    27/210    DATE  07/15

AVERAGE RH (PERCENT)     71

WEATHER CONDITIONS. NUMBER OF DAYS WITH
THUNDERSTORM             14     MIXED PRECIP               0
HEAVY RAIN                5     RAIN                       5
LIGHT RAIN               12     FREEZING RAIN              0
LT FREEZING RAIN          0     HAIL                       0
HEAVY SNOW                0     SNOW                       0
LIGHT SNOW                0     SLEET                      0
FOG                      15     FOG W/VIS <= 1/4 MILE      5
HAZE                      0

-  INDICATES NEGATIVE NUMBERS.
R  INDICATES RECORD WAS SET OR TIED.
MM INDICATES DATA IS MISSING.
T  INDICATES TRACE AMOUNT.

$$
