000
CXUS51 KPBZ 020009 CCA
CLMHLG

CLIMATE REPORT
NATIONAL WEATHER SERVICE PITTSBURGH PA
0709 PM EST TUE JAN 1 2019

...................................

...THE WHEELING CLIMATE SUMMARY FOR THE MONTH OF DECEMBER 2018...

CLIMATE NORMAL PERIOD 1981 TO 2010
CLIMATE RECORD PERIOD 1878 TO 2018

WEATHER         OBSERVED          NORMAL  DEPART  LAST   YEAR`S
                 VALUE   DATE(S)  VALUE   FROM    VALUE  DATE(S)
                                          NORMAL
................................................................
TEMPERATURE (F)
RECORD
 HIGH              71   12/05/2001
 LOW                0   12/28/2017
HIGHEST            65   12/02        44      21       58  12/04
LOWEST             18   12/10        28     -10        0  12/28
                        12/08
AVG. MAXIMUM     43.9              39.7     4.2     37.0
AVG. MINIMUM     30.5              26.0     4.5     22.2
MEAN             37.2              32.9     4.3
DAYS MAX >= 90      0               0.0     0.0        0
DAYS MAX <= 32      3               9.3    -6.3       11
DAYS MIN <= 32     20              23.3    -3.3       27
DAYS MIN <= 0       0               0.0     0.0        1

PRECIPITATION (INCHES)
RECORD
 MAXIMUM         6.39   1923
 MINIMUM         0.58   1925
TOTALS           3.70               2.51    1.19     1.17
DAILY AVG.       0.12               0.08    0.04     0.04
DAYS >= .01        15              14.6     0.4       15
DAYS >= .10         9               6.6     2.4        9
DAYS >= .50         3               1.5     2.5        3
DAYS >= 1.00        0               0.3    -0.3        1
GREATEST
 24 HR. TOTAL    0.83   12/20      0.08    0.75      0.55  12/23

DEGREE_DAYS
HEATING TOTAL     855               997    -142
 SINCE 7/1       2061              2125     -64
COOLING TOTAL       0                 0       0
 SINCE 1/1       1185               689     496
.................................................................

WIND (MPH)
AVERAGE WIND SPEED              8.2
HIGHEST WIND SPEED/DIRECTION    32/170    DATE  12/28
HIGHEST GUST SPEED/DIRECTION    44/210    DATE  12/31

AVERAGE RH (PERCENT)     73

WEATHER CONDITIONS. NUMBER OF DAYS WITH
THUNDERSTORM              1     MIXED PRECIP               0
HEAVY RAIN                1     RAIN                       5
LIGHT RAIN               13     FREEZING RAIN              0
LT FREEZING RAIN          0     HAIL                       0
HEAVY SNOW                0     SNOW                       1
LIGHT SNOW                7     SLEET                      0
FOG                      21     FOG W/VIS <= 1/4 MILE      0
HAZE                      8

-  INDICATES NEGATIVE NUMBERS.
R  INDICATES RECORD WAS SET OR TIED.
MM INDICATES DATA IS MISSING.
T  INDICATES TRACE AMOUNT.

$$
