000
CXUS51 KPBZ 011457 CCA
CLMHLG

CLIMATE REPORT
NATIONAL WEATHER SERVICE PITTSBURGH PA
919 AM EDT MON OCT 1 2018

...................................

...THE WHEELING CLIMATE SUMMARY FOR THE MONTH OF SEPTEMBER 2018...

CLIMATE NORMAL PERIOD 1981 TO 2010
CLIMATE RECORD PERIOD 1878 TO 2018

WEATHER         OBSERVED          NORMAL  DEPART  LAST YEAR`S
                 VALUE   DATE(S)  VALUE   FROM    VALUE  DATE(S)
                                          NORMAL
................................................................
TEMPERATURE (F)
RECORD
 HIGH             100   09/08/1939
                        09/01/1932
 LOW               26   09/29/1942
HIGHEST            93   09/04        78      15       89  09/27
LOWEST             48   09/30        58     -10       44  09/29
AVG. MAXIMUM     77.8              74.3     3.5     75.5
AVG. MINIMUM     61.4              54.4     7.0     54.9
MEAN             69.6              64.3     5.3
DAYS MAX >= 90      3               0.2     2.8        0
DAYS MAX <= 32      0               0.0     0.0        0
DAYS MIN <= 32      0               0.1    -0.1        0
DAYS MIN <= 0       0               0.0     0.0        0

PRECIPITATION (INCHES)
RECORD
 MAXIMUM        12.44   09/30/1911
 MINIMUM         0.66   09/30/2014
TOTALS           9.23              2.27    6.96
DAILY AVG.       0.31              0.08    0.23
DAYS >= .01        14                MM      MM
DAYS >= .10         9                MM      MM
DAYS >= .50         6                MM      MM
DAYS >= 1.00        3                MM      MM
GREATEST
 24 HR. TOTAL    2.70   09/09 TO 09/09

DEGREE_DAYS
HEATING TOTAL      39                90     -51
 SINCE 7/1         39               101     -62
COOLING TOTAL     186                70     116
 SINCE 1/1       1117               678     439
.................................................................

WIND (MPH)
AVERAGE WIND SPEED              6.4
HIGHEST WIND SPEED/DIRECTION    25/090    DATE  09/09
HIGHEST GUST SPEED/DIRECTION    35/230    DATE  09/21

AVERAGE RH (PERCENT)     80

WEATHER CONDITIONS. NUMBER OF DAYS WITH
THUNDERSTORM              3     MIXED PRECIP               0
HEAVY RAIN                6     RAIN                       9
LIGHT RAIN               15     FREEZING RAIN              0
LT FREEZING RAIN          0     HAIL                       0
HEAVY SNOW                0     SNOW                       0
LIGHT SNOW                0     SLEET                      0
FOG                      23     FOG W/VIS <= 1/4 MILE      4
HAZE                      1

-  INDICATES NEGATIVE NUMBERS.
R  INDICATES RECORD WAS SET OR TIED.
MM INDICATES DATA IS MISSING.
T  INDICATES TRACE AMOUNT.

$$
