000
CXUS51 KPBZ 011352
CLMHLG
CLIMATE REPORT
NATIONAL WEATHER SERVICE PITTSBURGH PA
952 AM EDT MON APR 01 2024
...................................
...THE WHEELING WV CLIMATE SUMMARY FOR THE MONTH OF MARCH 2024...
CLIMATE NORMAL PERIOD 1991 TO 2020
CLIMATE RECORD PERIOD 1878 TO 2024
WEATHER OBSERVED NORMAL DEPART LAST YEAR`S
VALUE DATE(S) VALUE FROM VALUE DATE(S)
NORMAL
................................................................
TEMPERATURE (F)
RECORD
HIGH 89 03/20/1921
LOW -11 03/04/1943
HIGHEST 75 03/04 74 1 74 03/01
03/05
LOWEST 22 03/21 12 10 17 03/19
AVG. MAXIMUM 57.0 49.7 7.3 52.1
AVG. MINIMUM 36.4 31.3 5.1 32.3
MEAN 46.7 40.5 6.2 42.2
DAYS MAX >= 90 0 0.0 0.0 0
DAYS MAX <= 32 0 2.6 -2.6 1
DAYS MIN <= 32 12 17.7 -5.7 15
DAYS MIN <= 0 0 0.0 0.0 0
PRECIPITATION (INCHES)
RECORD
MAXIMUM 7.11 1945
MINIMUM 0.30 1910
TOTALS 2.55 2.99 -0.44 3.09
DAILY AVG. 0.08 0.10 -0.02 0.10
DAYS >= .01 12 12.5 -0.5 12
DAYS >= .10 6 6.6 -0.6 6
DAYS >= .50 1 2.0 -1.0 1
DAYS >= 1.00 0 0.4 -0.4 1
GREATEST
24 HR. TOTAL 0.96 03/26 TO 03/26 1.50
DEGREE DAYS
HEATING TOTAL 559 761 -202 698
SINCE 7/1 3909 4819 -910 MM
COOLING TOTAL 0 2 -2 0
SINCE 1/1 0 2 -2 MM
................................................................
WIND (MPH)
AVERAGE WIND SPEED 9.0
HIGHEST WIND SPEED/DIRECTION 32/270 DATE 03/20
HIGHEST GUST SPEED/DIRECTION 49/250 DATE 03/10
49/280 03/20
AVERAGE RH (PERCENT) 61
WEATHER CONDITIONS. NUMBER OF DAYS WITH
THUNDERSTORM 3 MIXED PRECIP 0
HEAVY RAIN 3 RAIN 7
LIGHT RAIN 15 FREEZING RAIN 0
LT FREEZING RAIN 0 HAIL 0
HEAVY SNOW 0 SNOW 0
LIGHT SNOW 3 SLEET 0
FOG 15 FOG W/VIS <= 1/4 MILE 4
HAZE 3
- INDICATES NEGATIVE NUMBERS.
R INDICATES RECORD WAS SET OR TIED.
MM INDICATES DATA IS MISSING.
T INDICATES TRACE AMOUNT.
$$