370
CXUS51 KPBZ 181740
CLMHLG

CLIMATE REPORT
NATIONAL WEATHER SERVICE PITTSBURGH PA
939 AM EDT TUE MAY 1 2018

...................................

...THE WHEELING CLIMATE SUMMARY FOR THE MONTH OF APRIL 2018...

CLIMATE NORMAL PERIOD 1981 TO 2010
CLIMATE RECORD PERIOD 1878 TO 2018

WEATHER         OBSERVED          NORMAL  DEPART  LAST YEAR`S
                 VALUE   DATE(S)  VALUE   FROM    VALUE  DATE(S)
                                          NORMAL
................................................................
TEMPERATURE (F)
RECORD
 HIGH              92   04/30/1942
 LOW               19   04/04/2013
HIGHEST            84   04/13        61      23       86  04/30
LOWEST             26   04/08        39     -13       27  04/08
                        04/07
AVG. MAXIMUM     57.0              61.3    -4.3     67.5
AVG. MINIMUM     36.4              41.4    -5.0     46.4
MEAN             46.7              51.4    -4.7
DAYS MAX >= 90      0               0.0     0.0        0
DAYS MAX <= 32      0               0.2    -0.2        0
DAYS MIN <= 32     15               4.5    10.5        3
DAYS MIN <= 0       0               0.0     0.0        0

PRECIPITATION (INCHES)
RECORD
 MAXIMUM         8.24   1901
 MINIMUM         0.69   1941
TOTALS           5.40              3.08    2.32
DAILY AVG.       0.18              0.10    0.08
DAYS >= .01        14                12      +2
DAYS >= .10         7                 8      -1
DAYS >= .50         3                 2      +1
DAYS >= 1.00        2                 1      +1
GREATEST
 24 HR. TOTAL    1.74   04/15 TO 04/15

DEGREE_DAYS
HEATING TOTAL     555               418     137
 SINCE 7/1       5448              5358      90
COOLING TOTAL      14                 9       5
 SINCE 1/1         19                10       9
.................................................................

WIND (MPH)
AVERAGE WIND SPEED              9.4
HIGHEST WIND SPEED/DIRECTION    37/250    DATE  04/04
HIGHEST GUST SPEED/DIRECTION    53/250    DATE  04/12

AVERAGE RH (PERCENT)     59

WEATHER CONDITIONS. NUMBER OF DAYS WITH
THUNDERSTORM              1     MIXED PRECIP               0
HEAVY RAIN                3     RAIN                       5
LIGHT RAIN               14     FREEZING RAIN              0
LT FREEZING RAIN          0     HAIL                       0
HEAVY SNOW                0     SNOW                       3
LIGHT SNOW               10     SLEET                      0
FOG                      15     FOG W/VIS <= 1/4 MILE      1
HAZE                      7

-  INDICATES NEGATIVE NUMBERS.
R  INDICATES RECORD WAS SET OR TIED.
MM INDICATES DATA IS MISSING.
T  INDICATES TRACE AMOUNT.

$$
