119
CXUS51 KPBZ 011551
CLMHLG


CLIMATE REPORT
NATIONAL WEATHER SERVICE PITTSBURGH PA
913 AM EST THU FEB 1 2018

...................................

...THE WHEELING CLIMATE SUMMARY FOR THE MONTH OF JANUARY 2018...

CLIMATE NORMAL PERIOD 1981 TO 2010
CLIMATE RECORD PERIOD 1878 TO 2018

WEATHER         OBSERVED          NORMAL  DEPART  LAST YEAR`S
                 VALUE   DATE(S)  VALUE   FROM    VALUE  DATE(S)
                                          NORMAL
................................................................
TEMPERATURE (F)
RECORD
 HIGH              75   01/19/1929
 LOW              -21   01/08/1942
HIGHEST            64   01/22        36      28       65  01/12
                        01/11
LOWEST             -3   01/07        22     -25        5  01/09
                        01/01                             01/07
                                                          01/06
AVG. MAXIMUM     35.0              36.0    -1.0     42.0
AVG. MINIMUM     18.3              21.9    -3.6     28.3
MEAN             26.6              29.0    -2.4
DAYS MAX >= 90      0               0.0     0.0        0
DAYS MAX <= 32     15              12.1     2.9        9
DAYS MIN <= 32     25              24.7     0.3       19
DAYS MIN <= 0       5               0.3     4.7        0

PRECIPITATION (INCHES)
RECORD
 MAXIMUM         2.08   01/26/1952

TOTALS           3.19              2.62    0.57
DAILY AVG.       0.10              0.08    0.02
DAYS >= .01        11                MM      MM
DAYS >= .10         5                MM      MM
DAYS >= .50         2                MM      MM
DAYS >= 1.00        1                MM      MM
GREATEST
 24 HR. TOTAL    1.57   01/12 TO 01/12

DEGREE_DAYS
HEATING TOTAL    1179              1117      62
 SINCE 7/1       3262              3242      20
COOLING TOTAL       0                 0       0
 SINCE 1/1          0                 0       0
.................................................................

WIND (MPH)
AVERAGE WIND SPEED              9.5
HIGHEST WIND SPEED/DIRECTION    39/260    DATE  01/23
HIGHEST GUST SPEED/DIRECTION    59/250    DATE  01/23

AVERAGE RH (PERCENT)     69

WEATHER CONDITIONS. NUMBER OF DAYS WITH
THUNDERSTORM              1     MIXED PRECIP               0
HEAVY RAIN                2     RAIN                       3
LIGHT RAIN                7     FREEZING RAIN              1
LT FREEZING RAIN          2     HAIL                       0
HEAVY SNOW                0     SNOW                       3
LIGHT SNOW               14     SLEET                      0
FOG                      17     FOG W/VIS <= 1/4 MILE      2
HAZE                      9

-  INDICATES NEGATIVE NUMBERS.
R  INDICATES RECORD WAS SET OR TIED.
MM INDICATES DATA IS MISSING.
T  INDICATES TRACE AMOUNT.

$$
