000
CXHW50 PHFO 042219
CLMHNL


CLIMATE REPORT
NATIONAL WEATHER SERVICE HONOLULU HI
1218 PM HST MON FEB 4 2019

...................................

...THE HONOLULU HI CLIMATE SUMMARY FOR THE MONTH OF JANUARY 2019...

CLIMATE NORMAL PERIOD 1981 TO 2010
CLIMATE RECORD PERIOD 1946 TO 2019

WEATHER         OBSERVED          NORMAL  DEPART  LAST YEAR`S
                 VALUE   DATE(S)  VALUE   FROM    VALUE  DATE(S)
                                          NORMAL
................................................................
TEMPERATURE (F)
RECORD
 HIGH              88   01/21/1996
 LOW               53   01/31/1998
                        01/31/1972
                        01/20/1969
HIGHEST            85   01/25        80       5       85  01/25
                        01/17                             01/15
                        01/06                             01/10
LOWEST             65   01/28        66      -1       65  01/30
                        01/15
                        01/07
AVG. MAXIMUM     82.5              80.1     2.4     83.2
AVG. MINIMUM     68.4              66.3     2.1     70.2
MEAN             75.5              73.2     2.3     76.7
DAYS MAX >= 90      0               0.0     0.0        0
DAYS MAX <= 32      0               0.0     0.0        0
DAYS MIN <= 32      0               0.0     0.0        0
DAYS MIN <= 0       0               0.0     0.0        0

PRECIPITATION (INCHES)
RECORD
 MAXIMUM        14.74   1949
 MINIMUM         0.03   2016
TOTALS           0.33              2.31   -1.98     0.06
DAILY AVG.       0.01              0.07   -0.06     0.00
DAYS >= .01         6               8.5    -2.5        1
DAYS >= .10         1               3.7    -2.7        0
DAYS >= .50         0               1.2    -1.2        0
DAYS >= 1.00        0               0.6    -0.6        0
GREATEST
 24 HR. TOTAL    0.17   01/17 TO 01/17              0.06

SNOWFALL (INCHES)
RECORDS
 TOTAL            0.0   5
                        0
                        -26215
TOTALS            0.0               0.0     0.0      0.0
SINCE 7/1         0.0               0.0     0.0      0.0
SNOWDEPTH AVG.     MM                MM      MM       MM
DAYS >= 1.0         0               0.0     0.0        0
GREATEST
 SNOW DEPTH        MM                                 MM  MM
 24 HR TOTAL      0.0   01/31 TO 01/31               0.0

DEGREE_DAYS
HEATING TOTAL       0                 0       0        0
 SINCE 7/1          0                 0       0        0
COOLING TOTAL     332               254      78      372
 SINCE 1/1        332               250      82      372
.................................................................

WIND (MPH)
AVERAGE WIND SPEED              8.6
HIGHEST WIND SPEED/DIRECTION    26/360    DATE  01/28
HIGHEST GUST SPEED/DIRECTION    36/070    DATE  01/03

SKY COVER
POSSIBLE SUNSHINE (PERCENT)   MM
AVERAGE SKY COVER             MM
NUMBER OF DAYS FAIR            0
NUMBER OF DAYS PC              0
NUMBER OF DAYS CLOUDY          0

AVERAGE RH (PERCENT)     MM

WEATHER CONDITIONS. NUMBER OF DAYS WITH
THUNDERSTORM              0     MIXED PRECIP               0
HEAVY RAIN                0     RAIN                       0
LIGHT RAIN                0     FREEZING RAIN              0
LT FREEZING RAIN          0     HAIL                       0
HEAVY SNOW                0     SNOW                       0
LIGHT SNOW                0     SLEET                      0
FOG                       1     FOG W/VIS <= 1/4 MILE      0
HAZE                      0

-  INDICATES NEGATIVE NUMBERS.
R  INDICATES RECORD WAS SET OR TIED.
MM INDICATES DATA IS MISSING.
T  INDICATES TRACE AMOUNT.

$$
