000
CXUS53 KFSD 011959
CLMHON

CLIMATE REPORT
NATIONAL WEATHER SERVICE SIOUX FALLS SD
259 PM CDT WED AUG 1 2018

...................................

...THE HURON CLIMATE SUMMARY FOR THE MONTH OF JULY 2018...

CLIMATE NORMAL PERIOD 1981 TO 2010
CLIMATE RECORD PERIOD 1881 TO 2018

WEATHER         OBSERVED          NORMAL  DEPART  LAST YEAR`S
                 VALUE   DATE(S)  VALUE   FROM    VALUE  DATE(S)
                                          NORMAL
................................................................
TEMPERATURE (F)
RECORD
 HIGH             112   07/10/1966
 LOW               37   07/30/1971
HIGHEST            99   07/11        MM      MM      101  07/17
LOWEST             48   07/27        MM      MM       46  07/01
AVG. MAXIMUM     85.5              86.0    -0.5     89.5
AVG. MINIMUM     60.7              61.4    -0.7     62.5
MEAN             73.1              73.7    -0.6     76.0
DAYS MAX >= 90      8               9.7    -1.7       17
DAYS MAX <= 32      0               0.0     0.0        0
DAYS MIN <= 32      0               0.0     0.0        0
DAYS MIN <= 0       0               0.0     0.0        0

PRECIPITATION (INCHES)
RECORD
 MAXIMUM         6.69   1993
 MINIMUM         0.15   1932
TOTALS           1.71              2.92   -1.21     3.40
DAILY AVG.       0.06              0.09   -0.03     0.11
DAYS >= .01         7               8.8    -1.8        8
DAYS >= .10         4               5.7    -1.7        3
DAYS >= .50         1               1.6    -0.6        2
DAYS >= 1.00        1               0.7     0.3        2
GREATEST
 24 HR. TOTAL    1.07   07/18 TO 07/18

DEGREE_DAYS
HEATING TOTAL       3                 8      -5        0
 SINCE 7/1          3                 8      -5        0
COOLING TOTAL     263               277     -14      349
 SINCE 1/1        604               443     161      524
.................................................................

WIND (MPH)
AVERAGE WIND SPEED              9.1
HIGHEST WIND SPEED/DIRECTION    38/320    DATE  07/19
HIGHEST GUST SPEED/DIRECTION    50/330    DATE  07/19

SKY COVER
POSSIBLE SUNSHINE (PERCENT)   MM
AVERAGE SKY COVER           0.20
NUMBER OF DAYS FAIR           25
NUMBER OF DAYS PC              6
NUMBER OF DAYS CLOUDY          0

AVERAGE RH (PERCENT)     68

WEATHER CONDITIONS. NUMBER OF DAYS WITH
THUNDERSTORM              6     MIXED PRECIP                0
HEAVY RAIN                2     RAIN                        4
LIGHT RAIN                8     FREEZING RAIN               0
LT FREEZING RAIN          0     HAIL                        0
HEAVY SNOW                0     SNOW                        0
LIGHT SNOW                0     SLEET                       0
FOG                      10     FOG W/VIS <= 1/4 MILE       2
HAZE                      0

-  INDICATES NEGATIVE NUMBERS.
R  INDICATES RECORD WAS SET OR TIED.
MM INDICATES DATA IS MISSING.
T  INDICATES TRACE AMOUNT.

$$
