239
CXUS54 KHGX 011502
CLMHOU

CLIMATE REPORT
NATIONAL WEATHER SERVICE HOUSTON/GALVESTON TX
930 AM CDT WED AUG 1 2018

...................................

...THE HOUSTON/HOBBY AIRPORT CLIMATE SUMMARY FOR THE MONTH OF JULY 2018...

CLIMATE NORMAL PERIOD 1981 TO 2010
CLIMATE RECORD PERIOD 1930 TO 2018

WEATHER         OBSERVED          NORMAL  DEPART  LAST YEAR`S
                 VALUE   DATE(S)  VALUE   FROM    VALUE  DATE(S)
                                          NORMAL
................................................................
TEMPERATURE (F)
RECORD
 HIGH             105   07/08/1939
 LOW               64   07/16/1967
                        07/15/1967
HIGHEST           100   07/23                        102  07/29
LOWEST             73   07/04                         75  07/16
                                                          07/15
                                                          07/10
AVG. MAXIMUM     94.0              92.1     1.9     95.1
AVG. MINIMUM     76.8              75.5     1.3     78.3
MEAN             85.4              83.8     1.6     86.7
DAYS MAX >= 90     28              24.0     4.0       30
DAYS MAX <= 32      0               0.0     0.0        0
DAYS MIN <= 32      0               0.0     0.0        0
DAYS MIN <= 0       0               0.0     0.0        0

PRECIPITATION (INCHES)
RECORD
 MAXIMUM        12.77   2010
 MINIMUM         1.26   2014
TOTALS           7.99              4.66    3.33     3.12
DAILY AVG.       0.26              0.15    0.11     0.10
DAYS >= .01         6               9.1    -3.1        7
DAYS >= .10         5               6.3    -1.3        4
DAYS >= .50         4               3.0     1.0        2
DAYS >= 1.00        1               1.5    -0.5        2

DEGREE_DAYS
HEATING TOTAL       0                 0       0        0
 SINCE 7/1          0                 0       0        0
COOLING TOTAL     640               583      57      679
 SINCE 1/1       2013              1747     266     2149
.................................................................

WIND (MPH)
AVERAGE WIND SPEED              6.0
RESULTANT WIND SPEED/DIRECTION   3/196
HIGHEST WIND SPEED/DIRECTION    35/020    DATE  07/31
HIGHEST GUST SPEED/DIRECTION    45/030    DATE  07/31

SKY COVER
AVERAGE SKY COVER           0.50

AVERAGE RH (PERCENT)     75

WEATHER CONDITIONS. NUMBER OF DAYS WITH
THUNDERSTORM             12     MIXED PRECIP               0
HEAVY RAIN                5     RAIN                       7
LIGHT RAIN                7     FREEZING RAIN              0
LT FREEZING RAIN          0     HAIL                       0
HEAVY SNOW                0     SNOW                       0
LIGHT SNOW                0     SLEET                      0
FOG                      13     FOG W/VIS <= 1/4 MILE      1
HAZE                      6

-  INDICATES NEGATIVE NUMBERS.
R  INDICATES RECORD WAS SET OR TIED.
MM INDICATES DATA IS MISSING.
T  INDICATES TRACE AMOUNT.

$$
