282
CXUS54 KHGX 011543
CLMHOU

CLIMATE REPORT
NATIONAL WEATHER SERVICE HOUSTON/GALVESTON TX
1033 AM CDT SUN SEP 1 2019

...................................

...THE HOUSTON/HOBBY AIRPORT CLIMATE SUMMARY FOR THE MONTH OF AUGUST 2019...

CLIMATE NORMAL PERIOD 1981 TO 2010
CLIMATE RECORD PERIOD 1930 TO 2019

WEATHER         OBSERVED          NORMAL  DEPART  LAST YEAR`S
                 VALUE   DATE(S)  VALUE   FROM    VALUE  DATE(S)
                                          NORMAL
................................................................
TEMPERATURE (F)
RECORD
 HIGH             106   08/27/2011
                        08/13/1962
 LOW               60   08/21/1940
HIGHEST           100   08/14                    100  08/22
                        08/13
                        08/12
LOWEST             73   08/28                         74  08/30
                                                          08/03
                                                          08/01
AVG. MAXIMUM     95.0              92.6     2.4     94.4
AVG. MINIMUM     78.5              75.7     2.8     77.4
MEAN             86.7              84.2     2.5     85.9
DAYS MAX >= 90     31              24.4     6.6       29
DAYS MAX <= 32      0               0.0     0.0        0
DAYS MIN <= 32      0               0.0     0.0        0
DAYS MIN <= 0       0               0.0     0.0        0

PRECIPITATION (INCHES)
RECORD
 MAXIMUM        38.87   2017
 MINIMUM         0.79   2011
TOTALS           7.11              5.06    2.05     1.69
DAILY AVG.       0.23              0.16    0.07     0.05
DAYS >= .01         8               9.8    -1.8        7
DAYS >= .10         6               5.9     0.1        6
DAYS >= .50         4               2.6     1.4        1
DAYS >= 1.00        3               1.5     1.5        0

DEGREE_DAYS
HEATING TOTAL       0                 0       0        0
 SINCE 7/1          0                 0       0        0
COOLING TOTAL     680               594      86      654
 SINCE 1/1       2660              2341     319     2667
.................................................................

WIND (MPH)
AVERAGE WIND SPEED              6.5
RESULTANT WIND SPEED/DIRECTION   5/171
HIGHEST WIND SPEED/DIRECTION    33/120    DATE  08/30
HIGHEST GUST SPEED/DIRECTION    44/050    DATE  08/14

SKY COVER
AVERAGE SKY COVER           0.50

AVERAGE RH (PERCENT)     69

WEATHER CONDITIONS. NUMBER OF DAYS WITH

THUNDERSTORMS           15          MIXED PRECIP           0
HEAVY RAIN               5          RAIN                   6
LIGHT RAIN              13          FREEZING RAIN          0
LT FREEZING RAIN         0          HAIL                   0
HEAVY SNOW               0          SNOW                   0
LIGHT SNOW               0          SLEET                  0
FOG                      7          FOG W/VIS <= 1/4 MILE  0
HAZE                     5

-  INDICATES NEGATIVE NUMBERS.
R  INDICATES RECORD WAS SET OR TIED.
MM INDICATES DATA IS MISSING.
T  INDICATES TRACE AMOUNT.

$$
