000
CXUS54 KHGX 021515 CCA
CLMHOU

CLIMATE REPORT
NATIONAL WEATHER SERVICE HOUSTON/GALVESTON TX
1015 AM CDT SUN JUN 2 2019

...................................

...THE HOUSTON/HOBBY AIRPORT CLIMATE SUMMARY FOR THE MONTH OF MAY 2019...

CLIMATE NORMAL PERIOD 1981 TO 2010
CLIMATE RECORD PERIOD 1930 TO 2019

WEATHER         OBSERVED          NORMAL  DEPART  LAST YEAR`S
                 VALUE   DATE(S)  VALUE   FROM    VALUE  DATE(S)
                                          NORMAL
................................................................
TEMPERATURE (F)
RECORD
 HIGH             100   05/31/1998
 LOW               44   05/04/1978
HIGHEST            92   05/30                         94  05/17
LOWEST             62   05/13                         64  05/06
AVG. MAXIMUM     86.1              85.4     0.7     88.6
AVG. MINIMUM     72.2              68.7     3.5     70.0
MEAN             79.2              77.0     2.2     79.3
DAYS MAX >= 90     10               4.6     5.4       15
DAYS MAX <= 32      0               0.0     0.0        0
DAYS MIN <= 32      0               0.0     0.0        0
DAYS MIN <= 0       0               0.0     0.0        0

PRECIPITATION (INCHES)
RECORD
 MAXIMUM        14.40   2015
 MINIMUM         0.19   2011
TOTALS          11.05              4.75    6.30     3.60
DAILY AVG.       0.36              0.15    0.21     0.12
DAYS >= .01         9               7.3     1.7        4
DAYS >= .10         7               4.7     2.3        4
DAYS >= .50         6               2.7     3.3        3
DAYS >= 1.00        4               1.5     2.5        1

DEGREE_DAYS
HEATING TOTAL       0                 1      -1        0
 SINCE 7/1       1145              1220     -75     1134
COOLING TOTAL     447               374      73      448
 SINCE 1/1        773               654     119      793
.................................................................

WIND (MPH)
AVERAGE WIND SPEED              10.8
RESULTANT WIND SPEED/DIRECTION   9/143
HIGHEST WIND SPEED/DIRECTION    36/010    DATE  05/09
HIGHEST GUST SPEED/DIRECTION    47/020    DATE  05/09

SKY COVER
AVERAGE SKY COVER           0.60

AVERAGE RH (PERCENT)     72

WEATHER CONDITIONS. NUMBER OF DAYS WITH

THUNDERSTORMS            8          MIXED PRECIP           0
HEAVY RAIN               6          RAIN                   6
LIGHT RAIN              18          FREEZING RAIN          0
LT FREEZING RAIN         0          HAIL                   0
HEAVY SNOW               0          SNOW                   0
LIGHT SNOW               0          SLEET                  0
FOG                     10          FOG W/VIS <= 1/4 MILE  0
HAZE                     4

-  INDICATES NEGATIVE NUMBERS.
R  INDICATES RECORD WAS SET OR TIED.
MM INDICATES DATA IS MISSING.
T  INDICATES TRACE AMOUNT.

$$
