362
CXUS56 KPDT 011424
CLMHRI

CLIMATE REPORT
NATIONAL WEATHER SERVICE PENDLETON OREGON
720 AM PDT WED AUG 1 2018

....................................

...THE HERMISTON OR CLIMATE SUMMARY FOR THE MONTH OF JULY 2018...

CLIMATE NORMAL PERIOD 1981 TO 2010
CLIMATE RECORD PERIOD 1906 TO 2018

WEATHER         OBSERVED          NORMAL  DEPART  LAST YEAR`S
                 VALUE   DATE(S)  VALUE   FROM    VALUE  DATE(S)
                                          NORMAL

................................................................

TEMPERATURE (F)
RECORD
 HIGH             112   7/27/1939
 LOW               38   7/29/1917
HIGHEST           107   7/29                              104   7/ 6
LOWEST             48   7/21                               49   7/18
AVG. MAXIMUM     97.1            88.6       8.5          95.4
AVG. MINUMUM     59.6            58.3       1.3          60.1
MEAN             78.4            73.4       5.0          77.7
DAYS MAX >= 90     25              12        13            26
DAYS MAX <= 32      0               6        -6             0
DAYS MIN <= 32      0               6        -6             0
DAYS MIN <= 0       0               6        -6             0


PRECIPITATION (INCHES)
RECORD
 MAXIMUM          1.16   1940
 MINIMUM          0.00   2018
TOTALS            0.00            0.22     -0.22             T
DAILY AVG.        0.00            0.01     -0.01          0.00
DAYS >=  0.01        0               1        -1             0
DAYS >=  0.10        0               0         0             0
DAYS >=  0.50        0               0         0             0
DAYS >=  1.00        0               0         0             0
GREATEST
 24 HR. TOTAL     0.00   7/31

DEGREE DAYS
HEATING TOTAL        0               3        -3             0
 SINCE 7/1           0               3        -3             0
COOLING TOTAL      425             270       155           403
 SINCE 1/1         680             405       275           594

.............................................................

WIND (MPH)
AVERAGE WIND SPEED                     7.6
RESULTANT WIND SPEED/DIRECTION         5/186
HIGHEST WIND SPEED/DIRECTION          32/230      DATE          07/09
HIGHEST GUST SPEED/DIRECTION          44/230      DATE          07/09


WEATHER CONDITIONS. NUMBER OF DAYS WITH
THUNDERSTORM               0    MIXED PRECIP                           0
HEAVY RAIN                 0    RAIN                                   0
LIGHT RAIN                 0    FREEZING RAIN                          0
LT FREEZING RAIN           0    HAIL                                   0
HEAVY SNOW                 0    SNOW                                   0
LIGHT SNOW                 0    SLEET                                  0
FOG                        0    FOG W/VIS <=1/4 MILE                   0
HAZE                       1

-  INDICATES NEGATIVE NUMBERS.
R  INDICATES RECORD WAS SET OR TIED.
MM INDICATES DATA IS MISSING.
T  INDICATES TRACE AMOUNT.

$$
