000
CXUS56 KPDT 011519 CCA
CLMHRI

CLIMATE REPORT
NATIONAL WEATHER SERVICE PENDLETON OREGON
713 AM PST THU FEB 01 2018

....................................

...THE HERMISTON OR CLIMATE SUMMARY FOR THE MONTH OF JANUARY 2018...

CLIMATE NORMAL PERIOD 1981 TO 2010
CLIMATE RECORD PERIOD 1906 TO 2018

WEATHER         OBSERVED          NORMAL  DEPART  LAST YEAR`S
                 VALUE   DATE(S)  VALUE   FROM    VALUE  DATE(S)
                                          NORMAL

................................................................

TEMPERATURE (F)
RECORD
 HIGH              77   1/13/1915
 LOW              -35   1/21/1930
HIGHEST            61   1/24       53         8            46   1/18
LOWEST             24   1/ 1        7        17           -12   1/13
AVG. MAXIMUM     46.4            41.5       4.9          28.6
AVG. MINUMUM     32.8            28.2       4.6          14.3
MEAN             39.6            34.9       4.7          21.4
DAYS MAX >= 90      0               0         0             0
DAYS MAX <= 32      1               9        -8            17
DAYS MIN <= 32     18              24        -6            31
DAYS MIN <= 0       0               5        -5            31


PRECIPITATION (INCHES)
RECORD
 MAXIMUM          3.06   1970
 MINIMUM          0.11   1911
TOTALS            1.10            1.28     -0.18          0.91
DAILY AVG.        0.04            0.04      0.00          0.03
DAYS >=  0.01       12               7         5             4
DAYS >=  0.10        5               3         2             2
DAYS >=  0.50        0               0         0             1
DAYS >=  1.00        0               0         0             0
GREATEST
 24 HR. TOTAL     0.21   1/24


DEGREE DAYS
HEATING TOTAL      780             936      -156          1343
 SINCE 7/1        3016            3127      -111          3406
COOLING TOTAL        0               0         0             0
 SINCE 1/1           0               0         0             0

.............................................................

WIND (MPH)
AVERAGE WIND SPEED                     5.5
RESULTANT WIND SPEED/DIRECTION         4/172
HIGHEST WIND SPEED/DIRECTION          29/250      DATE          01/30
HIGHEST GUST SPEED/DIRECTION          38/250      DATE          01/30


WEATHER CONDITIONS. NUMBER OF DAYS WITH
THUNDERSTORM               0    MIXED PRECIP                           0
HEAVY RAIN                 0    RAIN                                   3
LIGHT RAIN                19    FREEZING RAIN                          0
LT FREEZING RAIN           0    HAIL                                   0
HEAVY SNOW                 0    SNOW                                   0
LIGHT SNOW                 0    SLEET                                  0
FOG                       18    FOG W/VIS <=1/4 MILE                   8
HAZE                      10

-  INDICATES NEGATIVE NUMBERS.
R  INDICATES RECORD WAS SET OR TIED.
MM INDICATES DATA IS MISSING.
T  INDICATES TRACE AMOUNT.

$$
