000
CXUS44 KBRO 010830
CLMHRL


CLIMATE REPORT
NATIONAL WEATHER SERVICE BROWNSVILLE TX
325 AM CDT MON OCT 1 2018

...................................

...THE HARLINGEN CLIMATE SUMMARY FOR THE MONTH OF SEPTEMBER 2018...

CLIMATE NORMAL PERIOD 1981 TO 2010
CLIMATE RECORD PERIOD 1912 TO 2018

WEATHER         OBSERVED          NORMAL  DEPART  LAST YEAR`S
                 VALUE   DATE(S)  VALUE   FROM    VALUE  DATE(S)
                                          NORMAL
................................................................
TEMPERATURE (F)
HIGHEST           102   09/02        97       5       99  09/19
LOWEST             72   09/28        63       9       64  09/12
                        09/23                             09/10
AVG. MAXIMUM     91.0              91.3    -0.3     94.9
AVG. MINIMUM     75.6              72.4     3.2     72.7
MEAN             83.3              81.9     1.4     83.8
DAYS MAX >= 90     18              20.0    -2.0       28
DAYS MAX <= 32      0               0.0     0.0        0
DAYS MIN <= 32      0               0.0     0.0        0
DAYS MIN <= 0       0               0.0     0.0        0

PRECIPITATION (INCHES)
TOTALS          12.77              5.22    7.55     1.94
DAILY AVG.       0.43              0.17    0.26     0.06
DAYS >= .01        15                MM      MM        6
DAYS >= .10        13                MM      MM
DAYS >= .50         5                MM      MM
DAYS >= 1.00        3                MM      MM
GREATEST
 24 HR. TOTAL    6.25   09/12 TO 09/12

DEGREE_DAYS
HEATING TOTAL       0                 0       0        0
 SINCE 7/1          0                 0       0        0
COOLING TOTAL     555               505      50      572
 SINCE 1/1       3839              3429     410     4077

.................................................................

WIND (MPH)
AVERAGE WIND SPEED              8.2
HIGHEST WIND SPEED/DIRECTION    29/360    DATE  09/12
HIGHEST GUST SPEED/DIRECTION    36/180    DATE  09/03

SKY COVER
POSSIBLE SUNSHINE (PERCENT)   MM
AVERAGE SKY COVER           0.30
NUMBER OF DAYS FAIR           21
NUMBER OF DAYS PC              9
NUMBER OF DAYS CLOUDY          0

AVERAGE RH (PERCENT)     80

-  INDICATES NEGATIVE NUMBERS.
R  INDICATES RECORD WAS SET OR TIED.
MM INDICATES DATA IS MISSING.
T  INDICATES TRACE AMOUNT.

$$
