000
CXUS44 KBRO 021711
CLMHRL


CLIMATE REPORT
NATIONAL WEATHER SERVICE BROWNSVILLE TX
1204 PM CDT MON JUL 2 2018

...................................

...THE HARLINGEN CLIMATE SUMMARY FOR THE MONTH OF JUNE 2018...

CLIMATE NORMAL PERIOD 1981 TO 2010
CLIMATE RECORD PERIOD 1912 TO 2018

WEATHER         OBSERVED          NORMAL  DEPART  LAST YEAR`S
                 VALUE   DATE(S)  VALUE   FROM    VALUE  DATE(S)
                                          NORMAL
................................................................
TEMPERATURE (F)
HIGHEST           100   06/06        97       3      105  06/22
                        06/05
                        06/03
LOWEST             72   06/14        67       5       69  06/08
AVG. MAXIMUM     95.5              93.7     1.8     96.2
AVG. MINIMUM     76.7              74.2     2.5     74.1
MEAN             86.1              83.9     2.2     85.2
DAYS MAX >= 90     27              26.6     0.4       30
DAYS MAX <= 32      0               0.0     0.0        0
DAYS MIN <= 32      0               0.0     0.0        0
DAYS MIN <= 0       0               0.0     0.0        0

PRECIPITATION (INCHES)
TOTALS          10.76R             2.50    8.26     1.26
DAILY AVG.       0.36              0.08    0.28     0.04
DAYS >= .01         5                MM      MM        5
DAYS >= .10         4                MM      MM
DAYS >= .50         4                MM      MM
DAYS >= 1.00        3                MM      MM
GREATEST
 24 HR. TOTAL    5.90   06/20 TO 06/20           06/25 TO 06/25

DEGREE_DAYS
HEATING TOTAL       0                 0       0        0
 SINCE 7/1        644               622      22      234
COOLING TOTAL     641               568      73      614
 SINCE 1/1       1925              1669     256     2149
.................................................................

WIND (MPH)
AVERAGE WIND SPEED              13.1
HIGHEST WIND SPEED/DIRECTION    31/160    DATE  06/10
HIGHEST GUST SPEED/DIRECTION    42/180    DATE  06/10

SKY COVER
POSSIBLE SUNSHINE (PERCENT)   MM
AVERAGE SKY COVER           0.30
NUMBER OF DAYS FAIR           20
NUMBER OF DAYS PC             10
NUMBER OF DAYS CLOUDY          0

AVERAGE RH (PERCENT)     76


-  INDICATES NEGATIVE NUMBERS.
R  INDICATES RECORD WAS SET OR TIED.
MM INDICATES DATA IS MISSING.
T  INDICATES TRACE AMOUNT.

$$
