000
CXUS54 KLZK 022033
CLMHRO


CLIMATE REPORT
NATIONAL WEATHER SERVICE LITTLE ROCK AR
323 PM CDT SUN SEP 2 2018

...................................

...THE HARRISON CLIMATE SUMMARY FOR THE MONTH OF AUGUST 2018...

CLIMATE NORMAL PERIOD 1981 TO 2010
CLIMATE RECORD PERIOD 1891 TO 2018

WEATHER         OBSERVED          NORMAL  DEPART  LAST YEAR`S
                 VALUE   DATE(S)  VALUE   FROM    VALUE  DATE(S)
                                          NORMAL
................................................................
TEMPERATURE (F)
RECORD
 HIGH             112   08/03/2011
                        08/09/1934
 LOW               41   08/31/1915
HIGHEST            94   08/06        88       6       93  08/20
LOWEST             59   08/01        67      -8       55  08/24
AVG. MAXIMUM     86.4              88.9    -2.5     83.5
AVG. MINIMUM     67.4              66.4     1.0     64.2
MEAN             76.9              77.6    -0.7     73.9
DAYS MAX >= 90     10              14.2    -4.2        3
DAYS MAX <= 32      0               0.0     0.0        0
DAYS MIN <= 32      0               0.0     0.0        0
DAYS MIN <= 0       0               0.0     0.0        0

PRECIPITATION (INCHES)
RECORD
 MAXIMUM        14.56   1915
 MINIMUM            T   2007
TOTALS           4.85              3.58    1.27     2.10
DAILY AVG.       0.16              0.12    0.04     0.07
DAYS >= .01        12               8.3     3.7       12
DAYS >= .10         8                                  7
DAYS >= .50         3                                  1
DAYS >= 1.00        2               1.0     1.0        0
GREATEST
 24 HR. TOTAL    1.87   08/07 TO 08/08

SNOWFALL (INCHES)
TOTALS            0.0               0.0     0.0      0.0
 LIQUID EQUIV    0.00              0.00    0.00     0.00
SINCE 7/1         0.0               0.0     0.0      0.0
 LIQUID 7/1      0.00              0.00    0.00     0.00
SNOWDEPTH AVG.      0
DAYS >= TRACE       0               0.0     0.0        0
DAYS >= 1.0         0                                  0
GREATEST
 SNOW DEPTH         0   MM
 24 HR TOTAL      0.0

DEGREE_DAYS
HEATING TOTAL       0                 1      -1        0
 SINCE 7/1          0                 1      -1        0
COOLING TOTAL     376               393     -17      281
 SINCE 1/1       1513              1211     302     1105

FREEZE DATES
RECORD
 EARLIEST     09/13/1902
 LATEST       05/17/1912
EARLIEST                        10/29
LATEST                          04/04
.................................................................

WIND (MPH)
AVERAGE WIND SPEED              6.1
HIGHEST WIND SPEED/DIRECTION    39/300    DATE  08/07
HIGHEST GUST SPEED/DIRECTION    56/300    DATE  08/07

SKY COVER
POSSIBLE SUNSHINE (PERCENT)   MM
AVERAGE SKY COVER           0.30
NUMBER OF DAYS FAIR           21
NUMBER OF DAYS PC              9
NUMBER OF DAYS CLOUDY          1

AVERAGE RH (PERCENT)     76

-  INDICATES NEGATIVE NUMBERS.
R  INDICATES RECORD WAS SET OR TIED.
MM INDICATES DATA IS MISSING.
T  INDICATES TRACE AMOUNT.

&&

...Data for Harrison for August 2018...

.Summary...
August is usually the second warmest month of the year, but that wasn`t
the case in 2018. While it`s true temperatures were warmer this year
compared to last, the month on the whole ended up nearly a degree below
average. Highs never got above 94 degrees, and lows were frequently in
the 60s, and briefly dropped into the 50s on one day. The high of 71
on the 23rd marked the coolest high temperature in the month of August
in ten years (since 2008).

Rainfall was above average, and it was the wettest August in two years.

.Monthly Temperatures...
The average high temperature was the warmest since 2014, but was still
below average. The average low temperature was the warmest since 2016.
The average monthly temperature was the warmest since 2016, but also
below average.

.Daily Temperatures...
Daily temperatures were above average on 13 days, average on two days,
and below average on 16 days.

There were ten days with a high temperature at or above 90 degrees,
which was the most since 2014, but still below the average of 15.

.Daily Record Temperatures Tied or Broken During the Month...
None.

.Monthly Rainfall...
It was the wettest August since 2016, and the first August since
then with above average rainfall.

.Daily Rainfall Records Tied or Broken During the Month...
None.

.Miscellaneous Phenomena...
 7th - Winds gusted to 56 MPH during the passage of a strong thunderstorm.

$$

57
