000
CXUS54 KLZK 022144
CLMHRO


CLIMATE REPORT
NATIONAL WEATHER SERVICE LITTLE ROCK AR
339 PM CST SUN DEC 2 2018

...................................

...THE HARRISON CLIMATE SUMMARY FOR THE MONTH OF NOVEMBER 2018...

CLIMATE NORMAL PERIOD 1981 TO 2010
CLIMATE RECORD PERIOD 1891 TO 2018

WEATHER         OBSERVED          NORMAL  DEPART  LAST YEAR`S
                 VALUE   DATE(S)  VALUE   FROM    VALUE  DATE(S)
                                          NORMAL
................................................................
TEMPERATURE (F)
RECORD
 HIGH              86   11/01/1927
 LOW                5   11/12/1911
                        11/14/1908
HIGHEST            73   11/24        57      16       84  11/05
LOWEST             16   11/10        38     -22       25  11/22
AVG. MAXIMUM     53.6              58.8    -5.2     63.2
AVG. MINIMUM     32.5              38.2    -5.7     40.9
MEAN             43.0              48.5    -5.5     52.0
DAYS MAX >= 90      0               0.0     0.0        0
DAYS MAX <= 32      1               0.3     0.7        0
DAYS MIN <= 32     13               8.3     4.7        5
DAYS MIN <= 0       0               0.0     0.0        0

PRECIPITATION (INCHES)
RECORD
 MAXIMUM        10.75   1968
 MINIMUM         0.17   1910
TOTALS           3.78              4.23   -0.45     0.79
DAILY AVG.       0.13              0.14   -0.01     0.03
DAYS >= .01         9               8.6     0.4        7
DAYS >= .10         4                                  3
DAYS >= .50         2                                  0
DAYS >= 1.00        1               1.2    -0.2        0
GREATEST
 24 HR. TOTAL    2.57   11/30 TO 11/30

SNOWFALL (INCHES)
RECORDS
 TOTAL            9.0   1976
 24 HR TOTAL      8.0   11/11/1976 TO 11/11/1976
 SNOW DEPTH         6   11/12/1976
TOTALS            0.4               0.4     0.0      0.0
 LIQUID EQUIV    0.04              0.00    0.04     0.00
SINCE 7/1         0.4               0.5    -0.1      0.0
 LIQUID 7/1      0.04              0.00    0.04     0.00
SNOWDEPTH AVG.      0
DAYS >= TRACE       2               1.0     1.0        0
DAYS >= 1.0         0                                  0
GREATEST
 SNOW DEPTH         T   11/13
 24 HR TOTAL      0.4   11/12 TO 11/12

DEGREE_DAYS
HEATING TOTAL     652               499     153      397
 SINCE 7/1        917               764     153      596
COOLING TOTAL       0                 4      -4       14
 SINCE 1/1       1859              1416     443     1406

FREEZE DATES
RECORD
 EARLIEST     09/13/1902
 LATEST       05/17/1912
EARLIEST      11/09             10/29
LATEST                          04/04
.................................................................

WIND (MPH)
AVERAGE WIND SPEED              7.2
HIGHEST WIND SPEED/DIRECTION    30/260    DATE  11/25
HIGHEST GUST SPEED/DIRECTION    44/270    DATE  11/25

SKY COVER
POSSIBLE SUNSHINE (PERCENT)   MM
AVERAGE SKY COVER           0.40
NUMBER OF DAYS FAIR           13
NUMBER OF DAYS PC             12
NUMBER OF DAYS CLOUDY          5

AVERAGE RH (PERCENT)     69

-  INDICATES NEGATIVE NUMBERS.
R  INDICATES RECORD WAS SET OR TIED.
MM INDICATES DATA IS MISSING.
T  INDICATES TRACE AMOUNT.

&&

...Data for Harrison for November 2018...

.Summary...
For Harrison, the warmest period came during the last ten days of
the month. For the first 20 days, with the exception of a day or
two, daily temperatures were as much as ten to near 25 degrees below
average. On the whole, the month was the coldest in four years. The
high temperatures, however, were the coldest in nearly two decades.

Precipitation was below average, but not by much. Nearly 70 percent
of November`s rain fell on the 30th. Snow fell for the first time in
three years, and it was measurable for the first time in four years.
Warmer weather returned at the very end of the month, though this
was quickly changing as we headed into December.

.Monthly Temperatures...
The average high temperature was the coldest since 2000. The average
low and monthly temperatures were the coldest since 2014.

.Daily Temperatures...
Daily temperatures were above average on ten days, below average on
19 days, and average on one day.

There were 13 days with low temperatures at or below freezing, which
was the most since 2014. There were three days with high
temperatures at or above 70, which was the fewest since 2013.

.Daily Record Temperatures Tied or Broken During the Month...
Date  Record Type                   New Record      Previous Record
14th  Coldest High Temperature      30 in 2018        30 in 1940

.Monthly Rainfall...
Even though rainfall was below average for the third November in a
row, this was still the wettest November since 2015.

On the 30th, the 2.57 inches of rain that fell marked the 9th
highest calender day rainfall on record in the month of November at
Harrison.

.Daily Rainfall Records Tied or Broken During the Month...
None.

.Monthly Snowfall...
Snow fell for the first time in November since 2015, and it was
measurable for the first time since 2014. It was the snowiest
November since 2014.

.Daily Snowfall Records Tied or Broken...
Date   New Record          Previous Record
12th  0.4 in 2018        Trace in 2014, 2000

.Miscellaneous Phenomena...
25th - A 44 MPH non-thunderstorm wind gust was recorded.

$$

57
