000
CXUS52 KMHX 051514
CLMHSE


CLIMATE REPORT
NATIONAL WEATHER SERVICE NEWPORT/MOREHEAD CITY NC
1114 AM EDT SUN AUG 5 2018

...................................

...THE CAPE HATTERAS NC CLIMATE SUMMARY FOR THE MONTH OF JULY 2018...

CLIMATE NORMAL PERIOD 1981 TO 2010
CLIMATE RECORD PERIOD 1874 TO 2018

WEATHER         OBSERVED          NORMAL  DEPART  LAST YEAR`S
                 VALUE   DATE(S)  VALUE   FROM    VALUE  DATE(S)
                                          NORMAL
................................................................
TEMPERATURE (F)
RECORD
 HIGH              96   07/10/1992
 LOW               54   07/09/1972
HIGHEST            92   07/05                         89
LOWEST             68   07/14                         69
AVG. MAXIMUM     86.0              84.6     1.4     85.5
AVG. MINIMUM     74.2              73.6     0.6     75.2
MEAN             80.1              79.1     1.0     80.4
DAYS MAX >= 90      7               1.3     5.7        0
DAYS MAX <= 32      0               0.0     0.0        0
DAYS MIN <= 32      0               0.0     0.0        0
DAYS MIN <= 0       0               0.0     0.0        0

PRECIPITATION (INCHES)
RECORD
 MAXIMUM        10.85   1998
 MINIMUM           MM   MM
TOTALS          20.31R             4.99   15.32     3.88
DAYS >= .01        17              11.6     5.4       14
DAYS >= .10        14               7.9     6.1        7
DAYS >= .50        10               3.1     6.9        2
DAYS >= 1.00        6               1.4     4.6        1

DEGREE_DAYS
COOLING TOTAL     476               437      39      483
 SINCE 1/1       1208               888     320     1305
.................................................................

WIND (MPH)
AVERAGE WIND SPEED              9.6
HIGHEST WIND SPEED/DIRECTION    35/160    DATE  07/24
HIGHEST GUST SPEED/DIRECTION    47/140    DATE  07/24

SKY COVER
POSSIBLE SUNSHINE (PERCENT)   MM
AVERAGE SKY COVER           0.30
NUMBER OF DAYS FAIR           19
NUMBER OF DAYS PC             10
NUMBER OF DAYS CLOUDY          2

AVERAGE RH (PERCENT)     81

WEATHER CONDITIONS. NUMBER OF DAYS WITH
  0
 10
  0
  0
  0
  0
  2
HAZE                      5

-  INDICATES NEGATIVE NUMBERS.
R  INDICATES RECORD WAS SET OR TIED.
MM INDICATES DATA IS MISSING.
T  INDICATES TRACE AMOUNT.

$$
