000
CXUS53 KGID 011911 CCA
CLMHSI

CLIMATE REPORT
NATIONAL WEATHER SERVICE HASTINGS NE
107 PM CST TUE JAN 1 2019

...CORRECTED WEATHER CONDITIONS...

...................................

...THE HASTINGS NE CLIMATE SUMMARY FOR THE MONTH OF DECEMBER 2018...

CLIMATE NORMAL PERIOD 1981 TO 2010
CLIMATE RECORD PERIOD 1894 TO 2018

WEATHER         OBSERVED          NORMAL  DEPART  LAST YEAR`S
                 VALUE   DATE(S)  VALUE   FROM    VALUE  DATE(S)
                                          NORMAL
................................................................
TEMPERATURE (F)
RECORD
 HIGH              80   12/23/1964
 LOW              -23   12/23/1989
                        12/22/1989
HIGHEST            56   12/16        63      -7       65  12/10
LOWEST              7   12/29        -9      16      -15  12/27
AVG. MAXIMUM     39.9              37.0     2.9     37.9
AVG. MINIMUM     21.9              18.2     3.7     15.9
MEAN             30.9              27.6     3.3     26.9
DAYS MAX >= 90      0               0.0     0.0        0
DAYS MAX <= 32      6              10.3    -4.3       11
DAYS MIN <= 32     29              29.4    -0.4       30
DAYS MIN <= 0       0               1.6    -1.6        5

PRECIPITATION (INCHES)
RECORD
 MAXIMUM         4.93   1913
 MINIMUM         0.00   1976
                        1929
                        1922
TOTALS           3.13              0.61    2.52     0.28
DAILY AVG.       0.10              0.02    0.08     0.01
DAYS >= .01         5                MM      MM        6
DAYS >= .10         3                MM      MM        1
DAYS >= .50         2                MM      MM        0
DAYS >= 1.00        2                MM      MM        0
GREATEST
 24 HR. TOTAL    1.41   12/26 TO 12/26

SNOWFALL (INCHES)
RECORDS
 TOTAL           31.0   1973
TOTALS            4.3               6.1    -1.8      5.8
SINCE 7/1        10.9               9.9     1.0      6.0
SNOWDEPTH AVG.      1                MM      MM        1
DAYS >= 1.0         2                MM      MM        2
GREATEST
 SNOW DEPTH         2   12/30                          4  12/27
                        12/29                             12/26
                        12/28                             12/24

DEGREE_DAYS
HEATING TOTAL    1048              1159    -111     1175
 SINCE 7/1       2477              2440      37     2318
COOLING TOTAL       0                 0       0        0
 SINCE 1/1       1249              1077     172     1129
.................................................................

WIND (MPH)
AVERAGE WIND SPEED              10.8
HIGHEST WIND SPEED/DIRECTION    39/350    DATE  12/31
HIGHEST GUST SPEED/DIRECTION    52/350    DATE  12/27

SKY COVER
POSSIBLE SUNSHINE (PERCENT)   MM
AVERAGE SKY COVER           0.30
NUMBER OF DAYS FAIR           21
NUMBER OF DAYS PC              3
NUMBER OF DAYS CLOUDY          7

AVERAGE RH (PERCENT)     73

WEATHER CONDITIONS. NUMBER OF DAYS WITH
THUNDERSTORM              0     MIXED PRECIP               0
HEAVY RAIN                1     RAIN                       3
LIGHT RAIN                3     FREEZING RAIN              0
LT FREEZING RAIN          1     HAIL                       0
HEAVY SNOW                0     SNOW                       3
LIGHT SNOW                7     SLEET                      0
FOG                       7     FOG W/VIS <= 1/4 MILE      2
HAZE                      5

-  INDICATES NEGATIVE NUMBERS.
R  INDICATES RECORD WAS SET OR TIED.
MM INDICATES DATA IS MISSING.
T  INDICATES TRACE AMOUNT.

$$
REED
