000
CXUS53 KGID 011841
CLMHSI

CLIMATE REPORT
NATIONAL WEATHER SERVICE HASTINGS NE
118 PM CDT SUN JUL 1 2018

...................................

...THE HASTINGS NE CLIMATE SUMMARY FOR THE MONTH OF JUNE 2018...

CLIMATE NORMAL PERIOD 1981 TO 2010
CLIMATE RECORD PERIOD 1894 TO 2018

WEATHER         OBSERVED          NORMAL  DEPART  LAST YEAR`S
                 VALUE   DATE(S)  VALUE   FROM    VALUE  DATE(S)
                                          NORMAL
................................................................
TEMPERATURE (F)
RECORD
 HIGH             110   06/26/1936
 LOW               34   06/04/1951
HIGHEST           100   06/15        98       2       96  06/21
                        06/14                             06/13
LOWEST             56   06/03        48       8       49  06/24
AVG. MAXIMUM     87.0              82.8     4.2     86.3
AVG. MINIMUM     65.0              60.8     4.2     62.1
MEAN             76.0              71.8     4.2     74.2
DAYS MAX >= 90     12               6.1     5.9       12
DAYS MAX <= 32      0               0.0     0.0        0
DAYS MIN <= 32      0               0.0     0.0        0
DAYS MIN <= 0       0               0.0     0.0        0

PRECIPITATION (INCHES)
RECORD
 MAXIMUM        11.71   1915
 MINIMUM         0.38   1911
TOTALS           5.91              3.80    2.11     1.79
DAILY AVG.       0.20              0.13    0.07     0.06
DAYS >= .01        13                MM      MM        7
DAYS >= .10        10                MM      MM        3
DAYS >= .50         4                MM      MM        2
DAYS >= 1.00        1                MM      MM        0
GREATEST
 24 HR. TOTAL    1.99   06/30 TO 06/30

SNOWFALL (INCHES)
RECORDS
 TOTAL            0.0   MM
TOTALS            0.0               0.0     0.0      0.0
SINCE 7/1        27.1              28.8    -1.7     11.1
SNOWDEPTH AVG.      0                MM      MM        0
DAYS >= 1.0         0                MM      MM        0
GREATEST
 SNOW DEPTH         0   MM                             0  MM

DEGREE_DAYS
HEATING TOTAL       0                21     -21        3
 SINCE 7/1       6222              6029     193     5146
COOLING TOTAL     336               225     111      287
 SINCE 1/1        489               284     205      348
.................................................................

WIND (MPH)
AVERAGE WIND SPEED              10.3
HIGHEST WIND SPEED/DIRECTION    40/340    DATE  06/09
HIGHEST GUST SPEED/DIRECTION    62/330    DATE  06/09

SKY COVER
POSSIBLE SUNSHINE (PERCENT)   MM
AVERAGE SKY COVER           0.20
NUMBER OF DAYS FAIR           24
NUMBER OF DAYS PC              5
NUMBER OF DAYS CLOUDY          1

AVERAGE RH (PERCENT)     69

WEATHER CONDITIONS. NUMBER OF DAYS WITH
THUNDERSTORM             12     MIXED PRECIP               0
HEAVY RAIN                6     RAIN                       8
LIGHT RAIN               12     FREEZING RAIN              0
LT FREEZING RAIN          0     HAIL                       0
HEAVY SNOW                0     SNOW                       0
LIGHT SNOW                0     SLEET                      0
FOG                      15     FOG W/VIS <= 1/4 MILE      1
HAZE                      2

-  INDICATES NEGATIVE NUMBERS.
R  INDICATES RECORD WAS SET OR TIED.
MM INDICATES DATA IS MISSING.
T  INDICATES TRACE AMOUNT.

$$
