000
CXUS53 KGID 012329
CLMHSI


CLIMATE REPORT
NATIONAL WEATHER SERVICE HASTINGS NE
623 PM CDT SUN APR 1 2018

...................................

...THE HASTINGS NE CLIMATE SUMMARY FOR THE MONTH OF MARCH 2018...

CLIMATE NORMAL PERIOD 1981 TO 2010
CLIMATE RECORD PERIOD 1894 TO 2018

WEATHER         OBSERVED          NORMAL  DEPART  LAST YEAR`S
                 VALUE   DATE(S)  VALUE   FROM    VALUE  DATE(S)
                                          NORMAL
................................................................
TEMPERATURE (F)
RECORD
 HIGH              90   03/23/1910
 LOW              -13   03/11/1948
HIGHEST            73   03/04        78      -5       82  03/19
LOWEST             12   03/08         8       4       17  03/13
AVG. MAXIMUM     52.3              51.2     1.1     55.4
AVG. MINIMUM     27.8              28.7    -0.9     31.3
MEAN             40.1              39.9     0.2     43.4
DAYS MAX >= 90      0               0.0     0.0        0
DAYS MAX <= 32      0               2.7    -2.7        2
DAYS MIN <= 32     25              20.1     4.9       15
DAYS MIN <= 0       0               0.3    -0.3        0

PRECIPITATION (INCHES)
RECORD
 MAXIMUM         7.76   1987
 MINIMUM            T   1936
                        1929
                        1918
TOTALS           1.07              1.79   -0.72     1.08
DAILY AVG.       0.03              0.06   -0.03     0.03
DAYS >= .01         7                MM      MM        9
DAYS >= .10         3                MM      MM        4
DAYS >= .50         1                MM      MM        0
DAYS >= 1.00        0                MM      MM        0
GREATEST
 24 HR. TOTAL    0.50   03/23 TO 03/23

SNOWFALL (INCHES)
RECORDS
 TOTAL           28.5   1906
TOTALS            0.3               5.2    -4.9      1.2
SINCE 7/1        20.2              27.6    -7.4     10.3
SNOWDEPTH AVG.      0                MM      MM        0
DAYS >= 1.0         0                MM      MM        0
GREATEST
 SNOW DEPTH         T   03/06                          1  03/14
                        03/07

DEGREE_DAYS
HEATING TOTAL     767               777     -10      663
 SINCE 7/1       5485              5407      78     4593
COOLING TOTAL       0                 0       0        0
 SINCE 1/1          0                 0       0        0
.................................................................

WIND (MPH)
AVERAGE WIND SPEED              12.6
HIGHEST WIND SPEED/DIRECTION    47/310    DATE  03/06
HIGHEST GUST SPEED/DIRECTION    64/310    DATE  03/06

SKY COVER
POSSIBLE SUNSHINE (PERCENT)   MM
AVERAGE SKY COVER           0.40
NUMBER OF DAYS FAIR           15
NUMBER OF DAYS PC              8
NUMBER OF DAYS CLOUDY          8

AVERAGE RH (PERCENT)     66

WEATHER CONDITIONS. NUMBER OF DAYS WITH
THUNDERSTORM              2     MIXED PRECIP               0
HEAVY RAIN                2     RAIN                       1
LIGHT RAIN                7     FREEZING RAIN              0
LT FREEZING RAIN          0     HAIL                       0
HEAVY SNOW                0     SNOW                       1
LIGHT SNOW                4     SLEET                      0
FOG                       9     FOG W/VIS <= 1/4 MILE      1
HAZE                      1

-  INDICATES NEGATIVE NUMBERS.
R  INDICATES RECORD WAS SET OR TIED.
MM INDICATES DATA IS MISSING.
T  INDICATES TRACE AMOUNT.

$$
