000
CXUS54 KHUN 011927
CLMHSV


CLIMATE REPORT
NATIONAL WEATHER SERVICE HUNTSVILLE AL
127 PM CST FRI FEB 01 2019

...................................

...THE HUNTSVILLE CLIMATE SUMMARY FOR THE MONTH OF JANUARY 2019...

CLIMATE NORMAL PERIOD 1981 TO 2010
CLIMATE RECORD PERIOD 1894 TO 2019

WEATHER         OBSERVED          NORMAL  DEPART   LAST YEAR`S
                VALUE   DATE(S)   VALUE   FROM     VALUE
                                          NORMAL
..............................................................
TEMPERATURE (F)
RECORD
 HIGH             79   01/01/1952
 LOW             -11   01/21/1985
                       01/30/1966
HIGHEST           68   01/08         MM      MM       70
LOWEST            22   01/21         MM      MM        7
                       01/31
AVG. MAXIMUM    51.6               51.2    0.40     48.8
AVG. MINIMUM    34.0               31.8    2.20     27.4
MEAN            42.8               41.5    1.30     38.1
DAYS MAX >= 90     0                0.0     0.0        0
DAYS MAX <= 32     0                1.4    -1.4        0
DAYS MIN <= 32    15               16.5    -1.5       15
DAYS MIN <= 0      0                0.1    -0.1        0

PRECIPITATION (INCHES)
RECORD
 MAXIMUM       10.92   1982
 MINIMUM        1.28
TOTALS          7.15               4.89    2.26     1.52
DAILY AVG.      0.07               0.16   -0.09     0.05
DAYS >= .01       10               10.7    -0.7       10
DAYS >= .10        8                7.2     0.8        8
DAYS >= .50        3                3.4    -0.4        3
DAYS >= 1.00       2                1.5     0.5        2
GREATEST
 24 HR. TOTAL   2.69   01/19 TO 01/19               1.00

SNOWFALL (INCHES)
RECORDS
 TOTAL           9.6   1988
 24 HR TOTAL     8.9   01/09/2011 TO 01/10/2011
TOTALS             T                1.1    -1.1      0.4
SINCE 7/1        0.0                1.4    -1.4       MM
DAYS >= TRACE     MM                0.9      MM     9999
DAYS >= 1.0       MM                0.4      MM     9999
GREATEST
 SNOW DEPTH        0                                  -1
 24 HR TOTAL       T   01/19 TO 01/19
                       01/29 TO 01/29

DEGREE DAYS
HEATING TOTAL    679                729     -50      827
 SINCE 7/1      1847               1910     -63     1963
COOLING TOTAL      0                  0       0        0
 SINCE 1/1         0                  0       0        0

FREEZE DATES
RECORD
 EARLIEST     10/09/2000
 LATEST       05/02/1909
EARLIEST                        11/10
LATEST                          03/16
..............................................................

WIND (MPH)
AVERAGE WIND SPEED              7.6
HIGHEST WIND SPEED/DIRECTION    28/290    DATE  01/19
HIGHEST GUST SPEED/DIRECTION    38/220    DATE  01/19

SKY COVER
POSSIBLE SUNSHINE (PERCENT)   MM


WEATHER CONDITIONS. NUMBER OF DAYS WITH
THUNDERSTORM              1     MIXED PRECIP               1
HEAVY RAIN                3     RAIN                       7
LIGHT RAIN               15     FREEZING RAIN              0
LT FREEZING RAIN          0     HAIL                       0
HEAVY SNOW                0     SNOW                       0
LIGHT SNOW                2     SLEET                      0
FOG                      13     FOG W/VIS <= 1/4 MILE      3

-  INDICATES NEGATIVE NUMBERS.
R  INDICATES RECORD WAS SET OR TIED.
MM INDICATES DATA IS MISSING.
T  INDICATES TRACE AMOUNT.

$$
