000
CXUS54 KHUN 022038
CLMHSV


CLIMATE REPORT
NATIONAL WEATHER SERVICE HUNTSVILLE AL
337 PM CDT MON APR 2 2018

...................................

...THE HUNTSVILLE CLIMATE SUMMARY FOR THE MONTH OF MARCH 2018...

CLIMATE NORMAL PERIOD 1981 TO 2010
CLIMATE RECORD PERIOD 1894 TO 2018

WEATHER         OBSERVED          NORMAL  DEPART  LAST YEAR`S
                 VALUE   DATE(S)  VALUE   FROM    VALUE
                                          NORMAL
.............................................................
TEMPERATURE (F)
RECORD
 HIGH              90   03/24/1929
                        03/21/1907
 LOW                6   03/03/1980
HIGHEST            79   03/17        MM      MM       85
LOWEST             26   03/09        MM      MM       21
AVG. MAXIMUM     62.5              64.9    -2.4     66.9
AVG. MINIMUM     41.8              42.2    -0.4     44.1
MEAN             52.2              53.5    -1.3     55.5
DAYS MAX >= 90      0               0.0     0.0        0
DAYS MAX <= 32      0               0.1    -0.1        0
DAYS MIN <= 32      7               4.4     2.6        5
DAYS MIN <= 0       0               0.0     0.0        0

PRECIPITATION (INCHES)
RECORD
 MAXIMUM        17.00   1980
 MINIMUM         0.50   1910
TOTALS           3.31              5.21   -1.90     3.91
DAILY AVG.       0.11              0.17   -0.06     0.13
DAYS >= .01        12              10.6     1.4       13
DAYS >= .10         8               7.4     0.6        8
DAYS >= .50         2               3.6    -1.6        3
DAYS >= 1.00        1               1.6    -0.6        0
GREATEST
 24 HR. TOTAL    1.18   03/10 TO 03/10              0.87

SNOWFALL (INCHES)
RECORDS
 TOTAL            7.3   1993
 24 HR TOTAL      4.9   03/13/1993 TO 03/13/1993
TOTALS              T               0.5    -0.5        T
SINCE 7/1         0.4               2.4    -2.0        T
DAYS >= TRACE       1               0.3     0.7        1
DAYS >= 1.0         0               0.1    -0.1        0
GREATEST
 SNOW DEPTH         0   MM                             0
 24 HR TOTAL        T   03/12 TO 03/12

DEGREE_DAYS
HEATING TOTAL     395               368      27      312
 SINCE 7/1       2680              2820    -140     1879
COOLING TOTAL       4                13      -9       25
 SINCE 1/1         39                14      25       30

FREEZE DATES
RECORD
 EARLIEST     10/09/2000
 LATEST       05/02/1909
EARLIEST      03/07             11/05
LATEST                          03/30
..............................................................

WIND (MPH)
AVERAGE WIND SPEED              8.6
HIGHEST WIND SPEED/DIRECTION    26/140    DATE  03/26
HIGHEST GUST SPEED/DIRECTION    33/150    DATE  03/26

AVERAGE RH (PERCENT)     70

WEATHER CONDITIONS. NUMBER OF DAYS WITH
THUNDERSTORM              5     MIXED PRECIP               0
HEAVY RAIN                3     RAIN                       6
LIGHT RAIN               15     FREEZING RAIN              0
LT FREEZING RAIN          0     HAIL                       0
HEAVY SNOW                0     SNOW                       0
LIGHT SNOW                1     SLEET                      0
FOG                      12     FOG W/VIS <= 1/4 MILE      3

-  INDICATES NEGATIVE NUMBERS.
R  INDICATES RECORD WAS SET OR TIED.
MM INDICATES DATA IS MISSING.
T  INDICATES TRACE AMOUNT.

$$
