000
CXUS54 KHUN 040004
CLMHSV


CLIMATE REPORT
NATIONAL WEATHER SERVICE HUNTSVILLE AL
703 PM CDT TUE JUL 3 2018

...................................

...THE HUNTSVILLE CLIMATE SUMMARY FOR THE MONTH OF JUNE 2018...

CLIMATE NORMAL PERIOD 1981 TO 2010
CLIMATE RECORD PERIOD 1894 TO 2018

WEATHER         OBSERVED          NORMAL  DEPART  LAST YEAR`S
                 VALUE   DATE(S)  VALUE   FROM    VALUE
                                          NORMAL
.............................................................
TEMPERATURE (F)
RECORD
 HIGH             108   06/29/1931
 LOW               42   06/03/1956
HIGHEST            96   06/15        MM      MM       93
LOWEST             60   06/04        MM      MM       56
AVG. MAXIMUM     90.8              88.2     2.6     86.5
AVG. MINIMUM     69.7              67.1     2.6     67.3
MEAN             80.2              77.7     2.5     76.9
DAYS MAX >= 90     21              12.6     8.4        6
DAYS MAX <= 32      0               0.0     0.0        0
DAYS MIN <= 32      0               0.0     0.0        0
DAYS MIN <= 0       0               0.0     0.0        0

PRECIPITATION (INCHES)
RECORD
 MAXIMUM        14.99   1989
 MINIMUM         0.17   1988
TOTALS           5.50              4.29    1.21     6.76
DAILY AVG.       0.18              0.14    0.04     0.23
DAYS >= .01        10              10.1    -0.1       12
DAYS >= .10         7               6.5     0.5        9
DAYS >= .50         4               2.9     1.1        5
DAYS >= 1.00        2               1.1     0.9        3
GREATEST
 24 HR. TOTAL    1.73   06/22 TO 06/22              1.70

SNOWFALL (INCHES)
RECORDS
 TOTAL              T   1999
                        1994
 24 HR TOTAL      0.0   MM
TOTALS            0.0               0.0     0.0      0.0
SINCE 7/1         0.4               2.4    -2.0        T
DAYS >= TRACE       0               0.0     0.0        0
DAYS >= 1.0         0               0.0     0.0        0
GREATEST
 SNOW DEPTH         0   MM                             0
 24 HR TOTAL      0.0   06/30 TO 06/30

DEGREE_DAYS
HEATING TOTAL       0                 1      -1        0
 SINCE 7/1       2901              3002    -101     1967
COOLING TOTAL     467               380      87      365
 SINCE 1/1        866               643     223      754

FREEZE DATES
RECORD
 EARLIEST     10/09/2000
 LATEST       05/02/1909
EARLIEST                        11/05
LATEST                          03/30
..............................................................

WIND (MPH)
AVERAGE WIND SPEED              5.3
HIGHEST WIND SPEED/DIRECTION    31/030    DATE  06/28
HIGHEST GUST SPEED/DIRECTION    43/010    DATE  06/28

AVERAGE RH (PERCENT)     73

WEATHER CONDITIONS. NUMBER OF DAYS WITH
THUNDERSTORM             13     MIXED PRECIP               0
HEAVY RAIN                6     RAIN                       8
LIGHT RAIN               10     FREEZING RAIN              0
LT FREEZING RAIN          0     HAIL                       0
HEAVY SNOW                0     SNOW                       0
LIGHT SNOW                0     SLEET                      0
FOG                       8     FOG W/VIS <= 1/4 MILE      0

-  INDICATES NEGATIVE NUMBERS.
R  INDICATES RECORD WAS SET OR TIED.
MM INDICATES DATA IS MISSING.
T  INDICATES TRACE AMOUNT.

$$
