321
CXUS53 KAPX 010913
CLMHTL


CLIMATE REPORT
NATIONAL WEATHER SERVICE GAYLORD MI
409 AM EST SAT DEC 1 2018

...................................

...THE HOUGHTON LAKE MI CLIMATE SUMMARY FOR THE MONTH OF NOVEMBER 2018...

CLIMATE NORMAL PERIOD 1981 TO 2010
CLIMATE RECORD PERIOD 1913 TO 2018

WEATHER         OBSERVED          NORMAL  DEPART  LAST YEAR`S
                 VALUE   DATE(S)  VALUE   FROM    VALUE  DATE(S)
                                          NORMAL
................................................................
TEMPERATURE (F)
RECORD
 HIGH              77   11/01/1927
 LOW              -14   11/25/1950
HIGHEST            47   11/05        MM      MM       55  11/24
LOWEST              4   11/22        MM      MM        6  11/10
AVG. MAXIMUM     34.6              42.3    -7.7     40.7
AVG. MINIMUM     24.9              27.4    -2.5     26.9
MEAN             29.8              34.9    -5.1     33.8
DAYS MAX >= 90      0               0.0     0.0        0
DAYS MAX <= 32     15               4.8    10.2        3
DAYS MIN <= 32     25              21.9     3.1       24
DAYS MIN <= 0       0               0.1    -0.1        0

PRECIPITATION (INCHES)
RECORD
 MAXIMUM           MM   MM
 MINIMUM           MM   MM
TOTALS           1.64              2.32   -0.68     2.49
DAILY AVG.       0.05              0.08   -0.03     0.08
DAYS >= .01        13              13.3    -0.3       15
DAYS >= .10         4               6.0    -2.0        5
DAYS >= .50         1               1.2    -0.2        2
DAYS >= 1.00        0               0.2    -0.2        0
GREATEST
 24 HR. TOTAL    0.73   11/06 TO 11/06
 STORM TOTAL       MM
 (MM/DD(HH))            MM

SNOWFALL (INCHES)
RECORDS
 TOTAL             MM   MM
 24 HR TOTAL       MM
 SNOW DEPTH        MM   MM
TOTALS            4.1               8.5    -4.4      5.4
SINCE 7/1         4.1               9.1    -5.0      5.4
SNOWDEPTH AVG.      1                MM      MM        0
DAYS >= TRACE      18               6.6    11.4       11
DAYS >= 1.0         1               2.7    -1.7        3
GREATEST
 SNOW DEPTH         2   11/23                          2  11/20
                        11/22                             11/12
                        11/21                             11/11
 24 HR TOTAL      1.0   11/09 TO 11/09               2.0

DEGREE_DAYS
HEATING TOTAL    1050               905     145      926
 SINCE 7/1       1841              1883     -42     1601
COOLING TOTAL       0                 0       0        0
 SINCE 1/1        543               287     256      320
.................................................................

WIND (MPH)
AVERAGE WIND SPEED              8.4
HIGHEST WIND SPEED/DIRECTION    26/280    DATE  11/09
HIGHEST GUST SPEED/DIRECTION    41/260    DATE  11/09

SKY COVER
POSSIBLE SUNSHINE (PERCENT)   MM
AVERAGE SKY COVER           0.80
NUMBER OF DAYS FAIR            2
NUMBER OF DAYS PC              6
NUMBER OF DAYS CLOUDY         22

AVERAGE RH (PERCENT)     78

WEATHER CONDITIONS. NUMBER OF DAYS WITH
  0
  1
  0
  0
  2
  0
  0
HAZE                      7

-  INDICATES NEGATIVE NUMBERS.
R  INDICATES RECORD WAS SET OR TIED.
MM INDICATES DATA IS MISSING.
T  INDICATES TRACE AMOUNT.

$$
