000
CXUS53 KAPX 011251
CLMHTL


CLIMATE REPORT
NATIONAL WEATHER SERVICE GAYLORD MI
828 AM EDT FRI JUN 1 2018

...................................

...THE HOUGHTON LAKE MI CLIMATE SUMMARY FOR THE MONTH OF MAY 2018...

CLIMATE NORMAL PERIOD 1981 TO 2010
CLIMATE RECORD PERIOD 1913 TO 2018

WEATHER         OBSERVED          NORMAL  DEPART  LAST YEAR`S
                 VALUE   DATE(S)  VALUE   FROM    VALUE  DATE(S)
                                          NORMAL
................................................................
TEMPERATURE (F)
RECORD
 HIGH              96   05/31/1939
                        05/20/1921
 LOW               12   05/04/1926
HIGHEST            91   05/27        MM      MM       MM  MM
LOWEST             30   05/11        MM      MM       MM  MM
AVG. MAXIMUM     74.1              66.3     7.8       MM
AVG. MINIMUM     47.2              41.5     5.7       MM
MEAN             60.7              53.9     6.8       MM
DAYS MAX >= 90      1               0.0     1.0       MM
DAYS MAX <= 32      0               0.0     0.0       MM
DAYS MIN <= 32      1               4.7    -3.7       MM
DAYS MIN <= 0       0               0.0     0.0       MM

PRECIPITATION (INCHES)
RECORD
 MAXIMUM           MM   MM
 MINIMUM           MM   MM
TOTALS           3.88              2.82    1.06       MM
DAILY AVG.       0.13              0.09    0.04       MM
DAYS >= .01        16              11.0     5.0       MM
DAYS >= .10         7               6.4     0.6       MM
DAYS >= .50         5               2.0     3.0       MM
DAYS >= 1.00        0               0.4    -0.4       MM
GREATEST
 24 HR. TOTAL    0.77   05/09 TO 05/09
 STORM TOTAL       MM
 (MM/DD(HH))            MM

SNOWFALL (INCHES)
RECORDS
 TOTAL             MM   MM
 24 HR TOTAL       MM
 SNOW DEPTH        MM   MM
TOTALS            0.0               0.1    -0.1       MM
SINCE 7/1        55.8              66.6   -10.8       MM
SNOWDEPTH AVG.      0                MM      MM       MM
DAYS >= TRACE       0               0.2    -0.2       MM
DAYS >= 1.0         0               0.0     0.0       MM
GREATEST
 SNOW DEPTH         0   MM                            MM  MM
 24 HR TOTAL      0.0   05/31 TO 05/31                MM

DEGREE_DAYS
HEATING TOTAL     189               358    -169       MM
 SINCE 7/1       7776              8019    -243       MM
COOLING TOTAL      64                14      50       MM
 SINCE 1/1         64                16      48       MM
.................................................................

WIND (MPH)
AVERAGE WIND SPEED              7.0
HIGHEST WIND SPEED/DIRECTION    28/230    DATE  05/01
HIGHEST GUST SPEED/DIRECTION    37/220    DATE  05/01

SKY COVER
POSSIBLE SUNSHINE (PERCENT)   MM
AVERAGE SKY COVER           0.30
NUMBER OF DAYS FAIR           18
NUMBER OF DAYS PC             11
NUMBER OF DAYS CLOUDY          2

AVERAGE RH (PERCENT)     63

WEATHER CONDITIONS. NUMBER OF DAYS WITH
  0
  6
  0
  0
  0
  0
  4
HAZE                      0

-  INDICATES NEGATIVE NUMBERS.
R  INDICATES RECORD WAS SET OR TIED.
MM INDICATES DATA IS MISSING.
T  INDICATES TRACE AMOUNT.

$$
