000
CXUS51 KRLX 010836
CLMHTS


CLIMATE REPORT
NATIONAL WEATHER SERVICE CHARLESTON WV
335 AM EST TUE JAN 1 2019

...................................

...THE HUNTINGTON WV CLIMATE SUMMARY FOR THE MONTH OF DECEMBER 2018...

CLIMATE NORMAL PERIOD 1981 TO 2010
CLIMATE RECORD PERIOD 1897 TO 2018

WEATHER         OBSERVED          NORMAL  DEPART  LAST YEAR`S
                 VALUE   DATE(S)  VALUE   FROM    VALUE
                                          NORMAL
.............................................................
TEMPERATURE (F)
RECORD
 HIGH              80   12/03/1982
                        12/31/1951
 LOW              -14   12/31/1917
                        12/30/1917
HIGHEST            69   12/02                         67
LOWEST             18   12/11                          8
AVG. MAXIMUM     48.1              45.4     2.7     44.0
AVG. MINIMUM     32.5              28.6     3.9     26.8
MEAN             40.3              37.0     3.3     35.4
DAYS MAX >= 90      0               0.0     0.0        0
DAYS MAX <= 32      1               3.9    -2.9        8
DAYS MIN <= 32     20              19.9     0.1       24
DAYS MIN <= 0       0               0.3    -0.3        0

PRECIPITATION (INCHES)
RECORD
 MAXIMUM         8.69   1978
 MINIMUM         1.53   2010
TOTALS           5.40              3.31    2.09     2.35
DAILY AVG.       0.17              0.11    0.06     0.08
DAYS >= .01        15              12.9     2.1        9
DAYS >= .10         9               7.2     1.8        3
DAYS >= .50         4               2.2     1.8        2
DAYS >= 1.00        1               0.6     0.4        1
GREATEST
 24 HR. TOTAL    1.55   12/20 TO 12/20

SNOWFALL (INCHES)
RECORDS
 TOTAL           21.7   1935
 24 HR TOTAL      8.0   12/06/1910 TO 12/06/1910
 SNOW DEPTH         8   12/06/1910
TOTALS            0.8               3.8    -3.0      0.4
SINCE 7/1         1.6               4.6    -3.0      0.4
SNOWDEPTH AVG.      0
DAYS >= TRACE       3               4.1    -1.1        9
DAYS >= 1.0         0               1.0    -1.0        0
GREATEST
 24 HR TOTAL      0.5   12/04 TO 12/04

DEGREE_DAYS
HEATING TOTAL     759               868    -109      910
 SINCE 7/1       1731              1755     -24     1682
COOLING TOTAL       0                 1      -1        0
 SINCE 1/1       1635              1135     500     1191
..............................................................

WIND (MPH)
AVERAGE WIND SPEED              5.4
HIGHEST WIND SPEED/DIRECTION    24/210    DATE  12/02
HIGHEST GUST SPEED/DIRECTION    35/230    DATE  12/02

SKY COVER
POSSIBLE SUNSHINE (PERCENT)   MM
AVERAGE SKY COVER           0.50
NUMBER OF DAYS FAIR           11
NUMBER OF DAYS PC             12
NUMBER OF DAYS CLOUDY          8

AVERAGE RH (PERCENT)     73

WEATHER CONDITIONS. NUMBER OF DAYS WITH
  0
 11
  0
  0
  0
  0
  4
HAZE                      4

-  INDICATES NEGATIVE NUMBERS.
R  INDICATES RECORD WAS SET OR TIED.
MM INDICATES DATA IS MISSING.
T  INDICATES TRACE AMOUNT.

$$
