687
CXUS51 KRLX 012021
CLMHTS


CLIMATE REPORT
NATIONAL WEATHER SERVICE CHARLESTON WV
421 PM EDT MON OCT 1 2018

...................................

...THE HUNTINGTON WV CLIMATE SUMMARY FOR THE MONTH OF SEPTEMBER 2018...

CLIMATE NORMAL PERIOD 1981 TO 2010
CLIMATE RECORD PERIOD 1897 TO 2018

WEATHER         OBSERVED          NORMAL  DEPART  LAST YEAR`S
                 VALUE   DATE(S)  VALUE   FROM    VALUE  DATE(S)
                                          NORMAL
................................................................
TEMPERATURE (F)
RECORD
 HIGH             104   09/03/1953
                        09/02/1953
 LOW               29   09/29/1942
HIGHEST            94   09/04                         90
LOWEST             52   09/29                         48
AVG. MAXIMUM     81.4              78.8     2.6     78.5
AVG. MINIMUM     64.8              56.4     8.4     57.6
MEAN             73.1              67.6     5.5     68.1
DAYS MAX >= 90      5               2.0     3.0        3
DAYS MAX <= 32      0               0.0     0.0        0
DAYS MIN <= 32      0               0.0     0.0        0
DAYS MIN <= 0       0               0.0     0.0        0

PRECIPITATION (INCHES)
RECORD
 MAXIMUM        10.41   2018
 MINIMUM         0.11   2008
TOTALS          10.41              2.78    7.63     2.72
DAILY AVG.       0.35              0.09    0.26     0.09
DAYS >= .01        15               8.1     6.9        6
DAYS >= .10        10               5.1     4.9        5
DAYS >= .50         5               1.8     3.2        3
DAYS >= 1.00        3               0.6     2.4        1
GREATEST
 24 HR. TOTAL    3.83   09/09 TO 09/09              1.29

SNOWFALL (INCHES)
RECORDS
 TOTAL             MM   MM
 24 HR TOTAL       MM
 SNOW DEPTH         0   MM
TOTALS            0.0               0.0     0.0      0.0
SINCE 7/1         0.0               0.0     0.0      0.0
SNOWDEPTH AVG.      0                                  0
DAYS >= 1.0         0               0.0     0.0        0
GREATEST
 SNOW DEPTH         0   MM                             0  MM
 24 HR TOTAL      0.0   09/30 TO 09/30               0.0

DEGREE_DAYS
HEATING TOTAL      11                56     -45       32
 SINCE 7/1         11                58     -47       32
COOLING TOTAL     264               134     130      132
 SINCE 1/1       1535              1111     424     1134
.................................................................

WIND (MPH)
AVERAGE WIND SPEED              3.9
HIGHEST WIND SPEED/DIRECTION    21/340    DATE  09/06
HIGHEST GUST SPEED/DIRECTION    28/340    DATE  09/06

SKY COVER
POSSIBLE SUNSHINE (PERCENT)   MM
AVERAGE SKY COVER           0.50
NUMBER OF DAYS FAIR           13
NUMBER OF DAYS PC              7
NUMBER OF DAYS CLOUDY         10

AVERAGE RH (PERCENT)     79

WEATHER CONDITIONS. NUMBER OF DAYS WITH
  0
 10
  0
  0
  0
  0
 11
HAZE                      7

-  INDICATES NEGATIVE NUMBERS.
R  INDICATES RECORD WAS SET OR TIED.
MM INDICATES DATA IS MISSING.
T  INDICATES TRACE AMOUNT.

$$
