000
CXUS51 KRLX 011232
CLMHTS


CLIMATE REPORT
NATIONAL WEATHER SERVICE CHARLESTON WV
831 AM EDT SUN JUL 1 2018

...................................

...THE HUNTINGTON WV CLIMATE SUMMARY FOR THE MONTH OF JUNE 2018...

CLIMATE NORMAL PERIOD 1981 TO 2010
CLIMATE RECORD PERIOD 1897 TO 2018

WEATHER         OBSERVED          NORMAL  DEPART  LAST YEAR`S
                 VALUE   DATE(S)  VALUE   FROM    VALUE  DATE(S)
                                          NORMAL
................................................................
TEMPERATURE (F)
RECORD
 HIGH             105   06/24/1930
 LOW               39   06/06/1945
HIGHEST            94   06/30                         91
                        06/18
                        06/17
LOWEST             50   06/07                         51
AVG. MAXIMUM     84.8              82.8     2.0     83.0
AVG. MINIMUM     64.8              61.4     3.4     61.1
MEAN             74.8              72.1     2.7     72.0
DAYS MAX >= 90      7               3.4     3.6        3
DAYS MAX <= 32      0               0.0     0.0        0
DAYS MIN <= 32      0               0.0     0.0        0
DAYS MIN <= 0       0               0.0     0.0        0

PRECIPITATION (INCHES)
RECORD
 MAXIMUM         8.88   1946
 MINIMUM         0.41   1966
TOTALS           3.53              3.88   -0.35     4.86
DAILY AVG.       0.12              0.13   -0.01     0.16
DAYS >= .01        12              12.1    -0.1        9
DAYS >= .10         7               8.0    -1.0        5
DAYS >= .50         2               2.9    -0.9        3
DAYS >= 1.00        1               0.7     0.3        1
GREATEST
 24 HR. TOTAL    1.01   06/12 TO 06/12              2.66

SNOWFALL (INCHES)
RECORDS
 TOTAL             MM   MM
 24 HR TOTAL       MM
 SNOW DEPTH        MM   MM
TOTALS            0.0               0.0     0.0      0.0
SINCE 7/1        12.5              23.6   -11.1      5.9
SNOWDEPTH AVG.      0                                  0
DAYS >= 1.0         0               0.0     0.0        0
GREATEST
 SNOW DEPTH         0   MM                             0  MM
 24 HR TOTAL      0.0   06/30 TO 06/30               0.0

DEGREE_DAYS
HEATING TOTAL       0                12     -12        4
 SINCE 7/1       4370              4512    -142     3446
COOLING TOTAL     299               225      74      223
 SINCE 1/1        580               338     242      395
.................................................................

WIND (MPH)
AVERAGE WIND SPEED              4.4
HIGHEST WIND SPEED/DIRECTION    23/270    DATE  06/20
HIGHEST GUST SPEED/DIRECTION    47/300    DATE  06/20

SKY COVER
POSSIBLE SUNSHINE (PERCENT)   MM
AVERAGE SKY COVER           0.30
NUMBER OF DAYS FAIR           16
NUMBER OF DAYS PC             14
NUMBER OF DAYS CLOUDY          0

AVERAGE RH (PERCENT)     71

WEATHER CONDITIONS. NUMBER OF DAYS WITH
  0
  7
  0
  0
  0
  0
  4
HAZE                      9

-  INDICATES NEGATIVE NUMBERS.
R  INDICATES RECORD WAS SET OR TIED.
MM INDICATES DATA IS MISSING.
T  INDICATES TRACE AMOUNT.

$$
