000
CXUS51 KRLX 031747
CLMHTS


CLIMATE REPORT
NATIONAL WEATHER SERVICE CHARLESTON WV
146 PM EDT TUE APR 3 2018

...................................

...THE HUNTINGTON WV CLIMATE SUMMARY FOR THE MONTH OF MARCH 2018...

CLIMATE NORMAL PERIOD 1981 TO 2010
CLIMATE RECORD PERIOD 1897 TO 2018

WEATHER         OBSERVED          NORMAL  DEPART  LAST YEAR`S
                 VALUE   DATE(S)  VALUE   FROM    VALUE  DATE(S)
                                          NORMAL
................................................................
TEMPERATURE (F)
RECORD
 HIGH              92   03/25/1929
 LOW               -2   03/03/1980
HIGHEST            71   03/29                         82
LOWEST             24   03/14                         17
AVG. MAXIMUM     51.3              56.6    -5.3     57.1
AVG. MINIMUM     33.1              35.3    -2.2     36.9
MEAN             42.2              45.9    -3.7     47.0
DAYS MAX >= 90      0               0.0     0.0        0
DAYS MAX <= 32      0               0.5    -0.5        0
DAYS MIN <= 32     18              12.4     5.6       13
DAYS MIN <= 0       0               0.0     0.0        0

PRECIPITATION (INCHES)
RECORD
 MAXIMUM         8.88   2002
 MINIMUM         0.56   1910
TOTALS           3.35              3.90   -0.55     4.08
DAILY AVG.       0.11              0.13   -0.02     0.13
DAYS >= .01        16              13.3     2.7       12
DAYS >= .10        12               8.0     4.0        8
DAYS >= .50         2               2.4    -0.4        4
DAYS >= 1.00        0               0.6    -0.6        0
GREATEST
 24 HR. TOTAL    0.67   03/28 TO 03/28              0.94

SNOWFALL (INCHES)
RECORDS
 TOTAL           23.6   1993
 24 HR TOTAL     12.8   MM
 SNOW DEPTH        11   03/06/2015
TOTALS            4.1               3.8     0.3        T
SINCE 7/1        11.3              22.7   -11.4      5.9
SNOWDEPTH AVG.      0                                  0
DAYS >= 1.0         3               1.0     2.0        0
GREATEST
 SNOW DEPTH         1   03/25                          0  MM
                        03/12
                        03/10
 24 HR TOTAL      1.3   03/10 TO 03/10                 T

DEGREE_DAYS
HEATING TOTAL     698               596     102      552
 SINCE 7/1       3948              4097    -149     3201
COOLING TOTAL       0                 5      -5        2
 SINCE 1/1          7                 5       2        3
.................................................................

WIND (MPH)
AVERAGE WIND SPEED              7.0
HIGHEST WIND SPEED/DIRECTION    30/300    DATE  03/01
HIGHEST GUST SPEED/DIRECTION    51/280    DATE  03/01

SKY COVER
POSSIBLE SUNSHINE (PERCENT)   MM
AVERAGE SKY COVER           0.50
NUMBER OF DAYS FAIR           12
NUMBER OF DAYS PC              8
NUMBER OF DAYS CLOUDY         11

AVERAGE RH (PERCENT)     60

WEATHER CONDITIONS. NUMBER OF DAYS WITH
THUNDERSTORM              0     MIXED PRECIP               0
HEAVY RAIN                3     RAIN                       8
LIGHT RAIN               19     FREEZING RAIN              1
LT FREEZING RAIN          1     HAIL                       0
HEAVY SNOW                3     SNOW                       5
LIGHT SNOW                8     SLEET                      0
FOG                      16     FOG W/VIS <= 1/4 MILE      4
HAZE                      8

-  INDICATES NEGATIVE NUMBERS.
R  INDICATES RECORD WAS SET OR TIED.
MM INDICATES DATA IS MISSING.
T  INDICATES TRACE AMOUNT.

$$
