000
CXUS51 KRLX 011020
CLMHTS


CLIMATE REPORT
NATIONAL WEATHER SERVICE CHARLESTON WV
519 AM EST THU FEB 1 2018

...................................

...THE HUNTINGTON WV CLIMATE SUMMARY FOR THE MONTH OF JANUARY 2018...

CLIMATE NORMAL PERIOD 1981 TO 2010
CLIMATE RECORD PERIOD 1897 TO 2018

WEATHER         OBSERVED          NORMAL  DEPART  LAST YEAR`S
                 VALUE   DATE(S)  VALUE   FROM    VALUE  DATE(S)
                                          NORMAL
................................................................
TEMPERATURE (F)
RECORD
 HIGH              79   01/25/1950
 LOW              -21   01/19/1994
HIGHEST            68   01/10                         69
LOWEST                  01/02                          8
AVG. MAXIMUM     40.9              42.2    -1.3     49.0
AVG. MINIMUM     21.7              25.3    -3.6     34.1
MEAN             30.9              33.7    -2.8     41.5
DAYS MAX >= 90      0               0.0     0.0        0
DAYS MAX <= 32     11               6.6     4.4        4
DAYS MIN <= 32     22              22.2    -0.2       13
DAYS MIN <= 0       2               0.5     1.5        0

PRECIPITATION (INCHES)
RECORD
 MAXIMUM        12.07   1937
 MINIMUM         0.64   1981
TOTALS           2.91              2.97   -0.06     3.98
DAILY AVG.       0.09              0.10   -0.01     0.13
DAYS >= .01        12              13.4    -1.4       22
DAYS >= .10         7               6.5     0.5       10
DAYS >= .50         2               2.0     0.0        4
DAYS >= 1.00        0               0.5    -0.5        0
GREATEST
 24 HR. TOTAL    0.89   01/12 TO 01/12              0.61

SNOWFALL (INCHES)
RECORDS
 TOTAL           30.3   1978
 24 HR TOTAL      9.6   MM
 SNOW DEPTH        10   01/24/2016
                        01/23/2016
TOTALS            6.6               6.9    -0.3      4.1
SINCE 7/1         7.0              11.5    -4.5      5.9
SNOWDEPTH AVG.      1                                  0
DAYS >= 1.0         2               2.2    -0.2        2
GREATEST
 SNOW DEPTH         5   01/18                          2  01/30
                        01/17                             01/06
 24 HR TOTAL      4.9   01/16 TO 01/16               1.8

DEGREE_DAYS
HEATING TOTAL    1014               969      45      718
 SINCE 7/1       2696              2724     -28     2125
COOLING TOTAL       0                 0       0        0
 SINCE 1/1          0                 0       0        0
.................................................................

WIND (MPH)
AVERAGE WIND SPEED              6.1
HIGHEST WIND SPEED/DIRECTION    22/250    DATE  01/23
HIGHEST GUST SPEED/DIRECTION    32/180    DATE  01/31

SKY COVER
POSSIBLE SUNSHINE (PERCENT)   MM
AVERAGE SKY COVER           0.50
NUMBER OF DAYS FAIR           10
NUMBER OF DAYS PC             10
NUMBER OF DAYS CLOUDY         11

AVERAGE RH (PERCENT)     62

WEATHER CONDITIONS. NUMBER OF DAYS WITH
THUNDERSTORM              0     MIXED PRECIP               0
HEAVY RAIN                3     RAIN                       6
LIGHT RAIN               10     FREEZING RAIN              0
LT FREEZING RAIN          0     HAIL                       0
HEAVY SNOW                0     SNOW                       2
LIGHT SNOW               11     SLEET                      0
FOG                      13     FOG W/VIS <= 1/4 MILE      0
HAZE                      6

-  INDICATES NEGATIVE NUMBERS.
R  INDICATES RECORD WAS SET OR TIED.
MM INDICATES DATA IS MISSING.
T  INDICATES TRACE AMOUNT.

$$
