000
CXUS51 KRLX 012007
CLMHTS
CLIMATE REPORT
NATIONAL WEATHER SERVICE CHARLESTON WV
407 PM EDT MON APR 01 2024
...................................
...THE HUNTINGTON WV CLIMATE SUMMARY FOR THE MONTH OF MARCH 2024...
CLIMATE NORMAL PERIOD: 1991 TO 2020
CLIMATE RECORD PERIOD: 1897 TO 2024
WEATHER OBSERVED NORMAL DEPART LAST YEAR`S
VALUE DATE(S) VALUE FROM VALUE
NORMAL
..............................................................
TEMPERATURE (F)
RECORD
HIGH 92 03/25/1929
LOW -2 03/03/1980
HIGHEST 80 03/14 80
LOWEST 26 03/01 19
AVG. MAXIMUM 63.1 56.8 6.3 58.3
AVG. MINIMUM 40.8 36.1 4.7 35.1
MEAN 52.0 46.4 5.6 46.7
DAYS MAX <= 32 0 0.7 -0.7 0
DAYS MAX >= 80 1 1
DAYS MIN <= 32 7 13.0 -6.0 12
DAYS MIN <= 10 0 0
PRECIPITATION (INCHES)
RECORD
MAXIMUM 8.88 2002
MINIMUM 0.56 1910
TOTALS 3.60 4.16 -0.56 3.24
DAILY AVG. 0.12 0.13 -0.01 0.10
DAYS >= .01 13 13.5 -0.5 13
DAYS >= .10 7 8.4 -1.4 8
DAYS >= .50 3 2.7 0.3 2
DAYS >= 1.00 1 0.7 0.3 0
GREATEST
24 HR. TOTAL 1.10 03/05 TO 03/06 0.81
SNOWFALL (INCHES)
RECORDS
TOTAL 23.6 1993
24 HR TOTAL 21.1 03/13/1993 TO 03/13/1993
SNOW DEPTH 22 03/14/1993
TOTALS T 4.3 -4.3 0.2
SINCE 7/1 10.8 19.5 -8.7 MM
SNOWDEPTH AVG. 0 0
DAYS >= TRACE 1 2.5 -1.5 3
DAYS >= 1.0 0 1.1 -1.1 0
GREATEST
SNOW DEPTH 0 0
24 HR TOTAL T MM
DEGREE DAYS
HEATING TOTAL 398 581 -183 564
SINCE 7/1 3214 3949 -735 MM
COOLING TOTAL 1 6 -5 3
SINCE 1/1 1 6 -5 MM
..............................................................
WIND (MPH)
AVERAGE WIND SPEED 6.4
HIGHEST WIND SPEED/DIRECTION 26/250 DATE 03/20
HIGHEST GUST SPEED/DIRECTION 42/320 DATE 03/15
42/270 03/20
SKY COVER
AVERAGE SKY COVER 0.43
NUMBER OF DAYS FAIR 13
NUMBER OF DAYS PC 11
NUMBER OF DAYS CLOUDY 7
AVERAGE RH (PERCENT) 56
WEATHER CONDITIONS. NUMBER OF DAYS WITH
THUNDERSTORM 6 MIXED PRECIP 0
HEAVY RAIN 3 RAIN 7
LIGHT RAIN 14 FREEZING RAIN 0
LT FREEZING RAIN 0 HAIL 0
HEAVY SNOW 0 SNOW 0
LIGHT SNOW 1 SLEET 0
FOG 14 FOG W/VIS <= 1/4 MILE 2
HAZE 4
- INDICATES NEGATIVE NUMBERS.
R INDICATES RECORD WAS SET OR TIED.
MM INDICATES DATA IS MISSING.
T INDICATES TRACE AMOUNT.
$$