999
CXUS53 KIND 011703
CLMHUF


CLIMATE REPORT
NATIONAL WEATHER SERVICE INDIANAPOLIS IN
1152 AM EST TUE JAN 1 2019

...................................

...THE TERRE HAUTE IN CLIMATE SUMMARY FOR THE MONTH OF DECEMBER 2018...

CLIMATE NORMAL PERIOD 1981 TO 2010
CLIMATE RECORD PERIOD 9999 TO 9999

WEATHER         OBSERVED          NORMAL  DEPART  LAST YEAR`S
                 VALUE   DATE(S)  VALUE   FROM    VALUE  DATE(S)
                                          NORMAL
................................................................
TEMPERATURE (F)
HIGHEST            61   12/01                         64  12/04
LOWEST             16   12/10                         -3  12/27
                        12/07
AVG. MAXIMUM     44.9              39.5     5.4     39.6
AVG. MINIMUM     29.1              23.8     5.3     22.1
MEAN             37.0              31.6     5.4     30.9
DAYS MAX >= 90      0               0.0     0.0        0
DAYS MAX <= 32      2               7.9    -5.9        8
DAYS MIN <= 32     23              23.6    -0.6       26
DAYS MIN <= 0       0               1.3    -1.3        2

PRECIPITATION (INCHES)
TOTALS           3.72              3.05    0.67     0.97
DAILY AVG.       0.12              0.10    0.02     0.03
DAYS >= .01        10                MM      MM        6
DAYS >= .10         6                MM      MM        2
DAYS >= .50         3                MM      MM        1
DAYS >= 1.00        1                MM      MM        0
GREATEST
 24 HR. TOTAL    1.33   12/31 TO 12/31

DEGREE_DAYS
HEATING TOTAL     862              1033    -171     1049
 SINCE 7/1       2057              2111     -54     1986
COOLING TOTAL       0                 0       0        0
 SINCE 1/1       1521               993     528     1129
.................................................................

WIND (MPH)
AVERAGE WIND SPEED              7.8
HIGHEST WIND SPEED/DIRECTION    43/140    DATE  12/27
HIGHEST GUST SPEED/DIRECTION    55/150    DATE  12/27

SKY COVER
POSSIBLE SUNSHINE (PERCENT)   MM
AVERAGE SKY COVER           0.50
NUMBER OF DAYS FAIR           12
NUMBER OF DAYS PC              8
NUMBER OF DAYS CLOUDY         11

AVERAGE RH (PERCENT)     79

WEATHER CONDITIONS. NUMBER OF DAYS WITH
THUNDERSTORM              1     MIXED PRECIP                0
HEAVY RAIN                2     RAIN                        5
LIGHT RAIN               10     FREEZING RAIN               0
LT FREEZING RAIN          0     HAIL                        0
HEAVY SNOW                0     SNOW                        0
LIGHT SNOW                4     SLEET                       0
FOG                      16     FOG W/VIS <= 1/4 MILE       1
HAZE                      1

-  INDICATES NEGATIVE NUMBERS.
R  INDICATES RECORD WAS SET OR TIED.
MM INDICATES DATA IS MISSING.
T  INDICATES TRACE AMOUNT.

$$
