000
CXUS55 KTFX 011726 CCA
CLMHVR

CLIMATE REPORT...COR
NATIONAL WEATHER SERVICE GREAT FALLS MT
1020 AM MST SAT DEC 1 2018

...................................

...THE HAVRE MT CLIMATE SUMMARY FOR THE MONTH OF NOVEMBER 2018...

CLIMATE NORMAL PERIOD 1981 TO 2010
CLIMATE RECORD PERIOD 1880 TO 2018

WEATHER         OBSERVED          NORMAL  DEPART  LAST YEAR`S
                 VALUE   DATE(S)  VALUE   FROM    VALUE
                                          NORMAL
.............................................................
TEMPERATURE (F)
RECORD
 HIGH              78   11/12/1999
                        11/05/1975
 LOW              -33   11/20/1896
HIGHEST            58   11/21        49       9       69
LOWEST             -5   11/17        12     -17      -11
AVG. MAXIMUM     42.4              41.6     0.8     39.4
AVG. MINIMUM     21.5              18.8     2.7     17.1
MEAN             32.0              30.2     1.8     28.2
DAYS MAX >= 90      0               0.0     0.0        0
DAYS MAX <= 32      6               6.7    -0.7        9
DAYS MIN <= 32     25              26.5    -1.5       29
DAYS MIN <= 0       1               3.3    -2.3        3

PRECIPITATION (INCHES)
RECORD
 MAXIMUM         3.76   1883
 MINIMUM            T   2016
                        2009
                        1969
TOTALS           0.49              0.43    0.06     0.38
DAYS >= .01         9               5.9     3.1
DAYS >= .10         3               1.4     1.6
DAYS >= .50         0               0.0     0.0
DAYS >= 1.00        0               0.0     0.0
GREATEST
 24 HR. TOTAL    0.15   11/02 TO 11/02

SNOWFALL (INCHES)
RECORDS
 TOTAL           26.4   1958
 24 HR TOTAL     12.0
 SNOW DEPTH        14   11/30/1896
                        11/29/1896
                        11/28/1896
TOTALS            1.3               5.3    -4.0      4.5
SNOWDEPTH AVG.      0
DAYS >= TRACE       7               4.8     2.2
DAYS >= 1.0         1               1.7    -0.7
GREATEST
 SNOW DEPTH         1   11/18                          5
                        11/17
 24 HR TOTAL      1.2   11/16 TO 11/16

DEGREE_DAYS
HEATING TOTAL     984              1044     -60     1097
 SINCE 7/1       2055              2043      12     2058
COOLING TOTAL       0                 0       0        0
 SINCE 1/1        417               387      30      526
..............................................................

WIND (MPH)
AVERAGE WIND SPEED              10.6
HIGHEST WIND SPEED/DIRECTION    35/310    DATE  11/02
HIGHEST GUST SPEED/DIRECTION    44/300    DATE  11/02

SKY COVER
AVERAGE SKY COVER           0.50

AVERAGE RH (PERCENT)     72

WEATHER CONDITIONS. NUMBER OF DAYS WITH
THUNDERSTORM          0         MIXED PRECIP          0
HEAVY RAIN            0         RAIN                  1
LIGHT RAIN            3         FREEZING RAIN         0
LT FREEZING RAIN      0         HAIL                  0
HEAVY SNOW            0         SNOW                  0
LIGHT SNOW            7         SLEET                 0
FOG                  12         FOG W/VIS <=1/4 MILE  2
HAZE                  1

-  INDICATES NEGATIVE NUMBERS.
R  INDICATES RECORD WAS SET OR TIED.
MM INDICATES DATA IS MISSING.
T  INDICATES TRACE AMOUNT.

$$
