000
CXUS51 KLWX 030446
CLMIAD

CLIMATE REPORT
NATIONAL WEATHER SERVICE BALTIMORE MD/WASHINGTON DC
1246 AM EDT MON SEP 3 2018

...................................

...THE WASHINGTON DULLES DC CLIMATE SUMMARY FOR THE MONTH OF AUGUST 2018...

CLIMATE NORMAL PERIOD 1981 TO 2010
CLIMATE RECORD PERIOD 1960 TO 2018

WEATHER         OBSERVED          NORMAL  DEPART  LAST YEAR`S
                 VALUE   DATE(S)  VALUE   FROM    VALUE
                                          NORMAL
.............................................................
TEMPERATURE (F)
RECORD
 HIGH             104   08/20/1983
 LOW               38   08/29/1982
HIGHEST            95   08/28        95       0
LOWEST             54   08/24        50       4
AVG. MAXIMUM     86.6              86.6     0.0     82.9
AVG. MINIMUM     67.7              64.2     3.5     63.8
MEAN             77.2              75.4     1.8
DAYS MAX >= 90     10               8.9     1.1
DAYS MAX <= 32      0               0.0     0.0
DAYS MIN <= 32      0               0.0     0.0
DAYS MIN <= 0       0               0.0     0.0

PRECIPITATION (INCHES)
RECORD
 MAXIMUM        10.71   1984
 MINIMUM         0.44   1998
TOTALS           7.23              3.53    3.70     3.83
DAILY AVG.       0.23              0.11    0.12
DAYS >= .01        11               9.4     1.6
DAYS >= .10         7               5.6     1.4
DAYS >= .50         4               2.1     1.9
DAYS >= 1.00        3               1.0     2.0
GREATEST
 24 HR. TOTAL    2.72   08/21 TO 08/21

DEGREE_DAYS
HEATING TOTAL       0                 2      -2        1
 SINCE 7/1          0                 2      -2        1
COOLING TOTAL     384               324      60      265
 SINCE 1/1       1184              1016     168     1061
..............................................................

WIND (MPH)
AVERAGE WIND SPEED              5.1
HIGHEST WIND SPEED/DIRECTION    26/280    DATE  08/18
HIGHEST GUST SPEED/DIRECTION    37/280    DATE  08/18

SKY COVER
POSSIBLE SUNSHINE (PERCENT)   MM
AVERAGE SKY COVER           0.60
NUMBER OF DAYS FAIR            3
NUMBER OF DAYS PC             23
NUMBER OF DAYS CLOUDY          5

AVERAGE RH (PERCENT)     77

WEATHER CONDITIONS. NUMBER OF DAYS WITH
THUNDERSTORM              M     MIXED PRECIP               0
HEAVY RAIN                M     RAIN                       5
LIGHT RAIN                M     FREEZING RAIN              0
LT FREEZING RAIN          M     HAIL                       0
HEAVY SNOW                M     SNOW                       0
LIGHT SNOW                M     SLEET                      0
FOG                       M     FOG W/VIS <= 1/4 MILE      0
HAZE                      2

-  INDICATES NEGATIVE NUMBERS.
R  INDICATES RECORD WAS SET OR TIED.
MM INDICATES DATA IS MISSING.
T  INDICATES TRACE AMOUNT.

&&

WASHINGTON DULLES INTERNATIONAL AIRPORT...

THE AVERAGE TEMPERATURE IN AUGUST 2018 WAS WELL ABOVE NORMAL. IN
FACT, THE DEGREE OF WARMTH MADE AUGUST 2018 THE 10TH WARMEST AUGUST
ON RECORD. IT WAS THE WARMEST AUGUST SINCE 2016, WHEN THE AVERAGE
TEMPERATURE WAS 79.4 DEGREES.

MONTHLY PRECIPITATION WAS 205 PERCENT OF NORMAL. THIS MADE AUGUST
2018 THE 3RD WETTEST ON RECORD. IT WAS THE WETTEST AUGUST SINCE
1984, WHEN 10.71 INCHES OF PRECIPITATION FELL.

A DAILY RECORD MAXIMUM TOTAL PRECIPITATION OF 1.09 INCHES WAS SET ON
AUGUST 1ST. THIS BROKE THE OLD RECORD OF 0.91 INCHES SET BACK IN
1969.

A DAILY RECORD MAXIMUM TOTAL PRECIPITATION OF 2.72 INCHES WAS SET ON
AUGUST 21ST. THIS BROKE THE OLD RECORD OF 1.43 INCHES SET BACK IN
2014.

A DAILY RECORD HIGH MINIMUM TEMPERATURE OF 74 DEGREES WAS SET ON
AUGUST 29TH. THIS BROKE THE OLD RECORD OF 73 SET MOST RECENTLY IN
2006.

A DAILY RECORD HIGH MINIMUM TEMPERATURE OF 72 DEGREES WAS TIED ON
AUGUST 30TH. THIS MATCHED THE RECORD SET PREVIOUSLY IN 2005.

WEATHER RECORDS FOR THE DULLES VA AREA HAVE BEEN RECORDED AT WHAT IS
NOW WASHINGTON DULLES INTERNATIONAL AIRPORT SINCE 1960. THE OFFICIAL
RECORD CONSISTS SOLELY OF DATA RECORDED AT THE AIRPORT. TEMPERATURE
AND PRECIPITATION RECORDS BEGAN IN 1960. SNOWFALL RECORDS BEGAN IN
1962.

ALL CLIMATE DATA ARE CONSIDERED PRELIMINARY UNTIL REVIEWED BY THE
NATIONAL CENTERS FOR ENVIRONMENTAL INFORMATION (NCEI).

$$

RCM
