000
CXUS51 KLWX 022154
CLMIAD

CLIMATE REPORT
NATIONAL WEATHER SERVICE BALTIMORE MD/WASHINGTON DC
454 PM EST SUN DEC 2 2018

...................................

...THE WASHINGTON DULLES DC CLIMATE SUMMARY FOR THE MONTH OF NOVEMBER 2018...

CLIMATE NORMAL PERIOD 1981 TO 2010
CLIMATE RECORD PERIOD 1960 TO 2018

WEATHER         OBSERVED          NORMAL  DEPART  LAST YEAR`S
                 VALUE   DATE(S)  VALUE   FROM    VALUE
                                          NORMAL
.............................................................
TEMPERATURE (F)
RECORD
 HIGH              84   11/01/1982
                        11/02/1971
 LOW                9   11/24/1989
HIGHEST            74   11/01        75      -1
LOWEST             25   11/11        19       6
AVG. MAXIMUM     50.2              57.5    -7.3     56.5
AVG. MINIMUM     35.1              35.3    -0.2     34.8
MEAN             42.6              46.4    -3.8
DAYS MAX >= 90      0               0.0     0.0
DAYS MAX <= 32      0               0.1    -0.1
DAYS MIN <= 32     14              12.4     1.6
DAYS MIN <= 0       0               0.0     0.0

PRECIPITATION (INCHES)
RECORD
 MAXIMUM         7.83   1963
 MINIMUM         0.24   1981
TOTALS           7.69              3.41    4.28     1.99
DAILY AVG.       0.26              0.11    0.15
DAYS >= .01        12               9.1     2.9
DAYS >= .10         9               5.5     3.5
DAYS >= .50         5               2.4     2.6
DAYS >= 1.00        3               0.9     2.1
GREATEST
 24 HR. TOTAL    1.58   11/24 TO 11/24

SNOWFALL (INCHES)
RECORDS
 TOTAL           11.4   1967
TOTALS            3.0               0.5     2.5
SINCE 7/1         3.0               0.5     2.5
SNOWDEPTH AVG.      0
DAYS >= TRACE       2               0.3     1.7
DAYS >= 1.0         1               0.1     0.9
GREATEST
 SNOW DEPTH         2   11/16
 24 HR TOTAL      3.0

DEGREE_DAYS
HEATING TOTAL     662               560     102      573
 SINCE 7/1        958               916      42      794
COOLING TOTAL       0                 2      -2        1
 SINCE 1/1       1522              1178     344     1281
..............................................................

WIND (MPH)
AVERAGE WIND SPEED              8.3
HIGHEST WIND SPEED/DIRECTION    37/300    DATE  11/28
HIGHEST GUST SPEED/DIRECTION    48/290    DATE  11/28

SKY COVER
POSSIBLE SUNSHINE (PERCENT)   MM
AVERAGE SKY COVER           0.70
NUMBER OF DAYS FAIR            4
NUMBER OF DAYS PC             12
NUMBER OF DAYS CLOUDY         14

AVERAGE RH (PERCENT)     71

WEATHER CONDITIONS. NUMBER OF DAYS WITH
THUNDERSTORM              M     MIXED PRECIP               1
HEAVY RAIN                M     RAIN                       9
LIGHT RAIN                M     FREEZING RAIN              0
LT FREEZING RAIN          M     HAIL                       0
HEAVY SNOW                M     SNOW                       2
LIGHT SNOW                M     SLEET                      2
FOG                       M     FOG W/VIS <= 1/4 MILE      0
HAZE                      0

-  INDICATES NEGATIVE NUMBERS.
R  INDICATES RECORD WAS SET OR TIED.
MM INDICATES DATA IS MISSING.
T  INDICATES TRACE AMOUNT.

&&

WASHINGTON DULLES INTERNATIONAL AIRPORT...

THE AVERAGE TEMPERATURE IN NOVEMBER 2018 WAS BELOW NORMAL. IT WAS
THE COLDEST NOVEMBER SINCE 2014, WHEN THE AVERAGE TEMPERATURE WAS
41.8 DEGREES.

MONTHLY PRECIPITATION WAS 226 PERCENT OF NORMAL. THIS MADE NOVEMBER
2018 THE SECOND WETTEST ON RECORD. IT WAS THE WETTEST NOVEMBER SINCE
1963 WHEN 7.83 INCHES OF PRECIPITATION FELL.

MONTHLY SNOWFALL WAS 600 PERCENT OF NORMAL. THIS MADE NOVEMBER 2018
THE SIXTH SNOWIEST ON RECORD. IT WAS THE SNOWIEST NOVEMBER SINCE
1995, WHEN 3.6 INCHES OF SNOW FELL.

A DAILY RECORD PRECIPITATION TOTAL OF 1.32 INCHES WAS SET ON
NOVEMBER 2ND. THIS BROKE THE OLD RECORD OF 1.02 SET BACK IN 1967.

A DAILY RECORD PRECIPITATION TOTAL OF 1.50 INCHES WAS SET ON
NOVEMBER 15TH. THIS BROKE THE OLD RECORD OF 0.73 INCHES SET BACK IN
2007.

A DAILY RECORD SNOWFALL TOTAL OF 3.0 INCHES WAS ALSO SET ON NOVEMBER
15TH. THIS BROKE THE OLD RECORD OF A TRACE SET BACK IN 1995.

A DAILY RECORD LOW MAXIMUM TEMPERATURE OF 34 DEGREES WAS TIED ON
NOVEMBER 23RD. THIS TIED THE OLD RECORD SET BACK IN 1989.

WEATHER RECORDS FOR THE DULLES VA AREA HAVE BEEN RECORDED AT WHAT IS
NOW WASHINGTON DULLES INTERNATIONAL AIRPORT SINCE 1960. THE OFFICIAL
RECORD CONSISTS SOLELY OF DATA RECORDED AT THE AIRPORT. TEMPERATURE
AND PRECIPITATION RECORDS BEGAN IN 1960. SNOWFALL RECORDS BEGAN IN
1962.

ALL CLIMATE DATA ARE CONSIDERED PRELIMINARY UNTIL REVIEWED BY THE
NATIONAL CENTERS FOR ENVIRONMENTAL INFORMATION (NCEI).

$$

RCM
