000
CXUS53 KICT 011619
CLMICT

CLIMATE REPORT
NATIONAL WEATHER SERVICE WICHITA KS
1113 AM CDT MON OCT 1 2018

...................................

...THE WICHITA EISENHOWER NATIONAL CLIMATE SUMMARY FOR THE MONTH OF SEPTEMBER 2018...

CLIMATE NORMAL PERIOD 1981 TO 2010
CLIMATE RECORD PERIOD 1888 TO 2018

WEATHER         OBSERVED          NORMAL  DEPART  LAST YEAR`S
                 VALUE   DATE(S)  VALUE   FROM    VALUE  DATE(S)
                                          NORMAL
................................................................
TEMPERATURE (F)
RECORD
 HIGH             108   09/02/2000
                        09/03/1947
 LOW               31   09/30/1984
HIGHEST            98   09/01                         98  09/21
                                                          09/04
LOWEST             43   09/27                         46  09/06
AVG. MAXIMUM     82.4              82.5    -0.1     86.2
AVG. MINIMUM     62.9              59.5     3.4     61.3
MEAN             72.7              71.0     1.7     73.8
DAYS MAX >= 90      9               7.0     2.0       10
DAYS MAX <= 32      0               0.0     0.0        0
DAYS MIN <= 32      0               0.0     0.0        0
DAYS MIN <= 0       0               0.0     0.0        0

PRECIPITATION (INCHES)
RECORD
 MAXIMUM        12.96   2008
 MINIMUM         0.03   1956
TOTALS           2.77              3.14   -0.37     2.34
DAILY AVG.       0.09              0.10   -0.01     0.08
DAYS >= .01         7               7.0     0.0        9
DAYS >= .10         6               4.5     1.5        2
DAYS >= .50         2               1.8     0.2        1
DAYS >= 1.00        0               0.8    -0.8        1
GREATEST
 24 HR. TOTAL    0.86   09/04 TO 09/04

DEGREE_DAYS
HEATING TOTAL      17                42     -25        6
 SINCE 7/1         17                43     -26        6
COOLING TOTAL     252               222      30      276
 SINCE 1/1       2075              1649     426     1715
.................................................................

WIND (MPH)
AVERAGE WIND SPEED              10.3
HIGHEST WIND SPEED/DIRECTION    31/180    DATE  09/20
HIGHEST GUST SPEED/DIRECTION    41/110    DATE  09/02

SKY COVER
AVERAGE SKY COVER           0.50
NUMBER OF DAYS FAIR           10
NUMBER OF DAYS PC             11
NUMBER OF DAYS CLOUDY          9

AVERAGE RH (PERCENT)     76

-  INDICATES NEGATIVE NUMBERS.
R  INDICATES RECORD WAS SET OR TIED.
MM INDICATES DATA IS MISSING.
T  INDICATES TRACE AMOUNT.

$$
