000
CXUS53 KICT 021604
CLMICT


CLIMATE REPORT
NATIONAL WEATHER SERVICE WICHITA KS
1104 AM CDT MON JUL 2 2018

...................................

...THE WICHITA EISENHOWER NATIONAL CLIMATE SUMMARY FOR THE MONTH OF JUNE 2018...

CLIMATE NORMAL PERIOD 1981 TO 2010
CLIMATE RECORD PERIOD 1888 TO 2018

WEATHER         OBSERVED          NORMAL  DEPART  LAST YEAR`S
                 VALUE   DATE(S)  VALUE   FROM    VALUE  DATE(S)
                                          NORMAL
................................................................
TEMPERATURE (F)
RECORD
 HIGH             110   06/30/1980
 LOW               43   06/02/1969
HIGHEST           100   06/28                         95  06/16
                        06/27                             06/15
                        06/14
LOWEST             57   06/03                         58  06/08
AVG. MAXIMUM     92.7              86.7     6.0     88.6
AVG. MINIMUM     70.0              64.9     5.1     65.6
MEAN             81.3              75.8     5.5     77.1
DAYS MAX >= 90     21              10.5    10.5       15
DAYS MAX <= 32      0               0.0     0.0        0
DAYS MIN <= 32      0               0.0     0.0        0
DAYS MIN <= 0       0               0.0     0.0        0

PRECIPITATION (INCHES)
RECORD
 MAXIMUM        14.43   1923
 MINIMUM         0.00   1911
TOTALS           3.41              5.20   -1.79     4.58
DAILY AVG.       0.11              0.17   -0.06     0.15
DAYS >= .01         7              10.0    -3.0       10
DAYS >= .10         5               7.1    -2.1        7
DAYS >= .50         2               3.7    -1.7        4
DAYS >= 1.00        1               1.9    -0.9        2
GREATEST
 24 HR. TOTAL    1.75   05/31 TO 06/01
                        06/01 TO 06/01
                        06/01 TO 06/02

SNOWFALL (INCHES)
RECORDS
 TOTAL              T   2011
                        0
                        0
TOTALS            0.0               0.0     0.0      0.0
SINCE 7/1         2.0              14.9   -12.9      2.0
SNOWDEPTH AVG.      0                 0       0        0
DAYS >= 1.0         0               0.0     0.0        0
GREATEST
 SNOW DEPTH         0   MM                             0  MM
 24 HR TOTAL      0.0   06/30 TO 06/30               0.0

DEGREE_DAYS
HEATING TOTAL       0                 6      -6        0
 SINCE 7/1       4277              4594    -317     3584
COOLING TOTAL     499               329     170      370
 SINCE 1/1        837               465     372      526
.................................................................

WIND (MPH)
AVERAGE WIND SPEED              13.1
HIGHEST WIND SPEED/DIRECTION    40/200    DATE  06/30
HIGHEST GUST SPEED/DIRECTION    55/190    DATE  06/30

SKY COVER
POSSIBLE SUNSHINE (PERCENT)   MM
AVERAGE SKY COVER           0.40
NUMBER OF DAYS FAIR           12
NUMBER OF DAYS PC             16
NUMBER OF DAYS CLOUDY          2

AVERAGE RH (PERCENT)     64

WEATHER CONDITIONS. NUMBER OF DAYS WITH
  0
  5
  0
  1
  0
  0
  0
HAZE                      4

-  INDICATES NEGATIVE NUMBERS.
R  INDICATES RECORD WAS SET OR TIED.
MM INDICATES DATA IS MISSING.
T  INDICATES TRACE AMOUNT.

$$
