000
CXUS53 KUNR 011608
CLMIEN


CLIMATE REPORT
NATIONAL WEATHER SERVICE RAPID CITY SD
1005 AM MDT SAT SEP 1 2018

...................................

...THE PINE RIDGE SD CLIMATE SUMMARY FOR THE MONTH OF AUGUST 2018...

CLIMATE NORMAL PERIOD 1981 TO 2010
CLIMATE RECORD PERIOD 9999 TO 9999

WEATHER         OBSERVED          NORMAL  DEPART  LAST YEAR`S
                 VALUE   DATE(S)  VALUE   FROM    VALUE  DATE(S)
                                          NORMAL
................................................................
TEMPERATURE (F)
HIGHEST            97   08/26                         97  08/29
                                                          08/19
LOWEST             39   08/20                         42  08/22
AVG. MAXIMUM     84.8              88.0    -3.2     85.5
AVG. MINIMUM     54.6              55.9    -1.3     54.7
MEAN             69.7              72.0    -2.3     70.1
DAYS MAX >= 90     12                                  7
DAYS MAX <= 32      0                                  0
DAYS MIN <= 32      0                                  0
DAYS MIN <= 0       0                                  0

PRECIPITATION (INCHES)
TOTALS           1.89              1.85    0.04     1.11
DAILY AVG.       0.06              0.06    0.00     0.04
DAYS >= .01         7                                  6
DAYS >= .10         3                                  3
DAYS >= .50         2                                  0
DAYS >= 1.00        0                                  0
GREATEST
 24 HR. TOTAL    0.76   08/05 TO 08/05              0.38

DEGREE_DAYS
HEATING TOTAL      36                25      11       12
 SINCE 7/1         40                37       3       12
COOLING TOTAL     190               240     -50      171
 SINCE 1/1        719               648      71      673
.................................................................

WIND (MPH)
AVERAGE WIND SPEED              7.5
HIGHEST WIND SPEED/DIRECTION    35/350    DATE  08/25
HIGHEST GUST SPEED/DIRECTION    46/350    DATE  08/25

AVERAGE RH (PERCENT)     62

WEATHER CONDITIONS. NUMBER OF DAYS WITH
THUNDERSTORM              7     MIXED PRECIP               0
HEAVY RAIN                3     RAIN                       3
LIGHT RAIN               11     FREEZING RAIN              0
LT FREEZING RAIN          0     HAIL                       0
HEAVY SNOW                0     SNOW                       0
LIGHT SNOW                0     SLEET                      0
FOG                      11     FOG W/VIS <= 1/4 MILE      0
HAZE                     10

-  INDICATES NEGATIVE NUMBERS.
R  INDICATES RECORD WAS SET OR TIED.
MM INDICATES DATA IS MISSING.
T  INDICATES TRACE AMOUNT.

$$
