000
CXUS53 KUNR 011612
CLMIEN


CLIMATE REPORT
NATIONAL WEATHER SERVICE RAPID CITY SD
1010 AM MDT FRI JUN 1 2018

...................................

...THE PINE RIDGE SD CLIMATE SUMMARY FOR THE MONTH OF MAY 2018...

CLIMATE NORMAL PERIOD 1981 TO 2010
CLIMATE RECORD PERIOD 9999 TO 9999

WEATHER         OBSERVED          NORMAL  DEPART  LAST YEAR`S
                 VALUE   DATE(S)  VALUE   FROM    VALUE  DATE(S)
                                          NORMAL
................................................................
TEMPERATURE (F)
HIGHEST            93   05/26                         87  05/06
LOWEST             33   05/02                         28  05/04
AVG. MAXIMUM     74.7              69.8     4.9     68.5
AVG. MINIMUM     46.2              41.5     4.7     41.7
MEAN             60.5              55.7     4.8     55.1
DAYS MAX >= 90      2                                  0
DAYS MAX <= 32      0                                  0
DAYS MIN <= 32      0                                  5
DAYS MIN <= 0       0                                  0

PRECIPITATION (INCHES)
TOTALS           2.66              2.67   -0.01     4.06
DAILY AVG.       0.09              0.09    0.00     0.13
DAYS >= .01        15                                 17
DAYS >= .10         5                                 11
DAYS >= .50         1                                  4
DAYS >= 1.00        0                                  0
GREATEST
 24 HR. TOTAL    0.97   05/17 TO 05/17              0.93

DEGREE_DAYS
HEATING TOTAL     183               307    -124      315
 SINCE 7/1       7041              7127     -86     6684
COOLING TOTAL      50                17      33       15
 SINCE 1/1         51                17      34       16
.................................................................

WIND (MPH)
AVERAGE WIND SPEED              8.0
HIGHEST WIND SPEED/DIRECTION    39/250    DATE  05/27
HIGHEST GUST SPEED/DIRECTION    56/210    DATE  05/27

AVERAGE RH (PERCENT)     69

WEATHER CONDITIONS. NUMBER OF DAYS WITH
THUNDERSTORM              8     MIXED PRECIP               0
HEAVY RAIN                4     RAIN                       3
LIGHT RAIN               17     FREEZING RAIN              0
LT FREEZING RAIN          0     HAIL                       0
HEAVY SNOW                0     SNOW                       0
LIGHT SNOW                0     SLEET                      0
FOG                      13     FOG W/VIS <= 1/4 MILE      3
HAZE                      1

-  INDICATES NEGATIVE NUMBERS.
R  INDICATES RECORD WAS SET OR TIED.
MM INDICATES DATA IS MISSING.
T  INDICATES TRACE AMOUNT.

$$
