000
CXUS53 KUNR 011603
CLMIEN


CLIMATE REPORT
NATIONAL WEATHER SERVICE RAPID CITY SD
902 AM MST SAT DEC 1 2018

...................................

...THE PINE RIDGE SD CLIMATE SUMMARY FOR THE MONTH OF NOVEMBER 2018...

CLIMATE NORMAL PERIOD 1981 TO 2010
CLIMATE RECORD PERIOD 9999 TO 9999

WEATHER         OBSERVED          NORMAL  DEPART  LAST YEAR`S
                 VALUE   DATE(S)  VALUE   FROM    VALUE  DATE(S)
                                          NORMAL
................................................................
TEMPERATURE (F)
HIGHEST            67   11/14                         77  11/16
LOWEST              5   11/17                         12  11/30
AVG. MAXIMUM     45.7              47.8    -2.1     54.2
AVG. MINIMUM     19.7              19.9    -0.2     24.3
MEAN             32.7              33.8    -1.1     39.2
DAYS MAX >= 90      0                                  0
DAYS MAX <= 32      5                                  0
DAYS MIN <= 32     29                                 26
DAYS MIN <= 0       0                                  0

PRECIPITATION (INCHES)
TOTALS           0.70              0.57    0.13     0.28
DAILY AVG.       0.02              0.02    0.00     0.01
DAYS >= .01         6                                  5
DAYS >= .10         3                                  1
DAYS >= .50         0                                  0
DAYS >= 1.00        0                                  0
GREATEST
 24 HR. TOTAL    0.31   11/24 TO 11/24              0.19

DEGREE_DAYS
HEATING TOTAL     961               935      26      767
 SINCE 7/1       1750              1690      60     1497
COOLING TOTAL       0                 0       0        0
 SINCE 1/1        829               717     112      780
.................................................................

WIND (MPH)
AVERAGE WIND SPEED              6.6
HIGHEST WIND SPEED/DIRECTION    29/330    DATE  11/03
HIGHEST GUST SPEED/DIRECTION    43/360    DATE  11/03

AVERAGE RH (PERCENT)     70

WEATHER CONDITIONS. NUMBER OF DAYS WITH
THUNDERSTORM              0     MIXED PRECIP               0
HEAVY RAIN                0     RAIN                       0
LIGHT RAIN                6     FREEZING RAIN              0
LT FREEZING RAIN          2     HAIL                       0
HEAVY SNOW                0     SNOW                       1
LIGHT SNOW                6     SLEET                      0
FOG                      15     FOG W/VIS <= 1/4 MILE      1
HAZE                      7

-  INDICATES NEGATIVE NUMBERS.
R  INDICATES RECORD WAS SET OR TIED.
MM INDICATES DATA IS MISSING.
T  INDICATES TRACE AMOUNT.

$$
