000
CXUS55 KVEF 011523
CLMIGM

CLIMATE REPORT
NATIONAL WEATHER SERVICE LAS VEGAS, NV
617 AM PST SAT DEC 1 2018

...................................

...THE KINGMAN AZ CLIMATE SUMMARY FOR THE MONTH OF NOVEMBER 2018...

CLIMATE NORMAL PERIOD 1981 TO 2010
CLIMATE RECORD PERIOD 1901 TO 2018

WEATHER         OBSERVED          NORMAL  DEPART  LAST YEAR`S
                 VALUE   DATE(S)  VALUE   FROM    VALUE  DATE(S)
                                          NORMAL
................................................................
TEMPERATURE (F)
RECORD
 HIGH              90   11/02/1931
 LOW               17   11/30/2010
                        11/26/2010
                        01/25/1937
HIGHEST            76   11/06        MM      MM       83  11/26
                        11/02                             11/23
LOWEST             27   11/27        MM      MM       26  11/19
                        11/12
AVG. MAXIMUM     65.8              64.3     1.5     72.6
AVG. MINIMUM     36.1              37.3    -1.2     41.9
MEAN             51.0              50.8     0.2     57.3
DAYS MAX >= 90      0               0.0     0.0        0
DAYS MAX <= 32      0               0.0     0.0        0
DAYS MIN <= 32      9               5.7     3.3        2
DAYS MIN <= 0       0               0.0     0.0        0

PRECIPITATION (INCHES)
RECORD
 MAXIMUM         6.28   1919
 MINIMUM         0.00   2014
                        2006
                        1992
TOTALS           0.22              0.65   -0.43        T
DAILY AVG.       0.01              0.02   -0.01        T
DAYS >= .01         1                MM      MM        0
DAYS >= .10         1                MM      MM        0
DAYS >= .50         0                MM      MM        0
DAYS >= 1.00        0                MM      MM        0
GREATEST
 24 HR. TOTAL    0.22   11/29 TO 11/29

SNOWFALL (INCHES)
RECORDS
 TOTAL            7.5   1919
 24 HR TOTAL      7.5
TOTALS            0.0                MM      MM       MM
SINCE 7/1         0.0
SNOWDEPTH AVG.      0
DAYS >= TRACE       0
DAYS >= 1.0         0
GREATEST
 SNOW DEPTH         0
 24 HR TOTAL      0.0   MM
 STORM TOTAL       MM
 (MM/DD(HH))

DEGREE_DAYS
HEATING TOTAL     416               427     -11      223
 SINCE 7/1        527               566     -39      291
COOLING TOTAL       0                 1      -1        0
 SINCE 1/1       2476              2093     383     2183

FREEZE DATES
RECORD
 EARLIEST     10/22/1996
 LATEST       05/21/1975
EARLIEST      11/10             11/14
LATEST                          04/04
.................................................................

WIND (MPH)
AVERAGE WIND SPEED              8.4
HIGHEST WIND SPEED/DIRECTION    32/350    DATE  11/11
HIGHEST GUST SPEED/DIRECTION    39/200    DATE  11/29

SKY COVER
POSSIBLE SUNSHINE (PERCENT)   MM
AVERAGE SKY COVER           0.00
NUMBER OF DAYS FAIR           28
NUMBER OF DAYS PC              2
NUMBER OF DAYS CLOUDY          0

AVERAGE RH (PERCENT)     33

WEATHER CONDITIONS. NUMBER OF DAYS WITH

THUNDERSTORM              0     MIXED PRECIP               0
HEAVY RAIN                0     RAIN                       1
LIGHT RAIN                2     FREEZING RAIN              0
LT FREEZING RAIN          0     HAIL                       0
HEAVY SNOW                0     SNOW                       0
LIGHT SNOW                0     SLEET                      0
FOG                       1     FOG W/VIS <= 1/4 MILE      0
HAZE                      3

-  INDICATES NEGATIVE NUMBERS.
R  INDICATES RECORD WAS SET OR TIED.
MM INDICATES DATA IS MISSING.
T  INDICATES TRACE AMOUNT.

$$
