850
CXUS51 KPHI 021409 CCA
CLMILG

CLIMATE REPORT
NATIONAL WEATHER SERVICE MOUNT HOLLY NJ
1056 AM EDT SUN APR 1 2018

...................................

...THE WILMINGTON CLIMATE SUMMARY FOR THE MONTH OF MARCH 2018...

CLIMATE NORMAL PERIOD 1981 TO 2010
CLIMATE RECORD PERIOD 1894 TO 2018

WEATHER         OBSERVED          NORMAL  DEPART  LAST YEAR`S
                 VALUE   DATE(S)  VALUE   FROM    VALUE  DATE(S)
                                          NORMAL
................................................................
TEMPERATURE (F)
RECORD
 HIGH              86   03/30/1998
                        03/21/1948
 LOW                2   03/10/1984
HIGHEST            72                73      -1       79
LOWEST             23                18       5       14
AVG. MAXIMUM     47.5              52.4    -4.9     51.2
AVG. MINIMUM     31.1              33.6    -2.5     32.0
MEAN             39.3              43.0    -3.7     41.6
DAYS MAX >= 90      0               0.0     0.0        0
DAYS MAX <= 32      0               0.6    -0.6        1
DAYS MIN <= 32     24              13.1    10.9       17
DAYS MIN <= 0       0               0.0     0.0        0

PRECIPITATION (INCHES)
RECORD
 MAXIMUM         9.17   2000
 MINIMUM         0.29   2006
TOTALS           4.65              3.92    0.73     4.98
DAILY AVG.       0.15              0.13    0.02     0.16
DAYS >= .01        11              10.7     0.3       11
DAYS >= .10         8               6.7     1.3        7
DAYS >= .50         5               2.8     2.2        2
DAYS >= 1.00        1               1.1    -0.1        2
GREATEST
 24 HR. TOTAL    1.52   03/07 TO 03/07              1.95

SNOWFALL (INCHES)
RECORDS
 TOTAL             MM   5
 24 HR TOTAL       MM
TOTALS           14.2               1.9    12.3      3.4
SINCE 7/1        28.0              19.9     8.1      9.0
SNOWDEPTH AVG.      1                MM      MM        0
DAYS >= 1.0         4               0.5     3.5        2
GREATEST
 SNOW DEPTH         6   03/22                          1  03/16
                                                          03/15
                                                          03/14
 24 HR TOTAL      6.7   03/21 TO 03/21               1.6

DEGREE_DAYS
HEATING TOTAL     788               683     105      717
 SINCE 7/1       4148              4306    -158     3719
COOLING TOTAL       0                 1      -1        0
 SINCE 1/1          0                 1      -1        0
.................................................................

WIND (MPH)
AVERAGE WIND SPEED              11.9
HIGHEST WIND SPEED/DIRECTION    45/320    DATE  03/02
HIGHEST GUST SPEED/DIRECTION    57/320    DATE  03/02

SKY COVER
POSSIBLE SUNSHINE (PERCENT)   MM
AVERAGE SKY COVER           0.40
NUMBER OF DAYS FAIR           13
NUMBER OF DAYS PC             12
NUMBER OF DAYS CLOUDY          5

AVERAGE RH (PERCENT)     64

WEATHER CONDITIONS. NUMBER OF DAYS WITH
THUNDERSTORM              1     MIXED PRECIP               0
HEAVY RAIN                3     RAIN                       5
LIGHT RAIN               12     FREEZING RAIN              2
LT FREEZING RAIN          1     HEAVY SNOW                 2
SNOW                      4     LIGHT SNOW                 8
SLEET                     2     FOG                       10
FOG W/VIS <= 1/4 MILE     2     HAZE                       0

-  INDICATES NEGATIVE NUMBERS.
R  INDICATES RECORD WAS SET OR TIED.
MM INDICATES DATA IS MISSING.
T  INDICATES TRACE AMOUNT.

$$
