000
CXUS51 KPHI 011247
CLMILG


CLIMATE REPORT
NATIONAL WEATHER SERVICE MOUNT HOLLY NJ
838 AM EDT MON OCT 1 2018

...................................

...THE WILMINGTON CLIMATE SUMMARY FOR THE MONTH OF SEPTEMBER 2018...

CLIMATE NORMAL PERIOD 1981 TO 2010
CLIMATE RECORD PERIOD 1894 TO 2018

WEATHER         OBSERVED          NORMAL  DEPART  LAST YEAR`S
                 VALUE   DATE(S)  VALUE   FROM    VALUE  DATE(S)
                                          NORMAL
................................................................
TEMPERATURE (F)
RECORD
 HIGH             100   09/11/1983
                        09/03/1953
                        09/02/1953
 LOW               32   09/27/1940
HIGHEST            95                90       5       92
LOWEST             54                43      11       48
AVG. MAXIMUM     79.2              77.4     1.8     79.7
AVG. MINIMUM     65.4              58.2     7.2     60.4
MEAN             72.3              67.8     4.5     70.0
DAYS MAX >= 90      4               1.1     2.9        3
DAYS MAX <= 32      0               0.0     0.0        0
DAYS MIN <= 32      0               0.0     0.0        0
DAYS MIN <= 0       0               0.0     0.0        0

PRECIPITATION (INCHES)
RECORD
 MAXIMUM        12.68   1999
 MINIMUM         0.38   1915
TOTALS           6.22              4.32    1.90     1.12
DAILY AVG.       0.21              0.14    0.07     0.04
DAYS >= .01        16               8.5     7.5        6
DAYS >= .10        10               5.6     4.4        3
DAYS >= .50         4               2.5     1.5        1
DAYS >= 1.00        2               1.2     0.8        0
GREATEST
 24 HR. TOTAL    2.33   09/09 TO 09/09              0.52

SNOWFALL (INCHES)
RECORDS
 TOTAL             MM   5
 24 HR TOTAL       MM
TOTALS            0.0               0.0     0.0      0.0
SINCE 7/1         0.0               0.0     0.0      0.0
SNOWDEPTH AVG.      0                MM      MM        0
DAYS >= 1.0         0               0.0     0.0        0
GREATEST
 SNOW DEPTH         0   MM                             0  MM
 24 HR TOTAL      0.0   09/30 TO 09/30               0.0

DEGREE_DAYS
HEATING TOTAL      11                50     -39       25
 SINCE 7/1         11                52     -41       25
COOLING TOTAL     236               134     102      183
 SINCE 1/1       1414              1127     287     1229
.................................................................

WIND (MPH)
AVERAGE WIND SPEED              6.9
HIGHEST WIND SPEED/DIRECTION    23/310    DATE  09/26
HIGHEST GUST SPEED/DIRECTION    28/310    DATE  09/26

SKY COVER
POSSIBLE SUNSHINE (PERCENT)    0
AVERAGE SKY COVER           0.60
NUMBER OF DAYS FAIR            9
NUMBER OF DAYS PC             10
NUMBER OF DAYS CLOUDY         10

AVERAGE RH (PERCENT)     78

WEATHER CONDITIONS. NUMBER OF DAYS WITH
THUNDERSTORM              4     MIXED PRECIP               0
HEAVY RAIN                5     RAIN                       7
LIGHT RAIN               17     FREEZING RAIN              0
LT FREEZING RAIN          0     HEAVY SNOW                 0
SNOW                      0     LIGHT SNOW                 0
SLEET                     0     FOG                       24
FOG W/VIS <= 1/4 MILE     2     HAZE                       3

-  INDICATES NEGATIVE NUMBERS.
R  INDICATES RECORD WAS SET OR TIED.
MM INDICATES DATA IS MISSING.
T  INDICATES TRACE AMOUNT.

$$
