000
CXUS52 KILM 041522
CLMILM


CLIMATE REPORT
NATIONAL WEATHER SERVICE WILMINGTON NC
1018 AM EST MON FEB 4 2019

...................................

...THE WILMINGTON NORTH CAROLINA CLIMATE SUMMARY FOR THE MONTH OF JANUARY 2019...

CLIMATE NORMAL PERIOD 1981 TO 2010
CLIMATE RECORD PERIOD 1871 TO 2019

WEATHER         OBSERVED          NORMAL  DEPART  LAST YEAR`S
                 VALUE   DATE(S)  VALUE   FROM    VALUE  DATE(S)
                                          NORMAL
................................................................
TEMPERATURE (F)
RECORD
 HIGH              82   01/31/1975
 LOW                5   01/21/1985
HIGHEST            77   01/01        MM      MM       72  01/23
                                                          01/11
LOWEST             19   01/22        MM      MM       11  01/06
AVG. MAXIMUM     56.7              56.4     0.3     52.6
AVG. MINIMUM     36.5              35.6     0.9     30.3
MEAN             46.6              46.0     0.6     41.5
DAYS MAX >= 90      0               0.0     0.0        0
DAYS MAX <= 32      0               0.3    -0.3        2
DAYS MIN <= 32     15              11.8     3.2       19
DAYS MIN <= 0       0               0.0     0.0        0

PRECIPITATION (INCHES)
RECORD
 MAXIMUM        10.22   1991
 MINIMUM         0.45   1951
TOTALS           2.72              3.76   -1.04     6.82
DAILY AVG.       0.09              0.12   -0.03
DAYS >= .01         8              10.2    -2.2
DAYS >= .10         4               6.4    -2.4
DAYS >= .50         2               2.6    -0.6
DAYS >= 1.00        1               1.0     0.0
GREATEST
 24 HR. TOTAL    1.67   01/24 TO 01/24

SNOWFALL (INCHES)
RECORDS
 TOTAL            8.6   1912
 24 HR TOTAL      8.4   01/13/1912 TO 01/13/1912
TOTALS            0.0               0.4    -0.4      3.8
SINCE 7/1         0.0               1.2    -1.2      3.8
DAYS >= TRACE       0               0.3    -0.3        4
DAYS >= 1.0         0               0.2    -0.2        1
GREATEST
 SNOW DEPTH         0   MM                             4  01/04
 24 HR TOTAL      0.0   01/31 TO 01/31

DEGREE_DAYS
HEATING TOTAL     571               591     -20      724
 SINCE 7/1       1383              1475     -92
COOLING TOTAL       5                 2       3        1
 SINCE 1/1          5                 0       5

FREEZE DATES
RECORD
 EARLIEST     10/16/1876
 LATEST       04/21/1983
EARLIEST                        11/18
LATEST                          03/20
.................................................................

WIND (MPH)
AVERAGE WIND SPEED              7.9
RESULTANT WIND SPEED/DIRECTION   3/308
HIGHEST WIND SPEED/DIRECTION    31/320    DATE  01/20
HIGHEST GUST SPEED/DIRECTION    46/200    DATE  01/24

SKY COVER
POSSIBLE SUNSHINE (PERCENT)   MM
AVERAGE SKY COVER           0.40
NUMBER OF DAYS FAIR           18
NUMBER OF DAYS PC              6
NUMBER OF DAYS CLOUDY          6

AVERAGE RH (PERCENT)     69

WEATHER CONDITIONS. NUMBER OF DAYS WITH
THUNDERSTORM              2     MIXED PRECIP               0
HEAVY RAIN                2     RAIN                       4
LIGHT RAIN               10     FREEZING RAIN              0
LT FREEZING RAIN          0     HAIL                       0
HEAVY SNOW                0     SNOW                       0
LIGHT SNOW                0     SLEET                      0
FOG                      17     FOG W/VIS <= 1/4 MILE      5
HAZE                      0

-  INDICATES NEGATIVE NUMBERS.
R  INDICATES RECORD WAS SET OR TIED.
MM INDICATES DATA IS MISSING.
T  INDICATES TRACE AMOUNT.

$$
