000
CXUS53 KILX 011344
CLMILX


CLIMATE REPORT
NATIONAL WEATHER SERVICE LINCOLN IL
843 AM CDT SUN JUL 1 2018

...................................

...THE LINCOLN IL CLIMATE SUMMARY FOR THE MONTH OF JUNE 2018...

CLIMATE NORMAL PERIOD 1981 TO 2010
CLIMATE RECORD PERIOD 1905 TO 2018

WEATHER         OBSERVED          NORMAL  DEPART  LAST YEAR`S
                 VALUE   DATE(S)  VALUE   FROM    VALUE
                                          NORMAL
.............................................................
TEMPERATURE (F)
RECORD
 HIGH             105   06/01/1934
 LOW               35   06/16/1917
                        06/11/1913
HIGHEST            91   06/18        MM      MM       94
                        06/17
                        06/16
LOWEST             52   06/06        MM      MM       47
AVG. MAXIMUM     83.9              83.1     0.8     85.2
AVG. MINIMUM     63.2              61.2     2.0     61.0
MEAN             73.6              72.1     1.5     73.1
DAYS MAX >= 90      6               4.9     1.1        4
DAYS MAX <= 32      0               0.0     0.0        0
DAYS MIN <= 32      0               0.0     0.0        0
DAYS MIN <= 0       0               0.0     0.0        0

PRECIPITATION (INCHES)
RECORD
 MAXIMUM        10.79   2010
 MINIMUM         0.42   1936
TOTALS           4.12              4.32   -0.20     0.98
DAILY AVG.       0.14              0.14    0.00     0.03
DAYS >= .01        10               9.3     0.7        8
DAYS >= .10         7               6.2     0.8        4
DAYS >= .50         4               2.9     1.1        0
DAYS >= 1.00        1               1.1    -0.1        0
GREATEST
 24 HR. TOTAL    1.42   06/12 TO 06/12              0.30

SNOWFALL (INCHES)
RECORDS
 TOTAL            0.0   MM
TOTALS            0.0               0.0     0.0      0.0
SINCE 7/1        17.3              20.5    -3.2     10.9
DAYS >= 1.0         0               0.0     0.0        0
GREATEST
 SNOW DEPTH         0   MM                             0
 24 HR TOTAL      0.0   06/30 TO 06/30               0.0

DEGREE_DAYS
HEATING TOTAL       0                17     -17        7
 SINCE 7/1       5849              5708     141     4720
COOLING TOTAL     264               232      32      257
 SINCE 1/1        477               323     154      347
..............................................................

WIND (MPH)
AVERAGE WIND SPEED              MM
HIGHEST WIND SPEED/DIRECTION    MM        DATE   MM
HIGHEST GUST SPEED/DIRECTION    MM        DATE   MM

AVERAGE RH (PERCENT)     MM

WEATHER CONDITIONS. NUMBER OF DAYS WITH
THUNDERSTORM             10     MIXED PRECIP               0
HEAVY RAIN                5     RAIN                       6
LIGHT RAIN               13     FREEZING RAIN              0
LT FREEZING RAIN          0     HAIL                       0
HEAVY SNOW                0     SNOW                       0
LIGHT SNOW                0     SLEET                      0
FOG                       8     FOG W/VIS <= 1/4 MILE      1
HAZE                      2

-  INDICATES NEGATIVE NUMBERS.
R  INDICATES RECORD WAS SET OR TIED.
MM INDICATES DATA IS MISSING.
T  INDICATES TRACE AMOUNT.

$$
