903
CXUS53 KILX 011603
CLMILX


CLIMATE REPORT
NATIONAL WEATHER SERVICE LINCOLN IL
1103 AM CDT MON OCT 1 2018

...................................

...THE LINCOLN IL CLIMATE SUMMARY FOR THE MONTH OF SEPTEMBER 2018...

CLIMATE NORMAL PERIOD 1981 TO 2010
CLIMATE RECORD PERIOD 1905 TO 2018

WEATHER         OBSERVED          NORMAL  DEPART  LAST YEAR`S
                 VALUE   DATE(S)  VALUE   FROM    VALUE
                                          NORMAL
.............................................................
TEMPERATURE (F)
RECORD
 HIGH             104   09/06/1954
 LOW               22   09/26/1928
HIGHEST            94   09/20        MM      MM       94
LOWEST             41   09/27        MM      MM       41
AVG. MAXIMUM     82.1              78.3     3.8     81.2
AVG. MINIMUM     57.5              53.6     3.9     53.0
MEAN             69.8              65.9     3.9     67.1
DAYS MAX >= 90     11               2.1     8.9        7
DAYS MAX <= 32      0               0.0     0.0        0
DAYS MIN <= 32      0               0.1    -0.1        0
DAYS MIN <= 0       0               0.0     0.0        0

PRECIPITATION (INCHES)
RECORD
 MAXIMUM        14.31   1911
 MINIMUM         0.17   1940
TOTALS           2.29              3.21   -0.92     0.71
DAILY AVG.       0.08              0.11   -0.03     0.02
DAYS >= .01         6               7.8    -1.8        2
DAYS >= .10         4               5.1    -1.1        1
DAYS >= .50         1               2.3    -1.3        1
DAYS >= 1.00        1               0.6     0.4        0
GREATEST
 24 HR. TOTAL    1.57   09/07 TO 09/07              0.70

SNOWFALL (INCHES)
RECORDS
 TOTAL              T   2008
                        1913
TOTALS            0.0               0.0     0.0      0.0
SINCE 7/1         0.0               0.0     0.0        T
DAYS >= 1.0         0               0.0     0.0        0
GREATEST
 SNOW DEPTH         0   MM                             0
 24 HR TOTAL      0.0   09/30 TO 09/30               0.0

DEGREE_DAYS
HEATING TOTAL      44                86     -42       72
 SINCE 7/1         51                95     -44       78
COOLING TOTAL     194               114      80      141
 SINCE 1/1       1175              1003     172      940
..............................................................

WIND (MPH)
AVERAGE WIND SPEED              MM
HIGHEST WIND SPEED/DIRECTION    MM        DATE   MM
HIGHEST GUST SPEED/DIRECTION    MM        DATE   MM

AVERAGE RH (PERCENT)     MM

WEATHER CONDITIONS. NUMBER OF DAYS WITH
THUNDERSTORM              0     MIXED PRECIP               0
HEAVY RAIN                0     RAIN                       3
LIGHT RAIN               10     FREEZING RAIN              0
LT FREEZING RAIN          0     HAIL                       0
HEAVY SNOW                0     SNOW                       0
LIGHT SNOW                0     SLEET                      0
FOG                       2     FOG W/VIS <= 1/4 MILE      0
HAZE                      0

-  INDICATES NEGATIVE NUMBERS.
R  INDICATES RECORD WAS SET OR TIED.
MM INDICATES DATA IS MISSING.
T  INDICATES TRACE AMOUNT.

$$
