000
CXUS53 KLBF 011949
CLMIML


CLIMATE REPORT
NATIONAL WEATHER SERVICE NORTH PLATTE
139 PM CST SAT DEC 1 2018

...................................

...THE IMPERIAL NE CLIMATE SUMMARY FOR THE MONTH OF NOVEMBER 2018...

CLIMATE NORMAL PERIOD 1981 TO 2010
CLIMATE RECORD PERIOD 1893 TO 2018

WEATHER         OBSERVED          NORMAL  DEPART  LAST YEAR`S
                 VALUE   DATE(S)  VALUE   FROM    VALUE  DATE(S)
                                          NORMAL
................................................................
TEMPERATURE (F)
RECORD
 HIGH              84   11/08/2006
 LOW              -18   11/27/1896
HIGHEST            68   11/16        73      -5       79  11/27
LOWEST             13   11/12         6       7       16  11/08
                                                          11/07
AVG. MAXIMUM     49.1              51.2    -2.1     57.4
AVG. MINIMUM     22.9              24.2    -1.3     26.0
MEAN             36.0              37.7    -1.7     41.7
DAYS MAX >= 90      0               0.0     0.0        0
DAYS MAX <= 32      3               2.3     0.7        0
DAYS MIN <= 32     28              24.8     3.2       26
DAYS MIN <= 0       0               0.0     0.0        0

PRECIPITATION (INCHES)
RECORD
 MAXIMUM         3.34   1930
 MINIMUM         0.00   1901
TOTALS           0.61              0.63   -0.02     0.06
DAILY AVG.       0.02              0.02    0.00     0.00
DAYS >= .01         6                MM      MM        2
DAYS >= .10         3                MM      MM        0
DAYS >= .50         0                MM      MM        0
DAYS >= 1.00        0                MM      MM        0
GREATEST
 24 HR. TOTAL    0.32   11/24 TO 11/24
                                                          10/31 TO 11/01EATHER         OBSERVED          NORMAL  DEPART  LAST YEAR`S
                                                          11/01 TO 11/01EATHER         OBSERVED          NORMAL  DEPART  LAST YEAR`S

SNOWFALL (INCHES)
TOTALS             MM

DEGREE_DAYS
HEATING TOTAL     864               819      45      693
 SINCE 7/1       1495              1381     114     1193
COOLING TOTAL       0                 0       0        0
 SINCE 1/1       1043               963      80     1042
.................................................................

WIND (MPH)
HIGHEST WIND SPEED/DIRECTION    37/360    DATE  11/25
HIGHEST GUST SPEED/DIRECTION    48/360    DATE  11/25

AVERAGE RH (PERCENT)     60

WEATHER CONDITIONS. NUMBER OF DAYS WITH
THUNDERSTORM              0     MIXED PRECIP               0
HEAVY RAIN                0     RAIN                       0
LIGHT RAIN                2     FREEZING RAIN              0
LT FREEZING RAIN          0     HAIL                       0
HEAVY SNOW                0     SNOW                       0
LIGHT SNOW                6     SLEET                      0
FOG                       7     FOG W/VIS <= 1/4 MILE      2
HAZE                      2

-  INDICATES NEGATIVE NUMBERS.
R  INDICATES RECORD WAS SET OR TIED.
MM INDICATES DATA IS MISSING.
T  INDICATES TRACE AMOUNT.

$$
