000
CXUS53 KLBF 010947
CLMIML


CLIMATE REPORT
NATIONAL WEATHER SERVICE NORTH PLATTE
447 AM CDT SAT SEP 1 2018

...................................

...THE IMPERIAL NE CLIMATE SUMMARY FOR THE MONTH OF AUGUST 2018...

CLIMATE NORMAL PERIOD 1981 TO 2010
CLIMATE RECORD PERIOD 1893 TO 2018

WEATHER         OBSERVED          NORMAL  DEPART  LAST YEAR`S
                 VALUE   DATE(S)  VALUE   FROM    VALUE  DATE(S)
                                          NORMAL
................................................................
TEMPERATURE (F)
RECORD
 HIGH             111   08/02/2008
 LOW               34   08/25/1910
HIGHEST            94   08/27        99      -5       97  08/19
LOWEST             44   08/21        50      -6       49  08/11
AVG. MAXIMUM     84.8              87.8    -3.0     86.8
AVG. MINIMUM     56.6              59.9    -3.3     56.4
MEAN             70.7              73.8    -3.1     71.6
DAYS MAX >= 90      9              13.2    -4.2       11
DAYS MAX <= 32      0               0.0     0.0        0
DAYS MIN <= 32      0               0.0     0.0        0
DAYS MIN <= 0       0               0.0     0.0        0

PRECIPITATION (INCHES)
RECORD
 MAXIMUM         9.59   1933
 MINIMUM         0.12   1995
TOTALS           1.21              2.59   -1.38     2.11
DAILY AVG.       0.04              0.08   -0.04     0.07
DAYS >= .01         9                MM      MM       10
DAYS >= .10         3                MM      MM        8
DAYS >= .50         1                MM      MM        2
DAYS >= 1.00        0                MM      MM        0
GREATEST
 24 HR. TOTAL    0.63   08/03 TO 08/03           08/02 TO 08/02
                                                          08/21 TO 08/21EATHER         OBSERVED          NORMAL  DEPART  LAST YEAR`S
                                                          08/21 TO 08/21EATHER         OBSERVED          NORMAL  DEPART  LAST YEAR`S

SNOWFALL (INCHES)
TOTALS             MM

DEGREE_DAYS
HEATING TOTAL      23                 7      16        0
 SINCE 7/1         24                 9      15        0
COOLING TOTAL     209               282     -73      214
 SINCE 1/1        900               866      34      889
.................................................................

WIND (MPH)
HIGHEST WIND SPEED/DIRECTION    36/160    DATE  08/25
HIGHEST GUST SPEED/DIRECTION    53/160    DATE  08/25

AVERAGE RH (PERCENT)     69

WEATHER CONDITIONS. NUMBER OF DAYS WITH
THUNDERSTORM             11     MIXED PRECIP               0
HEAVY RAIN                1     RAIN                       3
LIGHT RAIN               10     FREEZING RAIN              0
LT FREEZING RAIN          0     HAIL                       0
HEAVY SNOW                0     SNOW                       0
LIGHT SNOW                0     SLEET                      0
FOG                      11     FOG W/VIS <= 1/4 MILE      2
HAZE                      0

-  INDICATES NEGATIVE NUMBERS.
R  INDICATES RECORD WAS SET OR TIED.
MM INDICATES DATA IS MISSING.
T  INDICATES TRACE AMOUNT.

$$
