000
CXUS53 KIND 011035
CLMIND


CLIMATE REPORT
NATIONAL WEATHER SERVICE INDIANAPOLIS IN
635 AM EDT MON OCT 1 2018

...................................

...THE INDIANAPOLIS IN CLIMATE SUMMARY FOR THE MONTH OF SEPTEMBER 2018...

CLIMATE NORMAL PERIOD 1981 TO 2010
CLIMATE RECORD PERIOD 1871 TO 2018

WEATHER         OBSERVED          NORMAL  DEPART  LAST YEAR`S
                 VALUE   DATE(S)  VALUE   FROM    VALUE  DATE(S)
                                          NORMAL
................................................................
TEMPERATURE (F)
RECORD
 HIGH             100   09/03/2011
                        09/05/1954
                        09/02/1953
 LOW               30   09/30/1899
HIGHEST            93   09/05                         93  09/22
LOWEST             47   09/28                         46  09/07
AVG. MAXIMUM     80.0              77.6     2.4     80.6
AVG. MINIMUM     62.6              56.2     6.4     59.0
MEAN             71.3              66.9     4.4     69.8
DAYS MAX >= 90      8               1.5     6.5        6
DAYS MAX <= 32      0               0.0     0.0        0
DAYS MIN <= 32      0               0.0     0.0        0
DAYS MIN <= 0       0               0.0     0.0        0

PRECIPITATION (INCHES)
RECORD
 MAXIMUM        10.37   2003
 MINIMUM         0.24   1963
TOTALS           5.46              3.12    2.34     0.66
DAILY AVG.       0.18              0.10    0.08     0.02
DAYS >= .01         7               8.1    -1.1        5
DAYS >= .10         5               4.9     0.1        2
DAYS >= .50         3               1.9     1.1        0
DAYS >= 1.00        2               0.8     1.2        0
GREATEST
 24 HR. TOTAL    2.62   09/07 TO 09/07

SNOWFALL (INCHES)
RECORDS
 TOTAL              T   2016
                        2012
                        2006
 SNOW DEPTH        MM   MM
TOTALS            0.0               0.0     0.0      0.0
SINCE 7/1         0.0               0.0     0.0      0.0
SNOWDEPTH AVG.      0
DAYS >= 1.0         0               0.0     0.0        0
GREATEST
 SNOW DEPTH         0   MM                             0  MM
 24 HR TOTAL      0.0   MM                           0.0  MM

DEGREE_DAYS
HEATING TOTAL      33                71     -38       29
 SINCE 7/1         33                75     -42       29
COOLING TOTAL     231               128     103      177
 SINCE 1/1       1539              1049     490     1117
.................................................................

WIND (MPH)
AVERAGE WIND SPEED              8.0
HIGHEST WIND SPEED/DIRECTION    26/060    DATE  09/08
HIGHEST GUST SPEED/DIRECTION    35/050    DATE  09/08

SKY COVER
POSSIBLE SUNSHINE (PERCENT)   MM
AVERAGE SKY COVER           0.50
NUMBER OF DAYS FAIR            8
NUMBER OF DAYS PC             16
NUMBER OF DAYS CLOUDY          6

AVERAGE RH (PERCENT)     74

WEATHER CONDITIONS. NUMBER OF DAYS WITH
THUNDERSTORM              3     MIXED PRECIP                0
HEAVY RAIN                2     RAIN                        3
LIGHT RAIN               11     FREEZING RAIN               0
LT FREEZING RAIN          0     HAIL                        0
HEAVY SNOW                0     SNOW                        0
LIGHT SNOW                0     SLEET                       0
FOG                      12     FOG W/VIS <= 1/4 MILE       0
HAZE                      3

-  INDICATES NEGATIVE NUMBERS.
R  INDICATES RECORD WAS SET OR TIED.
MM INDICATES DATA IS MISSING.
T  INDICATES TRACE AMOUNT.

$$
