000
CXUS53 KIND 011515
CLMIND


CLIMATE REPORT
NATIONAL WEATHER SERVICE INDIANAPOLIS IN
1115 AM EDT SUN JUL 1 2018

...................................

...THE INDIANAPOLIS IN CLIMATE SUMMARY FOR THE MONTH OF JUNE 2018...

CLIMATE NORMAL PERIOD 1981 TO 2010
CLIMATE RECORD PERIOD 1871 TO 2018

WEATHER         OBSERVED          NORMAL  DEPART  LAST YEAR`S
                 VALUE   DATE(S)  VALUE   FROM    VALUE  DATE(S)
                                          NORMAL
................................................................
TEMPERATURE (F)
RECORD
 HIGH             104   06/28/2012
 LOW               37   06/22/1992
HIGHEST            93   06/17                         90  06/14
                        06/16                             06/12
LOWEST             55   06/14                         51  06/27
                                                          06/01
AVG. MAXIMUM     84.8              81.9     2.9     82.5
AVG. MINIMUM     66.2              62.1     4.1     61.6
MEAN             75.5              72.0     3.5     72.1
DAYS MAX >= 90      9               2.7     6.3        2
DAYS MAX <= 32      0               0.0     0.0        0
DAYS MIN <= 32      0               0.0     0.0        0
DAYS MIN <= 0       0               0.0     0.0        0

PRECIPITATION (INCHES)
RECORD
 MAXIMUM        12.21   1875
 MINIMUM         0.09   2012
TOTALS           3.99              4.25   -0.26     6.53
DAILY AVG.       0.13              0.14   -0.01     0.22
DAYS >= .01        10              11.1    -1.1       10
DAYS >= .10         5               7.4    -2.4        6
DAYS >= .50         2               3.0    -1.0        3
DAYS >= 1.00        1               1.1    -0.1        2
GREATEST
 24 HR. TOTAL    1.83   06/10 TO 06/10

SNOWFALL (INCHES)
RECORDS
 TOTAL              T   2015
                        2013
                        2008
 SNOW DEPTH        MM   MM
TOTALS            0.0               0.0     0.0      0.0
SINCE 7/1        23.2              25.9    -2.7      9.7
SNOWDEPTH AVG.      0
DAYS >= 1.0         0               0.0     0.0        0
GREATEST
 SNOW DEPTH         0   MM                             0  MM
 24 HR TOTAL      0.0   MM                           0.0  MM

DEGREE_DAYS
HEATING TOTAL       0                16     -16        3
 SINCE 7/1       5310              5378     -68     4275
COOLING TOTAL     321               226      95      220
 SINCE 1/1        580               310     270      326
.................................................................

WIND (MPH)
AVERAGE WIND SPEED              8.3
HIGHEST WIND SPEED/DIRECTION    41/280    DATE  06/09
HIGHEST GUST SPEED/DIRECTION    52/320    DATE  06/10

SKY COVER
POSSIBLE SUNSHINE (PERCENT)   MM
AVERAGE SKY COVER           0.60
NUMBER OF DAYS FAIR            3
NUMBER OF DAYS PC             18
NUMBER OF DAYS CLOUDY          9

AVERAGE RH (PERCENT)     71

WEATHER CONDITIONS. NUMBER OF DAYS WITH
THUNDERSTORM             12     MIXED PRECIP                0
HEAVY RAIN                3     RAIN                        6
LIGHT RAIN               17     FREEZING RAIN               0
LT FREEZING RAIN          0     HAIL                        0
HEAVY SNOW                0     SNOW                        0
LIGHT SNOW                0     SLEET                       0
FOG                      16     FOG W/VIS <= 1/4 MILE       0
HAZE                      5

-  INDICATES NEGATIVE NUMBERS.
R  INDICATES RECORD WAS SET OR TIED.
MM INDICATES DATA IS MISSING.
T  INDICATES TRACE AMOUNT.

$$
