000
CXUS55 KFGZ 081850
CLMINW


CLIMATE REPORT
NATIONAL WEATHER SERVICE FLAGSTAFF, AZ
1145 AM MST WED AUG 8 2018

...................................

...THE WINSLOW AZ AIRPORT CLIMATE SUMMARY FOR THE MONTH OF JULY 2018...

CLIMATE NORMAL PERIOD 1981 TO 2010
CLIMATE RECORD PERIOD 1915 TO 2018

WEATHER         OBSERVED          NORMAL  DEPART  LAST YEAR`S
                 VALUE   DATE(S)  VALUE   FROM    VALUE  DATE(S)
                                          NORMAL
................................................................
TEMPERATURE (F)
RECORD
 HIGH             109   07/13/1971
 LOW               42   07/01/1928
HIGHEST           104                                105  07/06
LOWEST             58                                 55  07/12
AVG. MAXIMUM     97.6              94.5     3.1     95.9
AVG. MINIMUM     66.2              61.9     4.3     63.2
MEAN             81.9              78.2     3.7     79.5
DAYS MAX >= 90     31              24.9     6.1       26
DAYS MAX <= 32      0               0.0     0.0        0
DAYS MIN <= 32      0               0.0     0.0        0
DAYS MIN <= 0       0               0.0     0.0        0

PRECIPITATION (INCHES)
RECORD
 MAXIMUM         4.81   1923
 MINIMUM            T   2005
TOTALS           1.38              1.04    0.34     1.51
DAILY AVG.       0.04              0.03    0.01     0.05
DAYS >= .01        11               6.2     4.8       11
DAYS >= .10         6               2.8     3.2        3
DAYS >= .50         1               0.5     0.5        1
DAYS >= 1.00        0               0.1    -0.1        0
GREATEST
 24 HR. TOTAL    0.53   07/24 TO 07/24              0.96

DEGREE_DAYS
HEATING TOTAL       0                 0       0        0
 SINCE 7/1          0                 0       0        0
COOLING TOTAL     537               409     128      460
 SINCE 1/1       1015               717     298      866
.................................................................

WIND (MPH)
AVERAGE WIND SPEED              8.7
HIGHEST WIND SPEED/DIRECTION    48/200    DATE  07/24
HIGHEST GUST SPEED/DIRECTION    57/200    DATE  07/24

SKY COVER
POSSIBLE SUNSHINE (PERCENT)   MM
AVERAGE SKY COVER           0.10
NUMBER OF DAYS FAIR           28
NUMBER OF DAYS PC              3
NUMBER OF DAYS CLOUDY          0

AVERAGE RH (PERCENT)     41

WEATHER CONDITIONS. NUMBER OF DAYS WITH
  0
  6
  0
  0
  0
  0
  0
HAZE                      4

-  INDICATES NEGATIVE NUMBERS.
R  INDICATES RECORD WAS SET OR TIED.
MM INDICATES DATA IS MISSING.
T  INDICATES TRACE AMOUNT.

$$
