197
CXUS51 KCTP 011704
CLMIPT

PHLCLMIPT 000
TTAA00 KCTP 011658


CLIMATE REPORT
NATIONAL WEATHER SERVICE STATE COLLEGE PA
1258 PM EDT MON OCT 1 2018

...................................

...THE WILLIAMSPORT PA CLIMATE SUMMARY FOR THE MONTH OF SEPTEMBER 2018...

CLIMATE NORMAL PERIOD 1981 TO 2010
CLIMATE RECORD PERIOD 1895 TO 2018

WEATHER         OBSERVED          NORMAL  DEPART  LAST YEAR`S
                 VALUE   DATE(S)  VALUE   FROM    VALUE  DATE(S)
                                          NORMAL
................................................................
TEMPERATURE (F)
RECORD
 HIGH             102   09/03/1953
 LOW               28   09/28/1947
HIGHEST            93   09/06                         92  09/24
LOWEST             47   09/30                         43  09/30
AVG. MAXIMUM     76.6              73.5     3.1     78.7
AVG. MINIMUM     60.5              53.1     7.4     56.3
MEAN             68.5              63.3     5.2     67.5
DAYS MAX >= 90      4               0.4     3.6        5
DAYS MAX <= 32      0               0.0     0.0        0
DAYS MIN <= 32      0               0.0     0.0        0
DAYS MIN <= 0       0               0.0     0.0        0

PRECIPITATION (INCHES)
RECORD
 MAXIMUM        15.97   2011
 MINIMUM         0.16   1943
TOTALS           9.81              4.16    5.65     1.24
DAILY AVG.       0.33              0.14    0.19     0.04
DAYS >= .01        17              10.0     7.0        8
DAYS >= .10        11               6.4     4.6        4
DAYS >= .50         6               2.3     3.7        1
DAYS >= 1.00        4               1.0     3.0        0
GREATEST
 24 HR. TOTAL    3.15   09/10 TO 09/10

SNOWFALL (INCHES)
RECORDS
 TOTAL            0.0   MM
TOTALS            0.0               0.0     0.0      0.0
SINCE 7/1         0.0               0.0     0.0      0.0
SNOWDEPTH AVG.      0                MM      MM        0
DAYS >= 1.0         0               0.0     0.0        0
GREATEST
 SNOW DEPTH         0   MM                             0  MM
 24 HR TOTAL      0.0   09/30 TO 09/30

DEGREE_DAYS
HEATING TOTAL      59               114     -55       65
 SINCE 7/1         59               128     -69       67
COOLING TOTAL     169                63     106      146
 SINCE 1/1       1034               697     337      888
.................................................................

WIND (MPH)
AVERAGE WIND SPEED              4.2
HIGHEST WIND SPEED/DIRECTION    23/170    DATE  09/21
HIGHEST GUST SPEED/DIRECTION    33/160    DATE  09/21

SKY COVER
POSSIBLE SUNSHINE (PERCENT)   MM
AVERAGE SKY COVER           0.70
NUMBER OF DAYS FAIR            5
NUMBER OF DAYS PC             11
NUMBER OF DAYS CLOUDY         13

AVERAGE RH (PERCENT)     79

WEATHER CONDITIONS. NUMBER OF DAYS WITH
THUNDERSTORM              3     MIXED PRECIP                0
HEAVY RAIN                9     RAIN                       10
LIGHT RAIN               20     FREEZING RAIN               0
LT FREEZING RAIN          0     HAIL                        0
HEAVY SNOW                0     SNOW                        0
LIGHT SNOW                0     SLEET                       0
FOG                      22     FOG W/VIS <= 1/4 MILE       7
HAZE                      4

-  INDICATES NEGATIVE NUMBERS.
R  INDICATES RECORD WAS SET OR TIED.
MM INDICATES DATA IS MISSING.
T  INDICATES TRACE AMOUNT.

$$
