000
CXUS51 KCTP 010703
CLMIPT

CLIMATE REPORT
NATIONAL WEATHER SERVICE STATE COLLEGE PA
303 AM EDT WED AUG 1 2018

...................................

...THE WILLIAMSPORT PA CLIMATE SUMMARY FOR THE MONTH OF JULY 2018...
...WETTEST JULY ON RECORD...
...4TH WETTEST MONTH ON RECORD...

CLIMATE NORMAL PERIOD 1981 TO 2010
CLIMATE RECORD PERIOD 1895 TO 2018

WEATHER         OBSERVED          NORMAL  DEPART  LAST YEAR`S
                 VALUE   DATE(S)  VALUE   FROM    VALUE  DATE(S)
                                          NORMAL
................................................................
TEMPERATURE (F)
RECORD
 HIGH             106   07/09/1936
 LOW               43   07/20/1965
                        07/09/1963
                        07/12/1945
HIGHEST            96   07/02                         93  07/20
                                                          07/19
LOWEST             53   07/08                         53  07/30
                        07/07
AVG. MAXIMUM     84.7              83.6     1.1     85.5
AVG. MINIMUM     63.1              61.9     1.2     64.4
MEAN             73.9              72.7     1.2     74.9
DAYS MAX >= 90      6               4.8     1.2        5
DAYS MAX <= 32      0               0.0     0.0        0
DAYS MIN <= 32      0               0.0     0.0        0
DAYS MIN <= 0       0               0.0     0.0        0

PRECIPITATION (INCHES)
RECORD
 MAXIMUM         9.65   1992
 MINIMUM         0.75   1909
TOTALS          11.99R             4.34    7.65     7.45
DAILY AVG.       0.39              0.14    0.25     0.24
DAYS >= .01        13              11.4     1.6       12
DAYS >= .10        12               7.6     4.4        8
DAYS >= .50         7               3.1     3.9        4
DAYS >= 1.00        6               1.0     5.0        3
GREATEST
 24 HR. TOTAL    2.41   07/23 TO 07/23

SNOWFALL (INCHES)
RECORDS
 TOTAL            0.0   MM
TOTALS            0.0               0.0     0.0      0.0
SINCE 7/1         0.0               0.0     0.0      0.0
SNOWDEPTH AVG.      0                MM      MM        0
DAYS >= 1.0         0               0.0     0.0        0
GREATEST
 SNOW DEPTH         0   MM                             0  MM
 24 HR TOTAL      0.0

DEGREE_DAYS
HEATING TOTAL       0                 4      -4        0
 SINCE 7/1          0                 4      -4        0
COOLING TOTAL     284               244      40      317
 SINCE 1/1        539               433     106      546
.................................................................

WIND (MPH)
AVERAGE WIND SPEED              4.5
HIGHEST WIND SPEED/DIRECTION    25/260    DATE  07/02
HIGHEST GUST SPEED/DIRECTION    33/260    DATE  07/02

SKY COVER
POSSIBLE SUNSHINE (PERCENT)   MM
AVERAGE SKY COVER           0.40
NUMBER OF DAYS FAIR           17
NUMBER OF DAYS PC              8
NUMBER OF DAYS CLOUDY          6

AVERAGE RH (PERCENT)     71

WEATHER CONDITIONS. NUMBER OF DAYS WITH
THUNDERSTORM              9     MIXED PRECIP                0
HEAVY RAIN               12     RAIN                       10
LIGHT RAIN               15     FREEZING RAIN               0
LT FREEZING RAIN          0     HAIL                        0
HEAVY SNOW                0     SNOW                        0
LIGHT SNOW                0     SLEET                       0
FOG                      20     FOG W/VIS <= 1/4 MILE       0
HAZE                      4

-  INDICATES NEGATIVE NUMBERS.
R  INDICATES RECORD WAS SET OR TIED.
MM INDICATES DATA IS MISSING.
T  INDICATES TRACE AMOUNT.

&&

JULY 2018 RANKS AS THE WETTEST JULY ON RECORD AND THE 4TH WETTEST
MONTH SINCE RECORDS BEGAN IN 1895. THE PREVIOUS RECORD JULY RAINFALL
WAS 9.65 INCHES IN 1992.

A DAILY RECORD RAINFALL OF 1.37 INCHES WAS SET ON 7/4. THE PREVIOUS
DAILY RECORD WAS 1.26 INCHES IN 1941.

THE DAILY RECORD RAINFALL OF 1.47 INCHES ON 7/21 TIED THE PREVIOUS
RECORD SET IN 1947.

$$
MS
