000
CXUS53 KEAX 010800
CLMIRK

CLIMATE REPORT
NATIONAL WEATHER SERVICE KANSAS CITY/PLEASANT HILL MO
254 AM CDT WED AUG 1 2018

...................................

...THE KIRKSVILLE CLIMATE SUMMARY FOR THE MONTH OF JULY 2018...

CLIMATE NORMAL PERIOD 1981 TO 2010
CLIMATE RECORD PERIOD 9999 TO 9999

WEATHER         OBSERVED          NORMAL  DEPART  LAST YEAR`S
                 VALUE   DATE(S)  VALUE   FROM    VALUE  DATE(S)
                                          NORMAL
................................................................
TEMPERATURE (F)
HIGHEST            96   07/13        95       1       96  07/22
                        07/12                             07/21
                        07/10
LOWEST             54   07/30        54       0       56  07/30
                        07/27
AVG. MAXIMUM     88.0              85.3     2.7     88.6
AVG. MINIMUM     63.9              64.8    -0.9     67.1
MEAN             76.0              75.1     0.9     77.9
DAYS MAX >= 90     12               8.3     3.7       13
DAYS MAX <= 32      0               0.0     0.0        0
DAYS MIN <= 32      0               0.0     0.0        0
DAYS MIN <= 0       0               0.0     0.0        0

PRECIPITATION (INCHES)
TOTALS           2.53              4.66   -2.13     0.92
DAILY AVG.       0.08              0.15   -0.07     0.03
DAYS >= .01         4               9.5    -5.5        3
DAYS >= .10         3               5.7    -2.7        3
DAYS >= .50         3               2.5     0.5        1
DAYS >= 1.00        1               1.0     0.0        0
GREATEST
 24 HR. TOTAL    1.43   07/05 TO 07/05

DEGREE_DAYS
HEATING TOTAL       0                 1      -1        0
 SINCE 7/1          0                 1      -1        0
COOLING TOTAL     349               313      36      405
 SINCE 1/1        895               567     328      745
.................................................................

WIND (MPH)
AVERAGE WIND SPEED              6.4
HIGHEST WIND SPEED/DIRECTION    25/310    DATE  07/05
HIGHEST GUST SPEED/DIRECTION    35/300    DATE  07/05

SKY COVER
POSSIBLE SUNSHINE (PERCENT)   MM
AVERAGE SKY COVER           0.20
NUMBER OF DAYS FAIR           24
NUMBER OF DAYS PC              6
NUMBER OF DAYS CLOUDY          1

AVERAGE RH (PERCENT)     72


-  INDICATES NEGATIVE NUMBERS.
R  INDICATES RECORD WAS SET OR TIED.
MM INDICATES DATA IS MISSING.
T  INDICATES TRACE AMOUNT.

$$
