000
CXUS53 KEAX 031511
CLMIRK

CLIMATE REPORT
NATIONAL WEATHER SERVICE KANSAS CITY/PLEASANT HILL MO
907 AM CST THU JAN 3 2019

...................................

...THE KIRKSVILLE CLIMATE SUMMARY FOR THE MONTH OF NOVEMBER 2018...

CLIMATE NORMAL PERIOD 1981 TO 2010
CLIMATE RECORD PERIOD 9999 TO 9999

WEATHER         OBSERVED          NORMAL  DEPART  LAST YEAR`S
                 VALUE   DATE(S)  VALUE   FROM    VALUE  DATE(S)
                                          NORMAL
................................................................
TEMPERATURE (F)
HIGHEST            60   11/22        71     -11       73  11/24
LOWEST              6R  11/27        14      -8       15  11/22
AVG. MAXIMUM     42.7              50.3    -7.6     52.5
AVG. MINIMUM     24.4              30.9    -6.5     30.5
MEAN             33.5              40.6    -7.1     41.5
DAYS MAX >= 90      0               0.0     0.0        0
DAYS MAX <= 32      5               1.9     3.1        0
DAYS MIN <= 32     23              16.4     6.6       19
DAYS MIN <= 0       0               0.0     0.0        0

PRECIPITATION (INCHES)
TOTALS           1.91              2.72   -0.81     0.49
DAILY AVG.       0.06              0.09   -0.03     0.02
DAYS >= .01        10               8.0     2.0        6
DAYS >= .10         6               3.9     2.1        2
DAYS >= .50         1               1.4    -0.4        0
DAYS >= 1.00        0               0.3    -0.3        0
GREATEST
 24 HR. TOTAL    0.74   11/04 TO 11/04

DEGREE_DAYS
HEATING TOTAL     937               732     205      695
 SINCE 7/1       1375              1221     154     1019
COOLING TOTAL       0                 0       0        0
 SINCE 1/1       1483               939     544     1121
.................................................................

WIND (MPH)
AVERAGE WIND SPEED              8.3
HIGHEST WIND SPEED/DIRECTION    35/360    DATE  11/25
HIGHEST GUST SPEED/DIRECTION    48/010    DATE  11/25

SKY COVER
POSSIBLE SUNSHINE (PERCENT)   MM
AVERAGE SKY COVER           0.40
NUMBER OF DAYS FAIR           15
NUMBER OF DAYS PC              9
NUMBER OF DAYS CLOUDY          6

AVERAGE RH (PERCENT)     79



-  INDICATES NEGATIVE NUMBERS.
R  INDICATES RECORD WAS SET OR TIED.
MM INDICATES DATA IS MISSING.
T  INDICATES TRACE AMOUNT.

$$
