000
CXUS53 KEAX 011123
CLMIRK

CLIMATE REPORT
NATIONAL WEATHER SERVICE KANSAS CITY/PLEASANT HILL MO
618 AM CDT MON OCT 1 2018

...................................

...THE KIRKSVILLE CLIMATE SUMMARY FOR THE MONTH OF SEPTEMBER 2018...

CLIMATE NORMAL PERIOD 1981 TO 2010
CLIMATE RECORD PERIOD 9999 TO 9999

WEATHER         OBSERVED          NORMAL  DEPART  LAST YEAR`S
                 VALUE   DATE(S)  VALUE   FROM    VALUE  DATE(S)
                                          NORMAL
................................................................
TEMPERATURE (F)
HIGHEST            91   09/20        89       2       93  09/23
                        09/19                             09/22
                                                          09/21
LOWEST             41   09/27        37       4       43  09/28
                        09/26                             09/07
AVG. MAXIMUM     79.8              75.8     4.0     82.2
AVG. MINIMUM     57.9              53.1     4.8     55.3
MEAN             68.9              64.5     4.4     68.8
DAYS MAX >= 90      4               1.6     2.4        6
DAYS MAX <= 32      0               0.0     0.0        0
DAYS MIN <= 32      0               0.2    -0.2        0
DAYS MIN <= 0       0               0.0     0.0        0

PRECIPITATION (INCHES)
TOTALS           2.58              4.11   -1.53     0.23
DAILY AVG.       0.09              0.14   -0.05     0.01
DAYS >= .01         8               9.1    -1.1        3
DAYS >= .10         5               4.9     0.1        1
DAYS >= .50         2               2.5    -0.5        0
DAYS >= 1.00        1               1.5    -0.5        0
GREATEST
 24 HR. TOTAL    1.25   09/05 TO 09/05

DEGREE_DAYS
HEATING TOTAL      60               100     -40       37
 SINCE 7/1         60               107     -47       38
COOLING TOTAL     182                83      99      156
 SINCE 1/1       1438               927     511     1081
.................................................................

WIND (MPH)
AVERAGE WIND SPEED              7.1
HIGHEST WIND SPEED/DIRECTION    24/290    DATE  09/21
HIGHEST GUST SPEED/DIRECTION    40/300    DATE  09/21

SKY COVER
POSSIBLE SUNSHINE (PERCENT)   MM
AVERAGE SKY COVER           0.30
NUMBER OF DAYS FAIR           21
NUMBER OF DAYS PC              4
NUMBER OF DAYS CLOUDY          5

AVERAGE RH (PERCENT)     78

WEATHER CONDITIONS. NUMBER OF DAYS WITH
  0
  3
  0
  0
  0
  0
  1
HAZE                      1

-  INDICATES NEGATIVE NUMBERS.
R  INDICATES RECORD WAS SET OR TIED.
MM INDICATES DATA IS MISSING.
T  INDICATES TRACE AMOUNT.

$$
