000
CXUS53 KBIS 020008 RRA
CLMISN

CLIMATE REPORT
NATIONAL WEATHER SERVICE BISMARCK ND
706 PM CDT SUN JUL 1 2018

...................................

...THE WILLISTON ND CLIMATE SUMMARY FOR THE MONTH OF JUNE 2018...

CLIMATE NORMAL PERIOD 1981 TO 2010
CLIMATE RECORD PERIOD 1894 TO 2018

WEATHER         OBSERVED          NORMAL  DEPART  LAST YEAR`S
                 VALUE   DATE(S)  VALUE   FROM    VALUE  DATE(S)
                                          NORMAL
................................................................
TEMPERATURE (F)
RECORD
 HIGH             108   06/16/1931
 LOW               26   06/04/1998
HIGHEST            92   06/09                         96  06/05
LOWEST             42   06/13                         42  06/04
AVG. MAXIMUM     80.6              76.8     3.8     82.0
AVG. MINIMUM     53.9              49.7     4.2     51.3
MEAN             67.3              63.2     4.1     66.7
DAYS MAX >= 90      1               2.9    -1.9        5
DAYS MAX <= 32      0               0.0     0.0        0
DAYS MIN <= 32      0               0.4    -0.4        0
DAYS MIN <= 0       0               0.0     0.0        0

PRECIPITATION (INCHES)
RECORD
 MAXIMUM         8.84   1901
 MINIMUM         0.43   1961
TOTALS           3.01              2.52    0.49     1.29
DAILY AVG.       0.10              0.08    0.02     0.04
DAYS >= .01         8              11.5    -3.5       10
DAYS >= .10         6               6.0     0.0        4
DAYS >= .50         3               1.6     1.4        1
DAYS >= 1.00        1               0.3     0.7        0
GREATEST
 24 HR. TOTAL    1.24   06/23 TO 06/23              0.54

DEGREE_DAYS
COOLING TOTAL     104                68      36
 SINCE 1/1        147                81      66
.................................................................

WIND (MPH)
HIGHEST WIND SPEED/DIRECTION    52/270    DATE  06/28
HIGHEST GUST SPEED/DIRECTION    67/270    DATE  06/28

SKY COVER
POSSIBLE SUNSHINE (PERCENT)   MM
NUMBER OF DAYS FAIR           19
NUMBER OF DAYS PC              9
NUMBER OF DAYS CLOUDY          2


WEATHER CONDITIONS. NUMBER OF DAYS WITH
THUNDERSTORM              6     MIXED PRECIP               0
HEAVY RAIN                2     RAIN                       5
LIGHT RAIN               12     FREEZING RAIN              0
LT FREEZING RAIN          0     HAIL                       0
HEAVY SNOW                0     SNOW                       0
LIGHT SNOW                0     SLEET                      0
FOG                       7     FOG W/VIS <= 1/4 MILE      1
HAZE                      0

-  INDICATES NEGATIVE NUMBERS.
R  INDICATES RECORD WAS SET OR TIED.
MM INDICATES DATA IS MISSING.
T  INDICATES TRACE AMOUNT.

$$
