000
CXUS53 KGLD 051531
CLMITR

CLIMATE REPORT
NATIONAL WEATHER SERVICE GOODLAND
926 AM MDT FRI OCT 5 2018
...................................
...THE BURLINGTON CLIMATE SUMMARY FOR THE MONTH OF SEPTEMBER 2018...

CLIMATE NORMAL PERIOD 1981 TO 2010
CLIMATE RECORD PERIOD 1896 TO 2018

WEATHER         OBSERVED          NORMAL  DEPART  LAST YEAR`S
                 VALUE   DATE(S)  VALUE   FROM    VALUE  DATE(S)
                                          NORMAL
................................................................
TEMPERATURE (F)
RECORD
 HIGH             102   09/02/1960
 LOW               20   09/30/1985
HIGHEST            95   09/18        95       0       97  09/03
LOWEST             34   09/26        35      -1       37  09/27
                                                          09/20
AVG. MAXIMUM     80.6              78.3     2.3     79.6
AVG. MINIMUM     52.5              48.2     4.3     49.3
MEAN             66.6              63.3     3.3     64.4
DAYS MAX >= 90     10               3.8     6.2       11
DAYS MAX <= 32      0               0.0     0.0        0
DAYS MIN <= 32      0               0.4    -0.4        0
DAYS MIN <= 0       0               0.0     0.0        0

PRECIPITATION (INCHES)
RECORD
 MAXIMUM         5.45   2013
 MINIMUM         0.00   1974
TOTALS           0.72              1.14   -0.42     1.24
DAILY AVG.       0.02              0.04   -0.02     0.04
DAYS >= .01         6                MM      MM        7
DAYS >= .10         2                MM      MM        4
DAYS >= .50         0                MM      MM        1
DAYS >= 1.00        0                MM      MM        0
GREATEST
 24 HR. TOTAL    0.44   09/03 TO 09/03              0.53

.................................................................

-  INDICATES NEGATIVE NUMBERS.
R  INDICATES RECORD WAS SET OR TIED.
MM INDICATES DATA IS MISSING.
T  INDICATES TRACE AMOUNT.

$$
