291
CXUS53 KGLD 030104
CLMITR

CLIMATE REPORT
NATIONAL WEATHER SERVICE GOODLAND
559 PM MST SAT FEB 2 2019

...................................

...THE BURLINGTON CLIMATE SUMMARY FOR THE MONTH OF JANUARY 2019...

CLIMATE NORMAL PERIOD 1981 TO 2010
CLIMATE RECORD PERIOD 1896 TO 2019

WEATHER         OBSERVED          NORMAL  DEPART  LAST YEAR`S
                 VALUE   DATE(S)  VALUE   FROM    VALUE  DATE(S)
                                          NORMAL
................................................................
TEMPERATURE (F)
RECORD
 HIGH              79   01/27/1951
 LOW              -25   01/04/1959
HIGHEST            65   01/05        66      -1       74  01/19
LOWEST              2   01/01        -1       3       -7  01/16
AVG. MAXIMUM     46.9              42.1     4.8     48.2
AVG. MINIMUM     16.4              16.7    -0.3     15.6
MEAN             31.6              29.4     2.2     31.9
DAYS MAX >= 90      0               0.0     0.0        0
DAYS MAX <= 32      3               7.3    -4.3        4
DAYS MIN <= 32     31              30.5     0.5       30
DAYS MIN <= 0       0               1.0    -1.0        4

PRECIPITATION (INCHES)
RECORD
 MAXIMUM         1.77   1960
 MINIMUM         0.00   2007
TOTALS           0.48              0.38    0.10     1.06
DAILY AVG.       0.02              0.01    0.01     0.03
DAYS >= .01         4               2.8     1.2        4
DAYS >= .10         2               1.3     0.7        1
DAYS >= .50         0               0.1    -0.1        1
DAYS >= 1.00        0               0.0     0.0        0
GREATEST
 24 HR. TOTAL    0.27   01/22 TO 01/22              0.91


.................................................................



-  INDICATES NEGATIVE NUMBERS.
R  INDICATES RECORD WAS SET OR TIED.
MM INDICATES DATA IS MISSING.
T  INDICATES TRACE AMOUNT.

$$
