000
CXUS53 KGLD 032352 RRA
CLMITR

CLIMATE REPORT
NATIONAL WEATHER SERVICE GOODLAND
549 PM MDT TUE JUL 3 2018

...................................

...THE BURLINGTON CLIMATE SUMMARY FOR THE MONTH OF JUNE 2018...

CLIMATE NORMAL PERIOD 1981 TO 2010
CLIMATE RECORD PERIOD 1896 TO 2018

WEATHER         OBSERVED          NORMAL  DEPART  LAST YEAR`S
                 VALUE   DATE(S)  VALUE   FROM    VALUE  DATE(S)
                                          NORMAL
................................................................
TEMPERATURE (F)
RECORD
 HIGH             112   06/15/1952
 LOW               31   06/04/1919
HIGHEST           102   06/28        99       3       99  06/21
LOWEST             47   06/03        45       2       47  06/14
AVG. MAXIMUM     89.5              82.8     6.7     84.6
AVG. MINIMUM     56.6              54.2     2.4     55.7
MEAN             73.1              68.5     4.6     70.2
DAYS MAX >= 90     15               6.9     8.1        8
DAYS MAX <= 32      0               0.0     0.0        0
DAYS MIN <= 32      0               0.0     0.0        0
DAYS MIN <= 0       0               0.0     0.0        0

PRECIPITATION (INCHES)
RECORD
 MAXIMUM         7.87   1965
 MINIMUM         0.00   1952
TOTALS           3.31              2.88    0.43     4.24
DAILY AVG.       0.11              0.10    0.01     0.14
DAYS >= .01         8                MM      MM        9
DAYS >= .10         5                MM      MM        5
DAYS >= .50         2                MM      MM        3
DAYS >= 1.00        1                MM      MM        2
GREATEST
 24 HR. TOTAL    1.86   06/24 TO 06/24              1.51


.................................................................



-  INDICATES NEGATIVE NUMBERS.
R  INDICATES RECORD WAS SET OR TIED.
MM INDICATES DATA IS MISSING.
T  INDICATES TRACE AMOUNT.

$$
