078
CXUS54 KJAN 011842
CLMJAN


CLIMATE REPORT
NATIONAL WEATHER SERVICE JACKSON MS
137 PM CDT SUN JUL 1 2018

...................................

...THE JACKSON CLIMATE SUMMARY FOR THE MONTH OF JUNE 2018...

CLIMATE NORMAL PERIOD 1981 TO 2010
CLIMATE RECORD PERIOD 1896 TO 2018

WEATHER         OBSERVED          NORMAL  DEPART  LAST YEAR`S
                 VALUE   DATE(S)  VALUE   FROM    VALUE  DATE(S)
                                          NORMAL
................................................................
TEMPERATURE (F)
RECORD
 HIGH             105   06/29/1988
                        06/20/1936
 LOW               48   06/03/1956
HIGHEST            97   06/30        96       1       93  06/30
LOWEST             62   06/04        56       6       58  06/09
                                                          06/08
AVG. MAXIMUM     91.0              89.5     1.5     86.4
AVG. MINIMUM     70.5              68.6     1.9     68.6
MEAN             80.7              79.0     1.7     77.5
DAYS MAX >= 90     21              15.1     5.9        8
DAYS MAX <= 32      0               0.0     0.0        0
DAYS MIN <= 32      0               0.0     0.0        0
DAYS MIN <= 0       0               0.0     0.0        0

PRECIPITATION (INCHES)
RECORD
 MAXIMUM         9.69   1909
 MINIMUM            T   1930
TOTALS           2.46              4.12   -1.66     8.42
DAILY AVG.       0.08              0.14   -0.06     0.28
DAYS >= .01        10               9.4     0.6       18
DAYS >= .10         8               6.3     1.7       13
DAYS >= .50         2               2.7    -0.7        6
DAYS >= 1.00        0               1.2    -1.2        3
GREATEST
 24 HR. TOTAL    0.62   06/30 TO 06/30              1.70

SNOWFALL (INCHES)
RECORDS
 TOTAL            0.0   MM
TOTALS            0.0               0.0     0.0      0.0
SINCE 7/1         5.9               0.8     5.1      0.8
DAYS >= TRACE       0
DAYS >= 1.0         0               0.0     0.0        0
GREATEST
 24 HR TOTAL      0.0   06/30 TO 06/30

DEGREE_DAYS
HEATING TOTAL       0                 0       0        0
 SINCE 7/1       2050              2391    -341     1328
COOLING TOTAL     478               422      56      381
 SINCE 1/1        966               780     186      877
.................................................................

WIND (MPH)
AVERAGE WIND SPEED              4.9
HIGHEST WIND SPEED/DIRECTION    37/080    DATE  06/30
HIGHEST GUST SPEED/DIRECTION    53/080    DATE  06/30

SKY COVER
POSSIBLE SUNSHINE (PERCENT)   MM
AVERAGE SKY COVER           0.30
NUMBER OF DAYS FAIR           18
NUMBER OF DAYS PC             12
NUMBER OF DAYS CLOUDY          0

AVERAGE RH (PERCENT)     74

WEATHER CONDITIONS. NUMBER OF DAYS WITH
THUNDERSTORM             15     MIXED PRECIP               0
HEAVY RAIN                1     RAIN                       5
LIGHT RAIN                9     FREEZING RAIN              0
LT FREEZING RAIN          0     HAIL                       0
HEAVY SNOW                0     SNOW                       0
LIGHT SNOW                0     SLEET                      0
FOG                      12     FOG W/VIS <= 1/4 MILE      1
HAZE                      3


-  INDICATES NEGATIVE NUMBERS.
R  INDICATES RECORD WAS SET OR TIED.
MM INDICATES DATA IS MISSING.
T  INDICATES TRACE AMOUNT.

$$
