000
CXUS54 KMEG 020130
CLMJBR


CLIMATE REPORT
NATIONAL WEATHER SERVICE MEMPHIS TN
722 PM CST THU FEB 1 2018

...................................

...THE JONESBORO CLIMATE SUMMARY FOR THE MONTH OF JANUARY 2018...

CLIMATE NORMAL PERIOD 1981 TO 2010
CLIMATE RECORD PERIOD 1897 TO 2018

WEATHER         OBSERVED          NORMAL  DEPART  LAST YEAR`S
                 VALUE   DATE(S)  VALUE   FROM    VALUE  DATE(S)
                                          NORMAL
................................................................
TEMPERATURE (F)
RECORD
 HIGH              82   01/21/1906
 LOW              -18   01/12/1918
HIGHEST            65   01/21        45      20       73  01/12
LOWEST              7   01/02        27      20       10  01/08
                        01/01
AVG. MAXIMUM     43.0              46.2    -3.2     51.7
AVG. MINIMUM     26.5              28.7    -2.2     35.7
MEAN             34.7              37.5    -2.8     43.7
DAYS MAX >= 90      0               0.0     0.0        0
DAYS MAX <= 32      8               3.5     4.5        4
DAYS MIN <= 32     21              20.8     0.2        8
DAYS MIN <= 0       0               0.0     0.0        0

PRECIPITATION (INCHES)
RECORD
 MAXIMUM        18.95   1937
 MINIMUM         0.05   1905
TOTALS           2.51              3.43   -0.92     3.70
DAILY AVG.       0.08              0.11   -0.03     0.12
DAYS >= .01         7                MM      MM        8
DAYS >= .10         6                MM      MM        5
DAYS >= .50         1                MM      MM        2
DAYS >= 1.00        0                MM      MM        2
GREATEST
 24 HR. TOTAL    0.80   01/22 TO 01/22

SNOWFALL (INCHES)
RECORDS
 TOTAL           16.5   1918
TOTALS            1.0               2.2    -1.2      0.0
SINCE 7/1         1.0               2.8    -1.8        T
SNOWDEPTH AVG.      0                MM      MM        0
DAYS >= 1.0         1                MM      MM        0
GREATEST
 SNOW DEPTH         1   01/17                          0  MM
                        01/16
 24 HR TOTAL      1.0   01/16 TO 01/16

DEGREE_DAYS
HEATING TOTAL     929               854      75      652
 SINCE 7/1       2229              2296     -67     1736
COOLING TOTAL       0                 0       0        0
 SINCE 1/1          0                 0       0        0
.................................................................

WIND (MPH)
AVERAGE WIND SPEED              8.7
HIGHEST WIND SPEED/DIRECTION    32/230    DATE  01/22
HIGHEST GUST SPEED/DIRECTION    43/250    DATE  01/22

SKY COVER
POSSIBLE SUNSHINE (PERCENT)   MM
AVERAGE SKY COVER           0.40
NUMBER OF DAYS FAIR           16
NUMBER OF DAYS PC              8
NUMBER OF DAYS CLOUDY          7

AVERAGE RH (PERCENT)     73

WEATHER CONDITIONS. NUMBER OF DAYS WITH
THUNDERSTORM              0     MIXED PRECIP               0
HEAVY RAIN                2     RAIN                       5
LIGHT RAIN                8     FREEZING RAIN              0
LT FREEZING RAIN          0     HAIL                       0
HEAVY SNOW                0     SNOW                       0
LIGHT SNOW                5     SLEET                      2
FOG                      11     FOG W/VIS <= 1/4 MILE      4
HAZE                      1

-  INDICATES NEGATIVE NUMBERS.
R  INDICATES RECORD WAS SET OR TIED.
MM INDICATES DATA IS MISSING.
T  INDICATES TRACE AMOUNT.

$$
