000
CXUS54 KMEG 021954
CLMJBR


CLIMATE REPORT
NATIONAL WEATHER SERVICE MEMPHIS TN
253 PM CDT TUE OCT 2 2018

...................................

...THE JONESBORO CLIMATE SUMMARY FOR THE MONTH OF SEPTEMBER 2018...

CLIMATE NORMAL PERIOD 1981 TO 2010
CLIMATE RECORD PERIOD 1897 TO 2018

WEATHER         OBSERVED          NORMAL  DEPART  LAST YEAR`S
                 VALUE   DATE(S)  VALUE   FROM    VALUE  DATE(S)
                                          NORMAL
................................................................
TEMPERATURE (F)
RECORD
 HIGH             110   09/09/1925
                        09/07/1925
                        09/06/1925
 LOW               33   09/30/1916
HIGHEST            96   09/20        MM      MM       94  09/22
                                                          09/21
LOWEST             51   09/28        MM      MM       50  09/07
AVG. MAXIMUM     84.8              83.2     1.6     85.5
AVG. MINIMUM     66.1              60.6     5.5     62.6
MEAN             75.4              71.9     3.5     74.1
DAYS MAX >= 90     13               4.5     8.5       12
DAYS MAX <= 32      0               0.0     0.0        0
DAYS MIN <= 32      0               0.0     0.0        0
DAYS MIN <= 0       0               0.0     0.0        0

PRECIPITATION (INCHES)
RECORD
 MAXIMUM        12.27   1906
 MINIMUM         0.00   1897
TOTALS           8.32              3.06    5.26     0.39
DAILY AVG.       0.28              0.10    0.18     0.01
DAYS >= .01        11                MM      MM        5
DAYS >= .10         8                MM      MM        1
DAYS >= .50         5                MM      MM        0
DAYS >= 1.00        3                MM      MM        0
GREATEST
 24 HR. TOTAL    2.45   09/09 TO 09/09

SNOWFALL (INCHES)
RECORDS
 TOTAL            0.0   2002
                        2001
TOTALS            0.0               0.0     0.0      0.0
SINCE 7/1         0.0               0.0     0.0      0.0
SNOWDEPTH AVG.      0                MM      MM        0
DAYS >= 1.0         0                MM      MM        0
GREATEST
 SNOW DEPTH         0   MM                             0  MM
 24 HR TOTAL      0.0   09/30 TO 09/30

DEGREE_DAYS
HEATING TOTAL       3                18     -15        2
 SINCE 7/1          3                18     -15        2
COOLING TOTAL     326               225     101      281
 SINCE 1/1       2175              1771     404     1814
.................................................................

WIND (MPH)
AVERAGE WIND SPEED              5.5
HIGHEST WIND SPEED/DIRECTION    22/220    DATE  09/07
HIGHEST GUST SPEED/DIRECTION    28/030    DATE  09/22

SKY COVER
POSSIBLE SUNSHINE (PERCENT)   MM
AVERAGE SKY COVER           0.40
NUMBER OF DAYS FAIR           20
NUMBER OF DAYS PC              3
NUMBER OF DAYS CLOUDY          7

AVERAGE RH (PERCENT)     83

WEATHER CONDITIONS. NUMBER OF DAYS WITH
  0
  5
  0
  0
  0
  0
  2
HAZE                      4

-  INDICATES NEGATIVE NUMBERS.
R  INDICATES RECORD WAS SET OR TIED.
MM INDICATES DATA IS MISSING.
T  INDICATES TRACE AMOUNT.

$$
