000
CXUS54 KMEG 011416
CLMJBR


CLIMATE REPORT
NATIONAL WEATHER SERVICE MEMPHIS TN
914 AM CDT TUE MAY 1 2018

...................................

...THE JONESBORO CLIMATE SUMMARY FOR THE MONTH OF APRIL 2018...

CLIMATE NORMAL PERIOD 1981 TO 2010
CLIMATE RECORD PERIOD 1897 TO 2018

WEATHER         OBSERVED          NORMAL  DEPART  LAST YEAR`S
                 VALUE   DATE(S)  VALUE   FROM    VALUE  DATE(S)
                                          NORMAL
................................................................
TEMPERATURE (F)
RECORD
 HIGH              96   04/30/1901
                        04/29/1901
 LOW                0   04/01/2016
HIGHEST            81   04/12        70      11       86  04/29
LOWEST             28   04/07        49    -21M       40  04/08
AVG. MAXIMUM     64.8              70.3    -5.5     74.5
AVG. MINIMUM     42.8              49.4    -6.6     53.0
MEAN             53.8              59.9    -6.1     63.8
DAYS MAX >= 90      0               0.1    -0.1        0
DAYS MAX <= 32      0               0.0     0.0        0
DAYS MIN <= 32      2               0.6     1.4        0
DAYS MIN <= 0       0               0.0     0.0        0

PRECIPITATION (INCHES)
RECORD
 MAXIMUM        15.08   1927
 MINIMUM         0.54   2001
TOTALS           5.59              5.02    0.57     8.68
DAILY AVG.       0.19              0.17    0.02     0.29
DAYS >= .01        11                MM      MM       12
DAYS >= .10         7                MM      MM        8
DAYS >= .50         3                MM      MM        3
DAYS >= 1.00        2                MM      MM        3
GREATEST
 24 HR. TOTAL    1.92   04/22 TO 04/22

SNOWFALL (INCHES)
RECORDS
 TOTAL            0.0   2002
                        1993
                        1973
TOTALS            0.0               0.0     0.0      0.0
SINCE 7/1         1.0               4.8    -3.8        T
SNOWDEPTH AVG.      0                MM      MM        0
DAYS >= 1.0         0                MM      MM        0
GREATEST
 SNOW DEPTH         0   MM                             0  MM
 24 HR TOTAL      0.0   04/30 TO 04/30

DEGREE_DAYS
HEATING TOTAL     339               195     144       94
 SINCE 7/1       3520              3615     -95     2591
COOLING TOTAL       9                41     -32       64
 SINCE 1/1         16                47     -31       74
.................................................................

WIND (MPH)
AVERAGE WIND SPEED              9.5
HIGHEST WIND SPEED/DIRECTION    38/240    DATE  04/13
HIGHEST GUST SPEED/DIRECTION    57/240    DATE  04/13

SKY COVER
POSSIBLE SUNSHINE (PERCENT)   MM
AVERAGE SKY COVER           0.40
NUMBER OF DAYS FAIR           17
NUMBER OF DAYS PC              7
NUMBER OF DAYS CLOUDY          6

AVERAGE RH (PERCENT)     71

WEATHER CONDITIONS. NUMBER OF DAYS WITH
  0
  7
  0
  0
  0
  0
  0
HAZE                      0

-  INDICATES NEGATIVE NUMBERS.
R  INDICATES RECORD WAS SET OR TIED.
MM INDICATES DATA IS MISSING.
T  INDICATES TRACE AMOUNT.

$$
