000
CXUS51 KOKX 011516
CLMJFK

CLIMATE REPORT
NATIONAL WEATHER SERVICE NEW YORK NY
1110 AM EDT FRI JUN 1 2018

...................................

...THE KENNEDY NY CLIMATE SUMMARY FOR THE MONTH OF MAY 2018...

CLIMATE NORMAL PERIOD 1981 TO 2010
CLIMATE RECORD PERIOD 1948 TO 2018

WEATHER         OBSERVED          NORMAL  DEPART  LAST YEAR`S
                 VALUE   DATE(S)  VALUE   FROM    VALUE  DATE(S)
                                          NORMAL
................................................................
TEMPERATURE (F)
RECORD
 HIGH              99   05/29/1969
 LOW               34   05/10/1966
HIGHEST            84   05/03        MM      MM       92  05/19
LOWEST             47   05/01        MM      MM       42  05/08
AVG. MAXIMUM     71.3              68.5     2.8     67.4
AVG. MINIMUM     55.4              52.8     2.6     53.6
MEAN             63.4              60.6     2.8     60.5
DAYS MAX >= 90      0               0.2    -0.2        1
DAYS MAX <= 32      0               0.0     0.0        0
DAYS MIN <= 32      0               0.0     0.0        0
DAYS MIN <= 0       0               0.0     0.0        0

PRECIPITATION (INCHES)
RECORD
 MAXIMUM        10.71   1989
 MINIMUM         0.46   2015
TOTALS           4.07              3.94    0.13     5.83
DAILY AVG.       0.13              0.13    0.00     0.19
DAYS >= .01        12              11.5     0.5       11
DAYS >= .10        10               7.0     3.0        6
DAYS >= .50         3               2.7     0.3        4
DAYS >= 1.00        0               1.0    -1.0        3
GREATEST
 24 HR. TOTAL    0.89   05/27 TO 05/27           05/05 TO 05/05
                                                          05/31 TO 05/31EATHER         OBSERVED          NORMAL  DEPART  LAST YEAR`S
                                                          05/31 TO 05/31EATHER         OBSERVED          NORMAL  DEPART  LAST YEAR`S
 STORM TOTAL       MM                                 MM
 (MM/DD(HH))            MM                    05/05(00) TO 05/05(00)
                                                 05/31(00) TO 05/31(00)1EATHER         OBSERVED          NORMAL  DEPART  LAST YEAR`S
                                                 05/31(00) TO 05/31(00)1EATHER         OBSERVED          NORMAL  DEPART  LAST YEAR`S

SNOWFALL (INCHES)
RECORDS
 TOTAL              T   1995
                        1967
                        0
 24 HR TOTAL       MM
TOTALS            0.0               0.0     0.0      0.0
 LIQUID EQUIV    0.00              0.00    0.00     0.00
SINCE 7/1        35.5              23.8    11.7
 LIQUID 7/1      3.55              2.40             3.09
DAYS >= TRACE       0               0.0     0.0        0
DAYS >= 1.0         0               0.0     0.0        0
GREATEST
 SNOW DEPTH         0   MM                             0  MM
 24 HR TOTAL      0.0   05/31 TO 05/31           05/31 TO 05/31
                                                          05/31 TO 05/31EATHER         OBSERVED          NORMAL  DEPART  LAST YEAR`S
                                                          05/31 TO 05/31EATHER         OBSERVED          NORMAL  DEPART  LAST YEAR`S
 STORM TOTAL       MM                                 MM
 (MM/DD(HH))            MM                    05/31(00) TO 05/31(00)
                                                 05/31(00) TO 05/31(00)1EATHER         OBSERVED          NORMAL  DEPART  LAST YEAR`S
                                                 05/31(00) TO 05/31(00)1EATHER         OBSERVED          NORMAL  DEPART  LAST YEAR`S

DEGREE_DAYS
HEATING TOTAL      95               167     -72      171
 SINCE 7/1       4795              4818     -23     4177
COOLING TOTAL      53                32      21       38
 SINCE 1/1         53                35      18       50
.................................................................

WIND (MPH)
AVERAGE WIND SPEED              9.4
HIGHEST WIND SPEED/DIRECTION    44/290    DATE  05/15
HIGHEST GUST SPEED/DIRECTION    55/290    DATE  05/15

SKY COVER
POSSIBLE SUNSHINE (PERCENT)   MM
AVERAGE SKY COVER           0.70
NUMBER OF DAYS FAIR            2
NUMBER OF DAYS PC             12
NUMBER OF DAYS CLOUDY         17

AVERAGE RH (PERCENT)     74

WEATHER CONDITIONS. NUMBER OF DAYS WITH
  0
  6
  0
  0
  0
  0
  9
HAZE                      0

-  INDICATES NEGATIVE NUMBERS.
R  INDICATES RECORD WAS SET OR TIED.
MM INDICATES DATA IS MISSING.
T  INDICATES TRACE AMOUNT.

$$
