000
CXUS51 KOKX 031737
CLMJFK

CLIMATE REPORT
NATIONAL WEATHER SERVICE NEW YORK NY
1235 PM EST MON DEC 3 2018

...................................

...THE KENNEDY NY CLIMATE SUMMARY FOR THE MONTH OF NOVEMBER 2018...

CLIMATE NORMAL PERIOD 1981 TO 2010
CLIMATE RECORD PERIOD 1948 TO 2018

WEATHER         OBSERVED          NORMAL  DEPART  LAST YEAR`S
                 VALUE   DATE(S)  VALUE   FROM    VALUE  DATE(S)
                                          NORMAL
................................................................
TEMPERATURE (F)
RECORD
 HIGH              77   11/15/1993
                        11/04/1975
 LOW               15   11/23/2018
HIGHEST            66   11/02        MM      MM       73  11/03
                        11/01
LOWEST             15R  11/23        MM      MM       24  11/11
AVG. MAXIMUM     50.5              54.3    -3.8     54.0
AVG. MINIMUM     38.1              40.7    -2.6     38.2
MEAN             44.3              47.5    -3.2     46.1
DAYS MAX >= 90      0               0.0     0.0        0
DAYS MAX <= 32      2               0.1     1.9        0
DAYS MIN <= 32      7               3.1     3.9        6
DAYS MIN <= 0       0               0.0     0.0        0

PRECIPITATION (INCHES)
RECORD
 MAXIMUM         9.51   1972
 MINIMUM         0.32   1976
TOTALS           7.80              3.30    4.50     1.80
DAILY AVG.       0.26              0.11    0.15     0.06
DAYS >= .01        15               9.4     5.6        8
DAYS >= .10        10               6.1     3.9        5
DAYS >= .50         6               2.4     3.6        1
DAYS >= 1.00        4               0.8     3.2        0
GREATEST
 24 HR. TOTAL    1.22   11/25 TO 11/25           11/07 TO 11/07
                                                          11/20 TO 11/20EATHER         OBSERVED          NORMAL  DEPART  LAST YEAR`S
                                                          11/20 TO 11/20EATHER         OBSERVED          NORMAL  DEPART  LAST YEAR`S
 STORM TOTAL       MM                                 MM
 (MM/DD(HH))            MM                    11/07(00) TO 11/07(00)
                                                 11/20(00) TO 11/20(00)0EATHER         OBSERVED          NORMAL  DEPART  LAST YEAR`S
                                                 11/20(00) TO 11/20(00)0EATHER         OBSERVED          NORMAL  DEPART  LAST YEAR`S

SNOWFALL (INCHES)
RECORDS
 TOTAL             MM   5
 24 HR TOTAL       MM
TOTALS            4.8               0.2     4.6        T
 LIQUID EQUIV    0.48              0.00    0.48       MM
SINCE 7/1         4.8               0.2     4.6
 LIQUID 7/1      0.48              0.00               MM
DAYS >= TRACE       4               0.2     3.8        1
DAYS >= 1.0         1               0.1     0.9        0
GREATEST
 SNOW DEPTH         1   11/16                          0  MM
 24 HR TOTAL      4.8   11/15 TO 11/15           11/20 TO 11/20
                                                          11/20 TO 11/20EATHER         OBSERVED          NORMAL  DEPART  LAST YEAR`S
                                                          11/20 TO 11/20EATHER         OBSERVED          NORMAL  DEPART  LAST YEAR`S
 STORM TOTAL       MM                                 MM
 (MM/DD(HH))            MM                    11/20(00) TO 11/20(00)
                                                 11/20(00) TO 11/20(00)0EATHER         OBSERVED          NORMAL  DEPART  LAST YEAR`S
                                                 11/20(00) TO 11/20(00)0EATHER         OBSERVED          NORMAL  DEPART  LAST YEAR`S

DEGREE_DAYS
HEATING TOTAL     612               525      87      560
 SINCE 7/1        893               824      69      685
COOLING TOTAL       0                 0       0        1
 SINCE 1/1       1220              1005     215     1174
.................................................................

WIND (MPH)
AVERAGE WIND SPEED              13.0
HIGHEST WIND SPEED/DIRECTION    39/330    DATE  11/25
HIGHEST GUST SPEED/DIRECTION    46/040    DATE  11/25

SKY COVER
POSSIBLE SUNSHINE (PERCENT)   MM
AVERAGE SKY COVER           0.70
NUMBER OF DAYS FAIR            4
NUMBER OF DAYS PC             10
NUMBER OF DAYS CLOUDY         16

AVERAGE RH (PERCENT)     71

WEATHER CONDITIONS. NUMBER OF DAYS WITH
  0
 10
  0
  0
  1
  1
  3
HAZE                      2

-  INDICATES NEGATIVE NUMBERS.
R  INDICATES RECORD WAS SET OR TIED.
MM INDICATES DATA IS MISSING.
T  INDICATES TRACE AMOUNT.

$$
