000
CXUS53 KJKL 011535
CLMJKL

CLIMATE REPORT
NATIONAL WEATHER SERVICE JACKSON KY
1135 AM EDT FRI JUN 1 2018

...................................

...THE JACKSON KY CLIMATE SUMMARY FOR THE MONTH OF MAY 2018...

CLIMATE NORMAL PERIOD 1981 TO 2010
CLIMATE RECORD PERIOD 1981 TO 2018

WEATHER         OBSERVED          NORMAL  DEPART  LAST YEAR`S
                 VALUE   DATE(S)  VALUE   FROM    VALUE  DATE(S)
                                          NORMAL
................................................................
TEMPERATURE (F)
RECORD
 HIGH              91   05/31/2006
 LOW               32   05/03/2004
                        05/16/1997
                        05/07/1989
HIGHEST            89   05/15        86       3       87  05/17
LOWEST             52   05/07        41      11       38  05/07
                        05/01
AVG. MAXIMUM     82.4              74.6     7.8     74.4
AVG. MINIMUM     63.0              54.7     8.3     55.7
MEAN             72.7              64.6     8.1     65.0
DAYS MAX >= 90      0               0.0     0.0        0
DAYS MAX <= 32      0               0.0     0.0        0
DAYS MIN <= 32      0               0.0     0.0        0
DAYS MIN <= 0       0               0.0     0.0        0

PRECIPITATION (INCHES)
RECORD
 MAXIMUM        10.78   2004
 MINIMUM         1.74   2015
TOTALS           6.18              5.20    0.98     7.41
DAILY AVG.       0.20              0.17    0.03     0.24
DAYS >= .01        14              13.8     0.2       17
DAYS >= .10        12               9.7     2.3       14
DAYS >= .50         4               3.4     0.6        4
DAYS >= 1.00        3               1.4     1.6        2
GREATEST
 24 HR. TOTAL    1.53   05/05 TO 05/05              1.85

SNOWFALL (INCHES)
RECORDS
 TOTAL            1.0   1989
TOTALS            0.0                 T     0.0      0.0
SINCE 7/1        22.5              23.5    -1.0      4.8
SNOWDEPTH AVG.      0                MM      MM        0
DAYS >= 1.0         0               0.0     0.0        0
GREATEST
 SNOW DEPTH         0   MM                             0
 24 HR TOTAL      0.0   MM                           0.0

DEGREE_DAYS
HEATING TOTAL       3               101     -98       88
 SINCE 7/1       4140              4222     -82     3209
COOLING TOTAL     248                90     158      101
 SINCE 1/1        273               136     137      199
.................................................................

WIND (MPH)
AVERAGE WIND SPEED              1.9
HIGHEST WIND SPEED/DIRECTION    20/310    DATE  05/31
HIGHEST GUST SPEED/DIRECTION    33/270    DATE  05/31

SKY COVER
POSSIBLE SUNSHINE (PERCENT)   MM
AVERAGE SKY COVER           0.30
NUMBER OF DAYS FAIR           18
NUMBER OF DAYS PC             10
NUMBER OF DAYS CLOUDY          2

AVERAGE RH (PERCENT)     70

WEATHER CONDITIONS. NUMBER OF DAYS WITH

THUNDERSTORM             15     MIXED PRECIP               0
HEAVY RAIN               11     RAIN                       9
LIGHT RAIN               19     FREEZING RAIN              0
LT FREEZING RAIN          0     HAIL                       0
HEAVY SNOW                0     SNOW                       0
LIGHT SNOW                0     SLEET                      0
FOG                      17     FOG W/VIS <= 1/4 MILE      5
HAZE                      2

-  INDICATES NEGATIVE NUMBERS.
R  INDICATES RECORD WAS SET OR TIED.
MM INDICATES DATA IS MISSING.
T  INDICATES TRACE AMOUNT.

$$

CARICO
