000
CXUS53 KJKL 011651
CLMJKL

CLIMATE REPORT
NATIONAL WEATHER SERVICE JACKSON KY
1151 AM EST SAT DEC 1 2018

...................................

...THE JACKSON KY CLIMATE SUMMARY FOR THE MONTH OF NOVEMBER 2018...

CLIMATE NORMAL PERIOD 1981 TO 2010
CLIMATE RECORD PERIOD 1981 TO 2018

WEATHER         OBSERVED          NORMAL  DEPART  LAST YEAR`S
                 VALUE   DATE(S)  VALUE   FROM    VALUE  DATE(S)
                                          NORMAL
................................................................
TEMPERATURE (F)
RECORD
 HIGH              84   11/02/2016
 LOW               13   11/14/1986
HIGHEST            68   11/01        76      -8       78  11/05
LOWEST             18   11/28        23      -5       24  11/11
AVG. MAXIMUM     51.0              57.3    -6.3     58.3
AVG. MINIMUM     35.0              39.4    -4.4     39.1
MEAN             43.0              48.4    -5.4     48.7
DAYS MAX >= 90      0               0.0     0.0        0
DAYS MAX <= 32      2               0.3     1.7        0
DAYS MIN <= 32     13               7.6     5.4       10
DAYS MIN <= 0       0               0.0     0.0        0

PRECIPITATION (INCHES)
RECORD
 MAXIMUM         9.32   1986
 MINIMUM         0.80   2009
TOTALS           4.91              3.96    0.95     1.30
DAILY AVG.       0.16              0.13    0.03     0.04
DAYS >= .01        18              11.5     6.5       11
DAYS >= .10         8               7.2     0.8        3
DAYS >= .50         4               2.8     1.2        1
DAYS >= 1.00        1               0.9     0.1        0
GREATEST
 24 HR. TOTAL    1.15   11/06 TO 11/06              0.60

SNOWFALL (INCHES)
RECORDS
 TOTAL            5.1   1995
TOTALS            1.7               0.5     1.2      0.0
SINCE 7/1         1.7               0.6     1.1        T
SNOWDEPTH AVG.      0                MM      MM        0
DAYS >= 1.0         1               0.2     0.8        0
GREATEST
 SNOW DEPTH         1   11/16                          0
 24 HR TOTAL      1.4   11/15 TO 11/15               0.0

DEGREE_DAYS
HEATING TOTAL     655               503     152      488
 SINCE 7/1        949               800     149      722
COOLING TOTAL       0                 4      -4        5
 SINCE 1/1       1631              1154     477     1200
.................................................................

WIND (MPH)
AVERAGE WIND SPEED              3.6
HIGHEST WIND SPEED/DIRECTION    20/260    DATE  11/26
HIGHEST GUST SPEED/DIRECTION    37/250    DATE  11/26

SKY COVER
POSSIBLE SUNSHINE (PERCENT)   MM
AVERAGE SKY COVER           0.60
NUMBER OF DAYS FAIR            8
NUMBER OF DAYS PC             11
NUMBER OF DAYS CLOUDY         11

AVERAGE RH (PERCENT)     75

WEATHER CONDITIONS. NUMBER OF DAYS WITH
THUNDERSTORM              2     MIXED PRECIP               0
HEAVY RAIN                3     RAIN                       6
LIGHT RAIN               18     FREEZING RAIN              1
LT FREEZING RAIN          1     HAIL                       0
HEAVY SNOW                0     SNOW                       1
LIGHT SNOW                5     SLEET                      0
FOG                      22     FOG W/VIS <= 1/4 MILE      6
HAZE                      0

-  INDICATES NEGATIVE NUMBERS.
R  INDICATES RECORD WAS SET OR TIED.
MM INDICATES DATA IS MISSING.
T  INDICATES TRACE AMOUNT.

$$

CARICO
