000
CXUS53 KJKL 011710
CLMJKL

CLIMATE REPORT
NATIONAL WEATHER SERVICE JACKSON KY
110 PM EDT SAT SEP 1 2018
...................................

...THE JACKSON KY CLIMATE SUMMARY FOR THE MONTH OF AUGUST 2018...

CLIMATE NORMAL PERIOD 1981 TO 2010
CLIMATE RECORD PERIOD 1981 TO 2018

WEATHER         OBSERVED          NORMAL  DEPART  LAST YEAR`S
                 VALUE   DATE(S)  VALUE   FROM    VALUE  DATE(S)
                                          NORMAL
................................................................
TEMPERATURE (F)
RECORD
 HIGH             101   08/18/1988
                        08/17/1988
 LOW               45   08/08/1989
                        08/29/1986
HIGHEST            90   08/31        92      -2       89  08/17
                        08/28
                        08/05
LOWEST             54   08/23        55      -1       56  08/26
                                                          08/05
AVG. MAXIMUM     84.0              84.1    -0.1     81.5
AVG. MINIMUM     66.9              65.0     1.9     63.8
MEAN             75.5              74.5     1.0     72.7
DAYS MAX >= 90      3               4.4    -1.4        0
DAYS MAX <= 32      0               0.0     0.0        0
DAYS MIN <= 32      0               0.0     0.0        0
DAYS MIN <= 0       0               0.0     0.0        0

PRECIPITATION (INCHES)
RECORD
 MAXIMUM        10.04   2013
 MINIMUM         1.16   2008
TOTALS           4.43              3.69    0.74     4.56
DAILY AVG.       0.14              0.12    0.02     0.15
DAYS >= .01        12               9.6     2.4       12
DAYS >= .10         5               6.0    -1.0       10
DAYS >= .50         3               2.5     0.5        2
DAYS >= 1.00        3               1.2     1.8        2
GREATEST
 24 HR. TOTAL    1.41   08/07 TO 08/07              1.24

SNOWFALL (INCHES)
RECORDS
 TOTAL             MM   MM
TOTALS            0.0               0.0     0.0      0.0
SINCE 7/1         0.0               0.0     0.0      0.0
SNOWDEPTH AVG.      0                MM      MM        0
DAYS >= 1.0         0               0.0     0.0        0
GREATEST
 SNOW DEPTH         0   MM                             0
 24 HR TOTAL      0.0   MM                           0.0

DEGREE_DAYS
HEATING TOTAL       0                 2      -2        0
 SINCE 7/1          0                 2      -2        0
COOLING TOTAL     333               298      35      246
 SINCE 1/1       1264               978     286     1002
.................................................................

WIND (MPH)
AVERAGE WIND SPEED              1.2
HIGHEST WIND SPEED/DIRECTION    13/170    DATE  08/31
HIGHEST GUST SPEED/DIRECTION    28/130    DATE  08/31

SKY COVER
POSSIBLE SUNSHINE (PERCENT)   MM
AVERAGE SKY COVER           0.40
NUMBER OF DAYS FAIR           16
NUMBER OF DAYS PC             14
NUMBER OF DAYS CLOUDY          1

AVERAGE RH (PERCENT)     77

WEATHER CONDITIONS. NUMBER OF DAYS WITH
THUNDERSTORM             10     MIXED PRECIP               0
HEAVY RAIN                7     RAIN                       8
LIGHT RAIN               14     FREEZING RAIN              0
LT FREEZING RAIN          0     HAIL                       0
HEAVY SNOW                0     SNOW                       0
LIGHT SNOW                0     SLEET                      0
FOG                      22     FOG W/VIS <= 1/4 MILE     10
HAZE                      3

-  INDICATES NEGATIVE NUMBERS.
R  INDICATES RECORD WAS SET OR TIED.
MM INDICATES DATA IS MISSING.
T  INDICATES TRACE AMOUNT.

$$

TAB
