811
CXUS51 KCTP 010837
CLMJST

PHLCLMJST 000
TTAA00 KCTP 010815


CLIMATE REPORT
NATIONAL WEATHER SERVICE STATE COLLEGE PA
415 AM EDT SUN JUL 1 2018

...................................

...THE JOHNSTOWN CLIMATE SUMMARY FOR THE MONTH OF JUNE 2018...

CLIMATE NORMAL PERIOD 1981 TO 2010
CLIMATE RECORD PERIOD 1892 TO 2018

WEATHER         OBSERVED          NORMAL  DEPART  LAST YEAR`S
                 VALUE   DATE(S)  VALUE   FROM    VALUE  DATE(S)
                                          NORMAL
................................................................
TEMPERATURE (F)
RECORD
 HIGH             102   06/04/1895
 LOW               33   06/03/1986
HIGHEST            86   06/30                         86  06/18
                        06/18                             06/13
LOWEST             43   06/07                         46  06/08
AVG. MAXIMUM     73.6              73.7    -0.1     74.6
AVG. MINIMUM     58.2              55.9     2.3     58.0
MEAN             65.9              64.8     1.1     66.3
DAYS MAX >= 90      0                MM      MM        0
DAYS MAX <= 32      0                MM      MM        0
DAYS MIN <= 32      0                MM      MM        0
DAYS MIN <= 0       0                MM      MM        0

PRECIPITATION (INCHES)
RECORD
 MAXIMUM        11.96   2015
 MINIMUM         0.73   1966
TOTALS           7.46              4.06    3.40     7.81
DAILY AVG.       0.25              0.14    0.11     0.26
DAYS >= .01        16                MM      MM       14
DAYS >= .10        11                MM      MM        5
DAYS >= .50         5                MM      MM        4
DAYS >= 1.00        2                MM      MM        3
GREATEST
 24 HR. TOTAL    1.77   05/31 TO 06/01

DEGREE_DAYS
HEATING TOTAL      57                79     -22       59
 SINCE 7/1       6291              6690    -399     5522
COOLING TOTAL      90                73      17      106
 SINCE 1/1        191                97      94      135
.................................................................

WIND (MPH)
AVERAGE WIND SPEED              7.4
HIGHEST WIND SPEED/DIRECTION    25/310    DATE  06/14
HIGHEST GUST SPEED/DIRECTION    33/310    DATE  06/14

SKY COVER
POSSIBLE SUNSHINE (PERCENT)   MM
AVERAGE SKY COVER           0.60
NUMBER OF DAYS FAIR            7
NUMBER OF DAYS PC             15
NUMBER OF DAYS CLOUDY          8

AVERAGE RH (PERCENT)     76

WEATHER CONDITIONS. NUMBER OF DAYS WITH
THUNDERSTORM              7     MIXED PRECIP                0
HEAVY RAIN               10     RAIN                        9
LIGHT RAIN               19     FREEZING RAIN               0
LT FREEZING RAIN          0     HAIL                        0
HEAVY SNOW                0     SNOW                        0
LIGHT SNOW                0     SLEET                       0
FOG                      25     FOG W/VIS <= 1/4 MILE       7
HAZE                      2


-  INDICATES NEGATIVE NUMBERS.
R  INDICATES RECORD WAS SET OR TIED.
MM INDICATES DATA IS MISSING.
T  INDICATES TRACE AMOUNT.

&&

$$

MARTIN
