000
CXUS53 KGRR 021758 AAA
CLMJXN

CLIMATE REPORT...UPDATED
NATIONAL WEATHER SERVICE GRAND RAPIDS, MI
143 PM EDT MON APR 2 2018

...................................

...THE JACKSON MI CLIMATE SUMMARY FOR THE MONTH OF MARCH 2018...

CLIMATE NORMAL PERIOD 1981 TO 2010
CLIMATE RECORD PERIOD 1944 TO 9999

WEATHER         OBSERVED          NORMAL  DEPART  LAST YEAR`S
                 VALUE   DATE(S)  VALUE   FROM    VALUE  DATE(S)
                                          NORMAL
................................................................
TEMPERATURE (F)
HIGHEST            57   03/18        MM      MM       77  03/24
LOWEST             14   03/10        MM      MM       11  03/15
AVG. MAXIMUM     41.8              45.3    -3.5     43.5
AVG. MINIMUM     24.8              26.0    -1.2     27.0
MEAN             33.3              35.7    -2.4     35.2
DAYS MAX >= 90      0               0.0     0.0        0
DAYS MAX <= 32      2               3.9    -1.9        7
DAYS MIN <= 32     28              22.7     5.3       19
DAYS MIN <= 0       0               0.1    -0.1        0

PRECIPITATION (INCHES)
TOTALS           2.23              1.90    0.33     3.89
DAILY AVG.       0.07              0.06    0.01     0.13
DAYS >= .01        10              10.8    -0.8       14
DAYS >= .10         5               4.9     0.1       10
DAYS >= .50         1               1.0     0.0        3
DAYS >= 1.00        1               0.2     0.8        0
GREATEST
 24 HR. TOTAL    1.18   03/01 TO 03/01

DEGREE_DAYS
HEATING TOTAL     976               910      66      916
 SINCE 7/1       5680              5824    -144     4924
COOLING TOTAL       0                 0       0        0
 SINCE 1/1          0                 0       0        0
.................................................................

WIND (MPH)
AVERAGE WIND SPEED              8.5
RESULTANT WIND SPEED/DIRECTION   3/354
HIGHEST WIND SPEED/DIRECTION    31/210    DATE  03/31
HIGHEST GUST SPEED/DIRECTION    42/210    DATE  03/31

SKY COVER
POSSIBLE SUNSHINE (PERCENT)   MM
AVERAGE SKY COVER           0.40
NUMBER OF DAYS FAIR           16
NUMBER OF DAYS PC              6
NUMBER OF DAYS CLOUDY          9

AVERAGE RH (PERCENT)     66

WEATHER CONDITIONS. NUMBER OF DAYS WITH
THUNDERSTORM              0     MIXED PRECIP               0
HEAVY RAIN                1     RAIN                       3
LIGHT RAIN                7     FREEZING RAIN              0
LT FREEZING RAIN          0     HAIL                       0
HEAVY SNOW                1     SNOW                       4
LIGHT SNOW                8     SLEET                      0
FOG                      12     FOG W/VIS <= 1/4 MILE      2
HAZE                      8

-  INDICATES NEGATIVE NUMBERS.
R  INDICATES RECORD WAS SET OR TIED.
MM INDICATES DATA IS MISSING.
T  INDICATES TRACE AMOUNT.

&&

MARCH 2018 WAS COOLER THAN NORMAL, DRIER THAN NORMAL, AND HAD LESS
SNOW THAN NORMAL. NO MONTHLY TOP TENS OR RECORDS WERE ACHIEVED THIS
MONTH. SEVERAL SYSTEMS MOVED THROUGH THE AREA IN THE FIRST HALF OF
THE MONTH, THEN THE ACTIVE TRACK MOVED SOUTH OF THE AREA FOR MOST OF
THE SECOND HALF OF MARCH. THERE WAS NO SEVERE WEATHER IN MARCH.

AVERAGE TEMPERATURES ACROSS THE AREAS RANGED FROM 30 TO 35 DEGREES
IN OCTOBER, WHILE NORMAL VALUES ARE AROUND 35 DEGREES. SO JUST A BIT
COOLER THAN NORMAL, BUT NOWHERE NEAR RECORD LEVELS.

MEANWHILE, PRECIPITATION TOTALS RANGED FROM UNDER AN INCH ACROSS
CENTRAL LOWER MICHIGAN TO TWO AND A HALF INCHES ACROSS THE SOUTH.
THESE TOTALS RANGE FROM NEAR NORMAL IN THE SOUTH TO ONE AND A HALF
INCHES LESS THAN NORMAL ACROSS CENTRAL LOWER. AGAIN, THIS IS DRIER
THAN NORMAL, BUT NOT NEAR RECORD LEVELS.

SNOWFALL ACCUMULATIONS RANGED FROM 3 TO 10 INCHES ACROSS SOUTHWEST
LOWER MICHIGAN IN MARCH 2018. THESE TOTALS RANGED FROM 2 INCHES
ABOVE NORMAL IN EASTERN AREAS TO 4 INCHES BELOW NORMAL IN WESTERN
AREAS. NO MONTHLY RECORDS REACHED.

$$

63
