000
CXUS53 KIND 011624
CLMLAF


CLIMATE REPORT
NATIONAL WEATHER SERVICE INDIANAPOLIS IN
1124 AM EST FRI FEB 1 2019

...................................

...THE LAFAYETTE IN CLIMATE SUMMARY FOR THE MONTH OF JANUARY 2019...

CLIMATE NORMAL PERIOD 1981 TO 2010
CLIMATE RECORD PERIOD 9999 TO 9999

WEATHER         OBSERVED          NORMAL  DEPART  LAST YEAR`S
                 VALUE   DATE(S)  VALUE   FROM    VALUE  DATE(S)
                                          NORMAL
................................................................
TEMPERATURE (F)
HIGHEST            56   01/07                         59  01/11
LOWEST            -17   01/30                        -19  01/02
AVG. MAXIMUM     31.4              34.0    -2.6     30.9
AVG. MINIMUM     16.1              19.0    -2.9     13.4
MEAN             23.7              26.5    -2.8     22.2
DAYS MAX >= 90      0               0.0     0.0        0
DAYS MAX <= 32     16              12.9     3.1       17
DAYS MIN <= 32     29              25.8     3.2       28
DAYS MIN <= 0       6               3.1     2.9       10

PRECIPITATION (INCHES)
TOTALS           2.46              1.86    0.60     1.21
DAILY AVG.       0.08              0.06    0.02     0.04
DAYS >= .01        10               8.7     1.3       11
DAYS >= .10         7               4.0     3.0        4
DAYS >= .50         1               0.8     0.2        0
DAYS >= 1.00        1               0.3     0.7        0
GREATEST
 24 HR. TOTAL    1.28   12/31 TO 01/01

DEGREE_DAYS
HEATING TOTAL    1271              1193      78     1316
 SINCE 7/1       3557              3368     189     3525
COOLING TOTAL       0                 0       0        0
 SINCE 1/1          0                 0       0        0
.................................................................

WIND (MPH)
AVERAGE WIND SPEED              9.0
HIGHEST WIND SPEED/DIRECTION    31/290    DATE  01/08
HIGHEST GUST SPEED/DIRECTION    48/280    DATE  01/09

SKY COVER
POSSIBLE SUNSHINE (PERCENT)   MM
AVERAGE SKY COVER           0.60
NUMBER OF DAYS FAIR            8
NUMBER OF DAYS PC              8
NUMBER OF DAYS CLOUDY         15

AVERAGE RH (PERCENT)     80

WEATHER CONDITIONS. NUMBER OF DAYS WITH
THUNDERSTORM              0     MIXED PRECIP                0
HEAVY RAIN                1     RAIN                        3
LIGHT RAIN                5     FREEZING RAIN               0
LT FREEZING RAIN          1     HAIL                        0
HEAVY SNOW                1     SNOW                        3
LIGHT SNOW               16     SLEET                       0
FOG                      24     FOG W/VIS <= 1/4 MILE       6
HAZE                     10

-  INDICATES NEGATIVE NUMBERS.
R  INDICATES RECORD WAS SET OR TIED.
MM INDICATES DATA IS MISSING.
T  INDICATES TRACE AMOUNT.

$$
