000
CXUS53 KIND 011515
CLMLAF


CLIMATE REPORT
NATIONAL WEATHER SERVICE INDIANAPOLIS IN
1115 AM EDT SUN JUL 1 2018

...................................

...THE LAFAYETTE IN CLIMATE SUMMARY FOR THE MONTH OF JUNE 2018...

CLIMATE NORMAL PERIOD 1981 TO 2010
CLIMATE RECORD PERIOD 9999 TO 9999

WEATHER         OBSERVED          NORMAL  DEPART  LAST YEAR`S
                 VALUE   DATE(S)  VALUE   FROM    VALUE  DATE(S)
                                          NORMAL
................................................................
TEMPERATURE (F)
HIGHEST            92   06/17                         92  06/13
                                                          06/12
LOWEST             52   06/06                         45  06/01
AVG. MAXIMUM     83.0              82.5     0.5     82.3
AVG. MINIMUM     64.6              60.5     4.1     59.1
MEAN             73.8              71.5     2.3     70.7
DAYS MAX >= 90      7               4.4     2.6        2
DAYS MAX <= 32      0               0.0     0.0        0
DAYS MIN <= 32      0               0.0     0.0        0
DAYS MIN <= 0       0               0.0     0.0        0

PRECIPITATION (INCHES)
TOTALS           5.25              4.10    1.15     6.31
DAILY AVG.       0.20              0.14    0.06     0.21
DAYS >= .01        12              10.9     1.1       13
DAYS >= .10         7               6.7     0.3        9
DAYS >= .50         5               2.7     2.3        5
DAYS >= 1.00        1               1.1    -0.1        2
GREATEST
 24 HR. TOTAL    1.82   06/10 TO 06/10

DEGREE_DAYS
HEATING TOTAL       0                22     -22       19
 SINCE 7/1       5946              5672     274     4923
COOLING TOTAL     235               217      18      195
 SINCE 1/1        381               294      87      252
.................................................................

WIND (MPH)
AVERAGE WIND SPEED              5.4
HIGHEST WIND SPEED/DIRECTION    40/310    DATE  06/07
HIGHEST GUST SPEED/DIRECTION    52/320    DATE  06/07

SKY COVER
POSSIBLE SUNSHINE (PERCENT)   MM
AVERAGE SKY COVER           0.40
NUMBER OF DAYS FAIR           15
NUMBER OF DAYS PC              7
NUMBER OF DAYS CLOUDY          4

AVERAGE RH (PERCENT)     80

WEATHER CONDITIONS. NUMBER OF DAYS WITH
THUNDERSTORM             11     MIXED PRECIP                0
HEAVY RAIN                8     RAIN                        6
LIGHT RAIN               13     FREEZING RAIN               0
LT FREEZING RAIN          0     HAIL                        0
HEAVY SNOW                0     SNOW                        0
LIGHT SNOW                0     SLEET                       0
FOG                      17     FOG W/VIS <= 1/4 MILE       2
HAZE                      1


-  INDICATES NEGATIVE NUMBERS.
R  INDICATES RECORD WAS SET OR TIED.
MM INDICATES DATA IS MISSING.
T  INDICATES TRACE AMOUNT.

$$
