655
CXUS53 KGRR 031445 CCA
CLMLAN

CLIMATE REPORT
NATIONAL WEATHER SERVICE GRAND RAPIDS, MI
935 AM EST MON DEC 3 2018

...................................

...THE LANSING MI CLIMATE SUMMARY FOR THE MONTH OF NOVEMBER 2018...

CLIMATE NORMAL PERIOD 1981 TO 2010
CLIMATE RECORD PERIOD 1864 TO 2018

WEATHER         OBSERVED          NORMAL  DEPART  LAST YEAR`S
                 VALUE   DATE(S)  VALUE   FROM    VALUE  DATE(S)
                                          NORMAL
................................................................
TEMPERATURE (F)
RECORD
 HIGH              79   11/01/1950
 LOW               -5   11/26/1949
HIGHEST            53   11/06        67     -14       63  11/28
LOWEST             19   11/22        14       5       15  11/10
AVG. MAXIMUM     38.8              46.7    -7.9     45.4
AVG. MINIMUM     28.5              32.4    -3.9     30.0
MEAN             33.6              39.6    -6.0     37.7
DAYS MAX >= 90      0               0.0     0.0        0
DAYS MAX <= 32      6               2.3     3.7        1
DAYS MIN <= 32     22              15.3     6.7       21
DAYS MIN <= 0       0               0.0     0.0        0

PRECIPITATION (INCHES)
RECORD
 MAXIMUM         5.62   2003
 MINIMUM         0.04   1904
TOTALS           2.07              2.78   -0.71     3.33
DAILY AVG.       0.07              0.09   -0.02     0.11
DAYS >= .01        19              12.7     6.3       12
DAYS >= .10         7               5.9     1.1        8
DAYS >= .50         1               1.8    -0.8        2
DAYS >= 1.00        0               0.5    -0.5        0
GREATEST
 24 HR. TOTAL    0.60   11/26 TO 11/26

SNOWFALL (INCHES)
RECORDS
 TOTAL           21.8   1865
 24 HR TOTAL     12.1   11/08/1921 TO 11/08/1921
 SNOW DEPTH        11   MM
TOTALS           11.9               3.4     8.5      0.4
SINCE 7/1        11.9               3.8     8.1      0.4
SNOWDEPTH AVG.      1                MM      MM        0
DAYS >= TRACE      14               3.7    10.3        3
DAYS >= 1.0         2               1.1     0.9        0
GREATEST
 SNOW DEPTH         6   11/27                          0  MM
 24 HR TOTAL      6.6   11/26 TO 11/26

DEGREE_DAYS
HEATING TOTAL     934               764     170      810
 SINCE 7/1       1540              1414     126     1256
COOLING TOTAL       0                 0       0        0
 SINCE 1/1        922               625     297      782

FREEZE DATES
RECORD
 EARLIEST     08/03/1894
 LATEST       07/15/1863
EARLIEST                        10/01
LATEST                          05/10
.................................................................

WIND (MPH)
AVERAGE WIND SPEED              9.2
RESULTANT WIND SPEED/DIRECTION   3/259
HIGHEST WIND SPEED/DIRECTION    29/250    DATE  11/06
HIGHEST GUST SPEED/DIRECTION    38/240    DATE  11/06

SKY COVER
POSSIBLE SUNSHINE (PERCENT)   MM
AVERAGE SKY COVER           0.80
NUMBER OF DAYS FAIR            2
NUMBER OF DAYS PC              5
NUMBER OF DAYS CLOUDY         23

AVERAGE RH (PERCENT)     79

WEATHER CONDITIONS. NUMBER OF DAYS WITH
THUNDERSTORM              0     MIXED PRECIP                0
HEAVY RAIN                0     RAIN                        3
LIGHT RAIN                9     FREEZING RAIN               0
LT FREEZING RAIN          2     HAIL                        0
HEAVY SNOW                0     SNOW                        3
LIGHT SNOW               13     SLEET                       0
FOG                      15     FOG W/VIS <= 1/4 MILE       1
HAZE                      2


-  INDICATES NEGATIVE NUMBERS.
R  INDICATES RECORD WAS SET OR TIED.
MM INDICATES DATA IS MISSING.
T  INDICATES TRACE AMOUNT.

$$
