000
CXUS55 KVEF 011514
CLMLAS


CLIMATE REPORT
NATIONAL WEATHER SERVICE LAS VEGAS, NV
617 AM PST SAT DEC 1 2018

...................................

...THE LAS VEGAS NV CLIMATE SUMMARY FOR THE MONTH OF NOVEMBER 2018...

CLIMATE NORMAL PERIOD 1981 TO 2010
CLIMATE RECORD PERIOD 1937 TO 2018

WEATHER         OBSERVED          NORMAL  DEPART  LAST YEAR`S
                 VALUE   DATE(S)  VALUE   FROM    VALUE  DATE(S)
                                          NORMAL
................................................................
TEMPERATURE (F)
RECORD
 HIGH              86   11/02/2015
                        11/03/2010
                        11/05/2492
 LOW               11   11/09/2018
HIGHEST            80   11/02        80       0       80  11/23
                                                          11/22
                                                          11/16
LOWEST             39   11/13        34       5       41  11/19
                        11/12
AVG. MAXIMUM     67.5              66.3     1.2     72.9
AVG. MINIMUM     47.5              46.5     1.0     52.6
MEAN             57.5              56.4     1.1     62.8
DAYS MAX >= 90      0               0.0     0.0        0
DAYS MAX <= 32      0               0.0     0.0        0
DAYS MIN <= 32      0               0.4    -0.4        0
DAYS MIN <= 0       0               0.0     0.0        0

PRECIPITATION (INCHES)
RECORD
 MAXIMUM         2.22   1965
 MINIMUM         0.00   2017
                        2006
                        2005
TOTALS           0.23              0.36   -0.13     0.00
DAILY AVG.       0.01              0.01    0.00     0.00
DAYS >= .01         2               1.7     0.3        0
DAYS >= .10         1               0.8     0.2        0
DAYS >= .50         0               0.3    -0.3        0
DAYS >= 1.00        0               0.0     0.0        0
GREATEST
 24 HR. TOTAL    0.22   11/29 TO 11/29

SNOWFALL (INCHES)
RECORDS
 TOTAL            4.0   1964
 24 HR TOTAL      4.0
TOTALS            0.0               0.0     0.0      0.0
SINCE 7/1         0.0
SNOWDEPTH AVG.      0
DAYS >= TRACE       0
DAYS >= 1.0         0
GREATEST
 SNOW DEPTH         0
 24 HR TOTAL      0.0   MM
 STORM TOTAL       MM
 (MM/DD(HH))

DEGREE_DAYS
HEATING TOTAL     225               270     -45       85
 SINCE 7/1        238               309     -71       85
COOLING TOTAL      10                12      -2       23
 SINCE 1/1       4255              3568     687     4044

FREEZE DATES
RECORD
 EARLIEST     10/21/1949
 LATEST       04/12/1967
EARLIEST                        11/25
LATEST                          02/28
.................................................................

WIND (MPH)
AVERAGE WIND SPEED              5.2
HIGHEST WIND SPEED/DIRECTION    30/340    DATE  11/11
HIGHEST GUST SPEED/DIRECTION    39/340    DATE  11/11

SKY COVER
POSSIBLE SUNSHINE (PERCENT)   MM
AVERAGE SKY COVER           0.40
NUMBER OF DAYS FAIR           11
NUMBER OF DAYS PC             19
NUMBER OF DAYS CLOUDY          0

AVERAGE RH (PERCENT)     28

WEATHER CONDITIONS. NUMBER OF DAYS WITH
  0
  1
  0
  0
  0
  0
  0
HAZE                      0

-  INDICATES NEGATIVE NUMBERS.
R  INDICATES RECORD WAS SET OR TIED.
MM INDICATES DATA IS MISSING.
T  INDICATES TRACE AMOUNT.

$$
