000
CXUS54 KOUN 011356
CLMLAW

CLIMATE REPORT
NATIONAL WEATHER SERVICE NORMAN OK
839 AM CDT MON OCT 1 2018

...................................

...THE LAWTON CLIMATE SUMMARY FOR THE MONTH OF SEPTEMBER 2018...

CLIMATE NORMAL PERIOD 1981 TO 2010
CLIMATE RECORD PERIOD 1912 TO 2018

WEATHER         OBSERVED          NORMAL  DEPART  LAST YEAR`S
                 VALUE   DATE(S)  VALUE   FROM    VALUE
                                          NORMAL
.............................................................
TEMPERATURE (F)
RECORD
 HIGH             110   09/04/2000
                        09/02/1939
                        09/01/1939
 LOW               35   09/30/1984
                        09/26/1912
HIGHEST            99               100      -1       98
LOWEST             46                47      -1       51
AVG. MAXIMUM     84.9              87.8    -2.9
AVG. MINIMUM     66.4              62.3     4.1     62.6
MEAN             75.7              75.1     0.6     74.4
DAYS MAX >= 90     10              12.4    -2.4       12
DAYS MAX <= 32      0               0.0     0.0        0
DAYS MIN <= 32      0               0.0     0.0        0
DAYS MIN <= 0       0               0.0     0.0        0

PRECIPITATION (INCHES)
RECORD
 MAXIMUM         9.08   1945
 MINIMUM         0.00   1939
TOTALS           4.15              3.31    0.84
DAILY AVG.       0.14              0.11    0.03     0.22
DAYS >= .01         5               6.2    -1.2       10
DAYS >= .10         4               4.6    -0.6        6
DAYS >= .50         4               2.2     1.8        4
DAYS >= 1.00        1               1.0     0.0        3
GREATEST
 24 HR. TOTAL    1.68   09/20 TO 09/21

DEGREE_DAYS
HEATING TOTAL      11                11       0        2
 SINCE 7/1         11                11       0        2
COOLING TOTAL     338               313      25      294
 SINCE 1/1       2586              2229     357     2036
..............................................................

WIND (MPH)
AVERAGE WIND SPEED              8.7
HIGHEST WIND SPEED/DIRECTION    36/180    DATE  09/20
HIGHEST GUST SPEED/DIRECTION    48/180    DATE  09/20


WEATHER CONDITIONS. NUMBER OF DAYS WITH
THUNDERSTORM              3     MIXED PRECIP               0
HEAVY RAIN                4     RAIN                       4
LIGHT RAIN                7     FREEZING RAIN              0
LT FREEZING RAIN          0     HAIL                       0
HEAVY SNOW                0     SNOW                       0
LIGHT SNOW                0     SLEET                      0
FOG                      16     FOG W/VIS <= 1/4 MILE      1
HAZE                      1

-  INDICATES NEGATIVE NUMBERS.
R  INDICATES RECORD WAS SET OR TIED.
MM INDICATES DATA IS MISSING.
T  INDICATES TRACE AMOUNT.
..............................................................
RECORDS/REMARKS
THE JANUARY THROUGH SEPTEMBER TOTAL PRECIPITATION IS 17.01 INCHES.

$$
