000
CXUS54 KOUN 011609
CLMLAW

CLIMATE REPORT
NATIONAL WEATHER SERVICE NORMAN OK
1108 AM CDT TUE MAY 1 2018

...................................

...THE LAWTON CLIMATE SUMMARY FOR THE MONTH OF APRIL 2018...

CLIMATE NORMAL PERIOD 1981 TO 2010
CLIMATE RECORD PERIOD 1912 TO 2018

WEATHER         OBSERVED          NORMAL  DEPART  LAST YEAR`S
                 VALUE   DATE(S)  VALUE   FROM    VALUE
                                          NORMAL
.............................................................
TEMPERATURE (F)
RECORD
 HIGH             102   04/15/2006
 LOW               22   04/13/1957
HIGHEST            93   04/12        90       3       89
                        04/17
LOWEST             26   04/07        32      -6       38
AVG. MAXIMUM     72.7              75.3    -2.6
AVG. MINIMUM     41.5              48.9    -7.4     51.2
MEAN             57.1              62.1    -5.0     63.1
DAYS MAX >= 90      2               1.3     0.7        0
DAYS MAX <= 32      0               0.0     0.0        0
DAYS MIN <= 32      3               0.8     2.2        0
DAYS MIN <= 0       0               0.0     0.0        0

PRECIPITATION (INCHES)
RECORD
 MAXIMUM         9.76   1915
 MINIMUM         0.07   1929
TOTALS           1.44              2.79   -1.35
DAILY AVG.       0.05              0.09   -0.04     0.11
DAYS >= .01         3               6.0    -3.0        7
DAYS >= .10         2               4.3    -2.3        3
DAYS >= .50         1               1.9    -0.9        2
DAYS >= 1.00        0               0.9    -0.9        1
GREATEST
 24 HR. TOTAL    0.99   04/21 TO 04/21

SNOWFALL (INCHES)
TOTALS            0.0                MM      MM
SINCE 7/1         0.9                MM      MM

DEGREE_DAYS
HEATING TOTAL     261               145     116      112
 SINCE 7/1       3152              3127      25     2436
COOLING TOTAL      30                58     -28       62
 SINCE 1/1         56                76     -20      118
..............................................................

WIND (MPH)
AVERAGE WIND SPEED              11.9
HIGHEST WIND SPEED/DIRECTION    39/020    DATE  04/06
HIGHEST GUST SPEED/DIRECTION    51/010    DATE  04/06


WEATHER CONDITIONS. NUMBER OF DAYS WITH
THUNDERSTORM              3     MIXED PRECIP               0
HEAVY RAIN                2     RAIN                       1
LIGHT RAIN                4     FREEZING RAIN              0
LT FREEZING RAIN          0     HAIL                       0
HEAVY SNOW                0     SNOW                       0
LIGHT SNOW                0     SLEET                      0
FOG                       6     FOG W/VIS <= 1/4 MILE      1
HAZE                      4

-  INDICATES NEGATIVE NUMBERS.
R  INDICATES RECORD WAS SET OR TIED.
MM INDICATES DATA IS MISSING.
T  INDICATES TRACE AMOUNT.
..............................................................
RECORD EVENTS/REMARKS

4TH COOLEST APRIL ON RECORD.
THE JANUARY THROUGH APRIL 2018 TOTAL PRECIPITATION IS 4.24 INCHES.

$$
