000
CXUS54 KOUN 012114 CCA
CLMLAW

CLIMATE REPORT
NATIONAL WEATHER SERVICE NORMAN OK
738 AM CST THU FEB 1 2018

...................................

...THE LAWTON-FORT SILL REGIONAL CLIMATE SUMMARY FOR THE MONTH OF
JANUARY 2018...

CLIMATE NORMAL PERIOD 1981 TO 2010
CLIMATE RECORD PERIOD 1912 TO 2018

WEATHER         OBSERVED          NORMAL  DEPART  LAST YEAR`S
                 VALUE   DATE(S)  VALUE   FROM    VALUE
                                          NORMAL
.............................................................
TEMPERATURE (F)
RECORD
 HIGH              85   01/25/1950
 LOW              -11   01/22/1930
                        01/18/1930
HIGHEST            76                73       3       83
LOWEST              4                10      -6       -5
AVG. MAXIMUM     54.8              54.1     0.7
AVG. MINIMUM     23.3              27.5    -4.2     27.6
MEAN             39.1              40.8    -1.7     42.2
DAYS MAX >= 90      0               0.0     0.0        0
DAYS MAX <= 32      3               1.4     1.6        2
DAYS MIN <= 32     25              22.5     2.5       19
DAYS MIN <= 0       0               0.0     0.0        2

PRECIPITATION (INCHES)
RECORD
 MAXIMUM         5.02   1932
 MINIMUM         0.00   2014
TOTALS           0.04              1.15   -1.11
DAILY AVG.       0.00              0.04   -0.04     0.05
DAYS >= .01         3               4.5    -1.5        6
DAYS >= .10         0               2.6    -2.6        2
DAYS >= .50         0               0.8    -0.8        1
DAYS >= 1.00        0               0.2    -0.2        1
GREATEST
 24 HR. TOTAL    0.02   01/07 TO 01/07

DEGREE_DAYS
HEATING TOTAL     798               750      48      700
 SINCE 7/1       1996              2061     -65     1732
..............................................................

WIND (MPH)
AVERAGE WIND SPEED              9.0
HIGHEST WIND SPEED/DIRECTION    41/360    DATE  01/11
HIGHEST GUST SPEED/DIRECTION    54/360    DATE  01/11


WEATHER CONDITIONS. NUMBER OF DAYS WITH
THUNDERSTORM              0     MIXED PRECIP               0
HEAVY RAIN                0     RAIN                       0
LIGHT RAIN                3     FREEZING RAIN              0
LT FREEZING RAIN          0     HAIL                       0
HEAVY SNOW                0     SNOW                       0
LIGHT SNOW                0     SLEET                      0
FOG                       5     FOG W/VIS <= 1/4 MILE      1
HAZE                      3

-  INDICATES NEGATIVE NUMBERS.
R  INDICATES RECORD WAS SET OR TIED.
MM INDICATES DATA IS MISSING.
T  INDICATES TRACE AMOUNT.
..............................................................
RECORD EVENTS/REMARKS
NEW COLDEST MAXIMUM TEMPERATURE OF 23 DEGREES SET ON THE 2ND.
THE TOTAL PRECIPITATION FOR 2018 IN 0.04 INCHES.

$$
