000
CXUS54 KOUN 011525 RRA
CLMLAW

OUNCLMLAW 000
TTAA00 KOUN 011520


CLIMATE REPORT
NATIONAL WEATHER SERVICE NORMAN OK
920 AM CST TUE JAN 1 2019

...................................

...THE LAWTON CLIMATE SUMMARY FOR THE MONTH OF DECEMBER 2018...

CLIMATE NORMAL PERIOD 1981 TO 2010
CLIMATE RECORD PERIOD 1912 TO 2018

WEATHER         OBSERVED          NORMAL  DEPART  LAST YEAR`S
                 VALUE   DATE(S)  VALUE   FROM    VALUE
                                          NORMAL
.............................................................
TEMPERATURE (F)
RECORD
 HIGH              88   12/24/1955
 LOW               -8   12/22/1989
HIGHEST            68                73      -5       77
LOWEST             19                14       5       14
AVG. MAXIMUM     52.5              53.6    -1.1
AVG. MINIMUM     31.6              28.1     3.5     29.7
MEAN             42.1              40.9     1.2     41.6
DAYS MAX >= 90      0               0.0     0.0        0
DAYS MAX <= 32      0               1.2    -1.2        2
DAYS MIN <= 32     18              22.3    -4.3       21
DAYS MIN <= 0       0               0.0     0.0        0

PRECIPITATION (INCHES)
RECORD
 MAXIMUM         5.83   1991
 MINIMUM         0.00   1977
TOTALS           5.10              1.74    3.36
DAILY AVG.       0.16              0.06    0.10     0.02
DAYS >= .01         8               4.9     3.1        2
DAYS >= .10         4               3.2     0.8        1
DAYS >= .50         2               1.3     0.7        0
DAYS >= 1.00        1               0.5     0.5        0
GREATEST
 24 HR. TOTAL    3.97   12/26 TO 12/26

SNOWFALL (INCHES)
TOTALS            2.0                MM      MM
SINCE 7/1         2.0                MM      MM

DEGREE_DAYS
HEATING TOTAL     702               748     -46      718
 SINCE 7/1       1415              1311     104     1198
..............................................................

WIND (MPH)
AVERAGE WIND SPEED              8.9
HIGHEST WIND SPEED/DIRECTION    49/010    DATE  12/13
HIGHEST GUST SPEED/DIRECTION    63/010    DATE  12/13


WEATHER CONDITIONS. NUMBER OF DAYS WITH
THUNDERSTORM              1     MIXED PRECIP               0
HEAVY RAIN                1     RAIN                       2
LIGHT RAIN                5     FREEZING RAIN              0
LT FREEZING RAIN          0     HAIL                       0
HEAVY SNOW                0     SNOW                       0
LIGHT SNOW                2     SLEET                      0
FOG                      10     FOG W/VIS <= 1/4 MILE      2
HAZE                      1

-  INDICATES NEGATIVE NUMBERS.
R  INDICATES RECORD WAS SET OR TIED.
MM INDICATES DATA IS MISSING.
T  INDICATES TRACE AMOUNT.

&&
..............................................................
REMARKS

NEW RECORD DAILY SNOWFALL OF 2.0 INCHES SET DEC 8.
NEW RECORD DAILY RAINFALL OF 3.97 INCHES SET DEC 26.
FIFTH WETTEST DECEMBER ON RECORD.
TENTH HIGHEST DECEMBER SNOWFALL ON RECORD.
JAN-DEC 2018 PRECIPITATION TOTAL IS 28.34 INCHES.

$$
