783
CXUS54 KOUN 011314
CLMLAW

CLIMATE REPORT
NATIONAL WEATHER SERVICE NORMAN OK
750 AM CDT WED AUG 1 2018

...................................

...THE LAWTON CLIMATE SUMMARY FOR THE MONTH OF JULY 2018...

CLIMATE NORMAL PERIOD 1981 TO 2010
CLIMATE RECORD PERIOD 1912 TO 2018

WEATHER         OBSERVED          NORMAL  DEPART  LAST YEAR`S
                 VALUE   DATE(S)  VALUE   FROM    VALUE
                                          NORMAL
.............................................................
TEMPERATURE (F)
RECORD
 HIGH             114   07/03/1980
                        07/19/1936
 LOW               52   07/12/1982
HIGHEST           112               105       7      104
LOWEST             64                62       2       65
AVG. MAXIMUM    100.0              97.3     2.7
AVG. MINIMUM     72.2              71.2     1.0     72.0
MEAN             86.1              84.2     1.9     84.0
DAYS MAX >= 90     29              28.0     1.0       26
DAYS MAX <= 32      0               0.0     0.0        0
DAYS MIN <= 32      0               0.0     0.0        0
DAYS MIN <= 0       0               0.0     0.0        0

PRECIPITATION (INCHES)
RECORD
 MAXIMUM         8.41   1990
 MINIMUM         0.00   1980
TOTALS           2.26              2.20    0.06
DAILY AVG.       0.07              0.07    0.00     0.09
DAYS >= .01         3               5.4    -2.4        7
DAYS >= .10         3               3.6    -0.6        5
DAYS >= .50         3               1.5     1.5        2
DAYS >= 1.00        1               0.8     0.2        1
GREATEST
 24 HR. TOTAL    1.18   07/15 TO 07/15

DEGREE_DAYS
COOLING TOTAL     663               597      66      597
 SINCE 1/1       1658              1327     331     1302
..............................................................

WIND (MPH)
AVERAGE WIND SPEED              7.3
HIGHEST WIND SPEED/DIRECTION    45/010    DATE  07/30
HIGHEST GUST SPEED/DIRECTION    69/240    DATE  07/15


WEATHER CONDITIONS. NUMBER OF DAYS WITH
THUNDERSTORM              6     MIXED PRECIP               0
HEAVY RAIN                3     RAIN                       3
LIGHT RAIN                4     FREEZING RAIN              0
LT FREEZING RAIN          0     HAIL                       0
HEAVY SNOW                0     SNOW                       0
LIGHT SNOW                0     SLEET                      0
FOG                       4     FOG W/VIS <= 1/4 MILE      0
HAZE                      1

-  INDICATES NEGATIVE NUMBERS.
R  INDICATES RECORD WAS SET OR TIED.
MM INDICATES DATA IS MISSING.
T  INDICATES TRACE AMOUNT.
.............................................................
RECORDS/REMARKS
NEW RECORD MAX TEMPERATURE OF 111 DEGREES SET ON THE 20TH.
RECORD MAX TEMPERATURE OF 112 DEGREES TIED ON THE 21ST.
RECORD MAX TEMPERATURE OF 110 DEGREES TIED ON THE 22ND.
THE JAUNARY THROUGH JULY TOTAL PRECIPITATION IS 11.14 INCHES.
$$
