408
CXUS54 KLUB 011704
CLMLBB


CLIMATE REPORT
NATIONAL WEATHER SERVICE LUBBOCK, TX
1031 AM CDT FRI JUN 1 2018

...................................

...THE LUBBOCK CLIMATE SUMMARY FOR THE MONTH OF MAY 2018...

CLIMATE NORMAL PERIOD 1981 TO 2010
CLIMATE RECORD PERIOD 1911 TO 2018

WEATHER         OBSERVED          NORMAL  DEPART  LAST YEAR`S
                 VALUE   DATE(S)  VALUE   FROM    VALUE  DATE(S)
                                          NORMAL
................................................................
TEMPERATURE (F)
RECORD
 HIGH             109   05/24/2000
 LOW               27   05/03/2013
HIGHEST           106   05/30                        102  05/25
LOWEST             47   05/05                         40  05/01
AVG. MAXIMUM     92.8              83.8     9.0     85.5
AVG. MINIMUM     63.2              55.9     7.3     53.6
MEAN             78.0              69.8     8.2     69.6
DAYS MAX >= 90     21               8.5    12.5        9
DAYS MAX <= 32      0               0.0     0.0        0
DAYS MIN <= 32      0               0.0     0.0        0
DAYS MIN <= 0       0               0.0     0.0        0

PRECIPITATION (INCHES)
RECORD
 MAXIMUM        12.69   1941
 MINIMUM            T   1927
TOTALS           1.26              2.30   -1.04     0.58
DAILY AVG.       0.04              0.07   -0.03     0.02
DAYS >= .01         5                                  3
DAYS >= .10         3                                  2
DAYS >= .50         1                                  0
DAYS >= 1.00        0                                  0
GREATEST
 24 HR. TOTAL    0.69   05/15 TO 05/15

DEGREE_DAYS
HEATING TOTAL       0                40     -40       23
 SINCE 7/1       3014              3377    -363     2468
COOLING TOTAL     412               190     222      173
 SINCE 1/1        495               246     249      302
.................................................................

WIND (MPH)
AVERAGE WIND SPEED              14.4
HIGHEST WIND SPEED/DIRECTION    37/230    DATE  05/23
HIGHEST GUST SPEED/DIRECTION    47/350    DATE  05/20

SKY COVER
POSSIBLE SUNSHINE (PERCENT)   MM
AVERAGE SKY COVER           0.40
NUMBER OF DAYS FAIR           11
NUMBER OF DAYS PC             20
NUMBER OF DAYS CLOUDY          0

AVERAGE RH (PERCENT)     44

WEATHER CONDITIONS. NUMBER OF DAYS WITH
THUNDERSTORM             10     MIXED PRECIP                0
HEAVY RAIN                3     RAIN                        3
LIGHT RAIN                7     FREEZING RAIN               0
LT FREEZING RAIN          0     HAIL                        1
HEAVY SNOW                0     SNOW                        0
LIGHT SNOW                0     SLEET                       0
FOG                       3     FOG W/VIS <= 1/4 MILE       0
HAZE                      4

-  INDICATES NEGATIVE NUMBERS.
R  INDICATES RECORD WAS SET OR TIED.
MM INDICATES DATA IS MISSING.
T  INDICATES TRACE AMOUNT.

$$
