000
CXUS54 KLUB 011730 CCA
CLMLBB

CLIMATE REPORT...CORRECTED
NATIONAL WEATHER SERVICE LUBBOCK, TX
1116 AM CST SAT DEC 1 2018

...................................

...THE LUBBOCK CLIMATE SUMMARY FOR THE MONTH OF NOVEMBER 2018...

CLIMATE NORMAL PERIOD 1981 TO 2010
CLIMATE RECORD PERIOD 1911 TO 2018

WEATHER         OBSERVED          NORMAL  DEPART  LAST YEAR`S
                 VALUE   DATE(S)  VALUE   FROM    VALUE  DATE(S)
                                          NORMAL
................................................................
TEMPERATURE (F)
RECORD
 HIGH              90   11/09/2006
 LOW                    11/23/1957
HIGHEST            79   11/06                         88  11/17
                                                          11/04
LOWEST             21   11/26                         24  11/19
                        11/13
AVG. MAXIMUM     60.4              63.6    -3.2     69.9
AVG. MINIMUM     33.3              35.9    -2.6     39.2
MEAN             46.8              49.8    -3.0     54.5
DAYS MAX >= 90      0               0.0     0.0        0
DAYS MAX <= 32      0               0.2    -0.2        0
DAYS MIN <= 32     13               9.5     3.5        6
DAYS MIN <= 0       0               0.0     0.0        0

PRECIPITATION (INCHES)
RECORD
 MAXIMUM         6.65   2004
 MINIMUM         0.00   1999
                        1960
TOTALS           0.07              0.85   -0.78     0.03
DAILY AVG.       0.00              0.03   -0.03     0.00
DAYS >= .01         3                                  1
DAYS >= .10         0                                  0
DAYS >= .50         0                                  0
DAYS >= 1.00        0                                  0
GREATEST
 24 HR. TOTAL    0.39   10/31 TO 11/01

SNOWFALL (INCHES)
RECORDS
 TOTAL           21.4   1980
 24 HR TOTAL       MM
 SNOW DEPTH        MM   MM
TOTALS              T               0.9    -0.9      0.0
SINCE 7/1           T               0.9    -0.9      0.0
SNOWDEPTH AVG.      0                MM      MM        0
DAYS >= TRACE       1               0.6     0.4        0
DAYS >= 1.0         0               0.3    -0.3        0
GREATEST
 SNOW DEPTH         0   MM                             0  MM
 24 HR TOTAL        T   11/12 TO 11/12           11/30 TO 11/30
                                                          11/02 TO 11/02EATHER         OBSERVED          NORMAL  DEPART  LAST YEAR`S
                                                          11/03 TO 11/03EATHER         OBSERVED          NORMAL  DEPART  LAST YEAR`S

DEGREE_DAYS
HEATING TOTAL     536               460      76      318
 SINCE 7/1        779               642     137      506
COOLING TOTAL       0                 3      -3       11
 SINCE 1/1       2422              1804     618     1991
.................................................................

WIND (MPH)
AVERAGE WIND SPEED              11.2
HIGHEST WIND SPEED/DIRECTION    45/250    DATE  11/30
HIGHEST GUST SPEED/DIRECTION    57/250    DATE  11/30

SKY COVER
POSSIBLE SUNSHINE (PERCENT)   MM
AVERAGE SKY COVER           0.40
NUMBER OF DAYS FAIR           14
NUMBER OF DAYS PC             12
NUMBER OF DAYS CLOUDY          4

AVERAGE RH (PERCENT)     56

WEATHER CONDITIONS. NUMBER OF DAYS WITH
THUNDERSTORM              1     MIXED PRECIP                0
HEAVY RAIN                0     RAIN                        0
LIGHT RAIN                5     FREEZING RAIN               0
LT FREEZING RAIN          0     HAIL                        0
HEAVY SNOW                0     SNOW                        0
LIGHT SNOW                1     SLEET                       0
FOG                       4     FOG W/VIS <= 1/4 MILE       0
HAZE                      4

-  INDICATES NEGATIVE NUMBERS.
R  INDICATES RECORD WAS SET OR TIED.
MM INDICATES DATA IS MISSING.
T  INDICATES TRACE AMOUNT.

$$
