000
CXUS54 KLUB 011435
CLMLBB


CLIMATE REPORT
NATIONAL WEATHER SERVICE LUBBOCK, TX
933 AM CDT SAT SEP 1 2018

...................................

...THE LUBBOCK CLIMATE SUMMARY FOR THE MONTH OF AUGUST 2018...

CLIMATE NORMAL PERIOD 1981 TO 2010
CLIMATE RECORD PERIOD 1911 TO 2018

WEATHER         OBSERVED          NORMAL  DEPART  LAST YEAR`S
                 VALUE   DATE(S)  VALUE   FROM    VALUE  DATE(S)
                                          NORMAL
................................................................
TEMPERATURE (F)
RECORD
 HIGH             107   08/03/1944
                        08/13/1936
                        08/12/1936
 LOW               43   08/31/1915
HIGHEST           100   08/27                         94  08/17
                                                          08/05
LOWEST             62   08/01                         55  08/31
AVG. MAXIMUM     93.4              91.3     2.1     87.4
AVG. MINIMUM     69.3              66.6     2.7     65.4
MEAN             81.4              79.0     2.4     76.4
DAYS MAX >= 90     23              20.2     2.8       10
DAYS MAX <= 32      0               0.0     0.0        0
DAYS MIN <= 32      0               0.0     0.0        0
DAYS MIN <= 0       0               0.0     0.0        0

PRECIPITATION (INCHES)
RECORD
 MAXIMUM         8.85   1966
 MINIMUM            T   1943
TOTALS           1.25              1.91   -0.66     4.85
DAILY AVG.       0.04              0.06   -0.02     0.16
DAYS >= .01         6                                 10
DAYS >= .10         3                                  8
DAYS >= .50         1                                  3
DAYS >= 1.00        0                                  1
GREATEST
 24 HR. TOTAL    0.76   08/18 TO 08/18

DEGREE_DAYS
HEATING TOTAL       0                 0       0        0
 SINCE 7/1          0                 0       0        0
COOLING TOTAL     517               433      84      361
 SINCE 1/1       2113              1526     587     1645
.................................................................

WIND (MPH)
AVERAGE WIND SPEED              11.1
HIGHEST WIND SPEED/DIRECTION    35/330    DATE  08/18
HIGHEST GUST SPEED/DIRECTION    43/330    DATE  08/18

SKY COVER
POSSIBLE SUNSHINE (PERCENT)   MM
AVERAGE SKY COVER           0.50
NUMBER OF DAYS FAIR            5
NUMBER OF DAYS PC             26
NUMBER OF DAYS CLOUDY          0

AVERAGE RH (PERCENT)     51

WEATHER CONDITIONS. NUMBER OF DAYS WITH
THUNDERSTORM             12     MIXED PRECIP                0
HEAVY RAIN                2     RAIN                        1
LIGHT RAIN               11     FREEZING RAIN               0
LT FREEZING RAIN          0     HAIL                        0
HEAVY SNOW                0     SNOW                        0
LIGHT SNOW                0     SLEET                       0
FOG                       5     FOG W/VIS <= 1/4 MILE       0
HAZE                      5


-  INDICATES NEGATIVE NUMBERS.
R  INDICATES RECORD WAS SET OR TIED.
MM INDICATES DATA IS MISSING.
T  INDICATES TRACE AMOUNT.

$$
