000
CXUS53 KLBF 011558 CCA
CLMLBF

CLIMATE REPORT
NATIONAL WEATHER SERVICE NORTH PLATTE
1029 AM CDT FRI JUN 1 2018

...................................

...THE NORTH PLATTE NE CLIMATE SUMMARY FOR THE MONTH OF MAY 2018...

CLIMATE NORMAL PERIOD 1981 TO 2010
CLIMATE RECORD PERIOD 1874 TO 2018

WEATHER         OBSERVED          NORMAL  DEPART  LAST YEAR`S
                 VALUE   DATE(S)  VALUE   FROM    VALUE  DATE(S)
                                          NORMAL
................................................................
TEMPERATURE (F)
RECORD
 HIGH              99   05/27/2006
                        05/08/1934
 LOW               18   05/02/2005
HIGHEST            94   05/26        88       6       87  05/07
LOWEST             36   05/04        29       7       29  05/04
                                                          05/01
AVG. MAXIMUM     76.8              71.7     5.1     71.3
AVG. MINIMUM     50.2              44.1     6.1     41.7
MEAN             63.5              57.9     5.6     56.5
DAYS MAX >= 90      3               0.8     2.2        0
DAYS MAX <= 32      0               0.0     0.0        0
DAYS MIN <= 32      0               2.4    -2.4        6
DAYS MIN <= 0       0               0.0     0.0        0

PRECIPITATION (INCHES)
RECORD
 MAXIMUM         8.01   1962
 MINIMUM         0.11   1897
TOTALS           7.32              3.28    4.04     3.30
DAILY AVG.       0.24              0.11    0.13     0.11
DAYS >= .01         9              11.6    -2.6       16
DAYS >= .10         8               6.8     1.2        5
DAYS >= .50         5               2.2     2.8        4
DAYS >= 1.00        3               0.7     2.3        0
GREATEST
 24 HR. TOTAL    2.67   05/18 TO 05/18           05/16 TO 05/16
                                                          05/20 TO 05/20EATHER         OBSERVED          NORMAL  DEPART  LAST YEAR`S
                                                          05/20 TO 05/20EATHER         OBSERVED          NORMAL  DEPART  LAST YEAR`S

SNOWFALL (INCHES)
RECORDS
 TOTAL            6.0   1950
TOTALS            0.0                 T     0.0        T
SINCE 7/1        49.1              28.5    20.6     21.3
SNOWDEPTH AVG.      0                MM      MM        0
DAYS >= 1.0         0               0.0     0.0        0
GREATEST
 SNOW DEPTH         0   MM                             0  MM
 24 HR TOTAL      0.0   MM

DEGREE_DAYS
HEATING TOTAL     112               245    -133      271
 SINCE 7/1       6574              6635     -61     5665
COOLING TOTAL      73                25      48       15
 SINCE 1/1         80                28      52       17
.................................................................

WIND (MPH)
AVERAGE WIND SPEED              8.7
HIGHEST WIND SPEED/DIRECTION    46/040    DATE  05/10
HIGHEST GUST SPEED/DIRECTION    64/020    DATE  05/10

SKY COVER
POSSIBLE SUNSHINE (PERCENT)   MM
AVERAGE SKY COVER           0.30
NUMBER OF DAYS FAIR           19
NUMBER OF DAYS PC              7
NUMBER OF DAYS CLOUDY          5

AVERAGE RH (PERCENT)     71

WEATHER CONDITIONS. NUMBER OF DAYS WITH
THUNDERSTORM              12   MIXED PRECIP               0
HEAVY RAIN                6    RAIN                       12
LIGHT RAIN                6    FREEZING RAIN              0
LT FREEZING RAIN          0    HAIL                       0
HEAVY SNOW                0    SNOW                       0
LIGHT SNOW                0    SLEET                      0
FOG                       1    FOG W/VIS <= 1/4 MILE      1
HAZE                      1

-  INDICATES NEGATIVE NUMBERS.
R  INDICATES RECORD WAS SET OR TIED.
MM INDICATES DATA IS MISSING.
T  INDICATES TRACE AMOUNT.

$$
