159
CXUS53 KLBF 011949
CLMLBF


CLIMATE REPORT
NATIONAL WEATHER SERVICE NORTH PLATTE
139 PM CST SAT DEC 1 2018

...................................

...THE NORTH PLATTE NE CLIMATE SUMMARY FOR THE MONTH OF NOVEMBER 2018...

CLIMATE NORMAL PERIOD 1981 TO 2010
CLIMATE RECORD PERIOD 1874 TO 2018

WEATHER         OBSERVED          NORMAL  DEPART  LAST YEAR`S
                 VALUE   DATE(S)  VALUE   FROM    VALUE  DATE(S)
                                          NORMAL
................................................................
TEMPERATURE (F)
RECORD
 HIGH              83   11/08/2006
                        11/05/1915
                        00/-1/1709
 LOW              -25   11/27/1887
HIGHEST            66   11/21        72      -6       77  11/27
                        11/16
LOWEST              6   11/18         3       3       16  11/19
                                                          11/08
AVG. MAXIMUM     48.4              50.2    -1.8     55.6
AVG. MINIMUM     19.9              21.0    -1.1     25.0
MEAN             34.2              35.6    -1.4     40.3
DAYS MAX >= 90      0               0.0     0.0        0
DAYS MAX <= 32      4               3.2     0.8        0
DAYS MIN <= 32     28              27.2     0.8       26
DAYS MIN <= 0       0               0.9    -0.9        0

PRECIPITATION (INCHES)
RECORD
 MAXIMUM         2.89   1979
 MINIMUM            T   1939
                        1932
                        1914
TOTALS           0.90              0.64    0.26     0.07
DAILY AVG.       0.03              0.02    0.01     0.00
DAYS >= .01        10               4.7     5.3        3
DAYS >= .10         2               1.7     0.3        0
DAYS >= .50         0               0.3    -0.3        0
DAYS >= 1.00        0               0.0     0.0        0
GREATEST
 24 HR. TOTAL    0.33   11/24 TO 11/24
                                                          11/01 TO 11/02EATHER         OBSERVED          NORMAL  DEPART  LAST YEAR`S
                                                          11/02 TO 11/03EATHER         OBSERVED          NORMAL  DEPART  LAST YEAR`S

SNOWFALL (INCHES)
RECORDS
 TOTAL           20.5   1919
TOTALS            2.1               3.9    -1.8      0.4
SINCE 7/1         3.1               6.2    -3.1      1.0
SNOWDEPTH AVG.      0                MM      MM        0
DAYS >= 1.0         1               1.2    -0.2        0
GREATEST
 SNOW DEPTH         2   11/26                         -1  11/07
                        11/25
 24 HR TOTAL      1.2   11/24 TO 11/24

DEGREE_DAYS
HEATING TOTAL     917               882      35      734
 SINCE 7/1       1558              1551       7     1291
COOLING TOTAL       0                 0       0        0
 SINCE 1/1       1089               768     321      954
.................................................................

WIND (MPH)
AVERAGE WIND SPEED              7.5
HIGHEST WIND SPEED/DIRECTION    31/040    DATE  11/25
HIGHEST GUST SPEED/DIRECTION    44/040    DATE  11/25

SKY COVER
POSSIBLE SUNSHINE (PERCENT)   MM
AVERAGE SKY COVER           0.50
NUMBER OF DAYS FAIR           14
NUMBER OF DAYS PC             10
NUMBER OF DAYS CLOUDY          6

AVERAGE RH (PERCENT)     69

WEATHER CONDITIONS. NUMBER OF DAYS WITH
  0
  1
  0
  0
  0
  0
  4
HAZE                      4

-  INDICATES NEGATIVE NUMBERS.
R  INDICATES RECORD WAS SET OR TIED.
MM INDICATES DATA IS MISSING.
T  INDICATES TRACE AMOUNT.

$$
