000
CXUS53 KLBF 010947
CLMLBF


CLIMATE REPORT
NATIONAL WEATHER SERVICE NORTH PLATTE
447 AM CDT SAT SEP 1 2018

...................................

...THE NORTH PLATTE NE CLIMATE SUMMARY FOR THE MONTH OF AUGUST 2018...

CLIMATE NORMAL PERIOD 1981 TO 2010
CLIMATE RECORD PERIOD 1874 TO 2018

WEATHER         OBSERVED          NORMAL  DEPART  LAST YEAR`S
                 VALUE   DATE(S)  VALUE   FROM    VALUE  DATE(S)
                                          NORMAL
................................................................
TEMPERATURE (F)
RECORD
 HIGH             108   08/02/2008
                        08/11/1936
                        00/00/2194
 LOW               35   08/28/1976
HIGHEST            95   08/31        98      -3       93  08/19
                        08/27
LOWEST             43   08/29        46      -3       47  08/11
                                                          08/04
AVG. MAXIMUM     86.8              86.1     0.7     84.3
AVG. MINIMUM     57.7              58.2    -0.5     56.3
MEAN             72.3              72.1     0.2     70.3
DAYS MAX >= 90     15              10.1     4.9        2
DAYS MAX <= 32      0               0.0     0.0        0
DAYS MIN <= 32      0               0.0     0.0        0
DAYS MIN <= 0       0               0.0     0.0        0

PRECIPITATION (INCHES)
RECORD
 MAXIMUM         7.16   MM
                        1950
 MINIMUM         0.06   1967
TOTALS           1.69              2.29   -0.60     3.60
DAILY AVG.       0.05              0.07   -0.02     0.12
DAYS >= .01        10               8.8     1.2        7
DAYS >= .10         3               4.2    -1.2        6
DAYS >= .50         1               1.7    -0.7        3
DAYS >= 1.00        1               0.5     0.5        2
GREATEST
 24 HR. TOTAL    1.15   08/15 TO 08/15           08/12 TO 08/12
                                                          08/31 TO 08/31EATHER         OBSERVED          NORMAL  DEPART  LAST YEAR`S
                                                          08/31 TO 08/31EATHER         OBSERVED          NORMAL  DEPART  LAST YEAR`S

SNOWFALL (INCHES)
RECORDS
 TOTAL              T   2008
                        2004
TOTALS            0.0               0.0     0.0      0.0
SINCE 7/1         0.0               0.0     0.0        T
SNOWDEPTH AVG.      0                MM      MM        0
DAYS >= 1.0         0               0.0     0.0        0
GREATEST
 SNOW DEPTH         0   MM                             0  MM
 24 HR TOTAL      0.0   08/31 TO 08/31

DEGREE_DAYS
HEATING TOTAL      15                15       0        4
 SINCE 7/1         16                20      -4        4
COOLING TOTAL     248               236      12      175
 SINCE 1/1        918               695     223      823
.................................................................

WIND (MPH)
AVERAGE WIND SPEED              6.5
HIGHEST WIND SPEED/DIRECTION    36/310    DATE  08/26
HIGHEST GUST SPEED/DIRECTION    51/310    DATE  08/26

SKY COVER
POSSIBLE SUNSHINE (PERCENT)   MM
AVERAGE SKY COVER           0.20
NUMBER OF DAYS FAIR           22
NUMBER OF DAYS PC              8
NUMBER OF DAYS CLOUDY          1

AVERAGE RH (PERCENT)     68

WEATHER CONDITIONS. NUMBER OF DAYS WITH
  0
  4
  0
  1
  0
  0
  5
HAZE                     12

-  INDICATES NEGATIVE NUMBERS.
R  INDICATES RECORD WAS SET OR TIED.
MM INDICATES DATA IS MISSING.
T  INDICATES TRACE AMOUNT.

$$
