000
CXUS52 KILM 012158
CLMLBT


CLIMATE REPORT
NATIONAL WEATHER SERVICE WILMINGTON NC
554 PM EDT SAT SEP 1 2018

...................................

...THE LUMBERTON NORTH CAROLINA CLIMATE SUMMARY FOR THE SEASON, FROM
6/1/2018 TO 8/31/2018...

CLIMATE NORMAL PERIOD 1981 TO 2010
CLIMATE RECORD PERIOD 1903 TO 2018

WEATHER         OBSERVED          NORMAL  DEPART  LAST YEAR`S
                 VALUE   DATE(S)  VALUE   FROM    VALUE
                                          NORMAL
.............................................................
TEMPERATURE (F)
HIGHEST            98   07/11        MM      MM       MM
                        06/24
LOWEST             59   07/10        MM      MM       MM
                        06/06
                        06/05
AVG. MAXIMUM     90.9              89.3     1.6       MM
AVG. MINIMUM     70.7              69.5     1.2       MM
MEAN             80.8              79.4     1.4       MM
DAYS MAX >= 90     65              42.2    22.8       MM
DAYS MAX <= 32      0               0.0     0.0       MM
DAYS MIN <= 32      0               0.0     0.0       MM
DAYS MIN <= 0       0               0.0     0.0       MM

PRECIPITATION (INCHES)
RECORD
 MAXIMUM           MM   MM
 MINIMUM           MM   MM
TOTALS          14.33             15.32   -0.99
DAILY AVG.       0.16              0.17   -0.01       MM
DAYS >= .01        41              35.0     6.0       MM
DAYS >= .10        25              22.0     3.0       MM
DAYS >= .50         9              10.0    -1.0       MM
DAYS >= 1.00        4               5.0    -1.0       MM
GREATEST
 24 HR. TOTAL    2.39   MM                            MM

DEGREE_DAYS
HEATING TOTAL       0                 0       0       MM
 SINCE 7/1          0                 0       0       MM
COOLING TOTAL    1459              1323     136       MM
 SINCE 1/1       1866              1572     294       MM
..............................................................

WIND (MPH)
AVERAGE WIND SPEED              5.2
RESULTANT WIND SPEED/DIRECTION   1/187
HIGHEST WIND SPEED/DIRECTION    44/190    DATE  08/02
HIGHEST GUST SPEED/DIRECTION    60/170    DATE  08/02

SKY COVER
POSSIBLE SUNSHINE (PERCENT)   MM
AVERAGE SKY COVER           0.20
NUMBER OF DAYS FAIR           67
NUMBER OF DAYS PC             24
NUMBER OF DAYS CLOUDY          1

AVERAGE RH (PERCENT)     72

WEATHER CONDITIONS. NUMBER OF DAYS WITH
THUNDERSTORM             47     MIXED PRECIP               M
HEAVY RAIN               29     RAIN                      23
LIGHT RAIN               46     FREEZING RAIN              0
LT FREEZING RAIN          0     HAIL                       M
HEAVY SNOW                0     SNOW                       0
LIGHT SNOW                0     SLEET                      M
FOG                      59     FOG W/VIS <= 1/4 MILE      9
HAZE                     13

-  INDICATES NEGATIVE NUMBERS.
R  INDICATES RECORD WAS SET OR TIED.
MM INDICATES DATA IS MISSING.
T  INDICATES TRACE AMOUNT.

$$
