743
CXUS52 KILM 020129
CLMLBT


CLIMATE REPORT
NATIONAL WEATHER SERVICE WILMINGTON NC
825 PM EST SAT DEC 1 2018

...................................

...THE LUMBERTON NORTH CAROLINA CLIMATE SUMMARY FOR THE SEASON, FROM
9/1/2018 TO 11/30/2018...

CLIMATE NORMAL PERIOD 1981 TO 2010
CLIMATE RECORD PERIOD 1903 TO 2018

WEATHER         OBSERVED          NORMAL  DEPART  LAST YEAR`S
                 VALUE   DATE(S)  VALUE   FROM    VALUE
                                          NORMAL
.............................................................
TEMPERATURE (F)
HIGHEST            95   09/07        75      20       94
                        09/02
LOWEST             25   11/29        MM      MM       25
AVG. MAXIMUM     76.7              75.5     1.2     76.9
AVG. MINIMUM     57.0              51.7     5.3     51.6
MEAN             66.8              63.6     3.2     64.2
DAYS MAX >= 90     21               4.3    16.7        3
DAYS MAX <= 32      0               0.0     0.0        0
DAYS MIN <= 32      3               6.5    -3.5       11
DAYS MIN <= 0       0               0.0     0.0        0

PRECIPITATION (INCHES)
RECORD
 MAXIMUM           MM   MM
 MINIMUM           MM   MM
TOTALS          26.36             10.24   16.12
DAILY AVG.       0.29              0.11    0.18     0.09
DAYS >= .01        31              25.0     6.0       20
DAYS >= .10        21              13.0     8.0       14
DAYS >= .50        10               7.0     3.0        4
DAYS >= 1.00        5               3.0     2.0        2
GREATEST
 24 HR. TOTAL   10.95   MM                          2.13

DEGREE_DAYS
HEATING TOTAL     460               466      -6      460
 SINCE 7/1        460               466      -6      460
COOLING TOTAL     653               335     318      371
 SINCE 1/1       2519              1907     612     2105
..............................................................

WIND (MPH)
AVERAGE WIND SPEED              5.6
RESULTANT WIND SPEED/DIRECTION   1/012
HIGHEST WIND SPEED/DIRECTION    38/360    DATE  09/14
HIGHEST GUST SPEED/DIRECTION    69/010    DATE  09/14

SKY COVER
POSSIBLE SUNSHINE (PERCENT)   MM
AVERAGE SKY COVER           0.40
NUMBER OF DAYS FAIR           42
NUMBER OF DAYS PC             20
NUMBER OF DAYS CLOUDY         13

AVERAGE RH (PERCENT)     71

WEATHER CONDITIONS. NUMBER OF DAYS WITH
THUNDERSTORM             13     MIXED PRECIP               M
HEAVY RAIN               17     RAIN                      23
LIGHT RAIN               36     FREEZING RAIN              0
LT FREEZING RAIN          0     HAIL                       M
HEAVY SNOW                0     SNOW                       0
LIGHT SNOW                0     SLEET                      M
FOG                      56     FOG W/VIS <= 1/4 MILE      5
HAZE                      7

-  INDICATES NEGATIVE NUMBERS.
R  INDICATES RECORD WAS SET OR TIED.
MM INDICATES DATA IS MISSING.
T  INDICATES TRACE AMOUNT.

$$
