000
CXUS52 KILM 011933
CLMLBT


CLIMATE REPORT
NATIONAL WEATHER SERVICE WILMINGTON NC
326 PM EDT FRI JUN 1 2018

...................................

...THE LUMBERTON NORTH CAROLINA CLIMATE SUMMARY FOR THE SEASON, FROM
3/1/2018 TO 5/31/2018...

CLIMATE NORMAL PERIOD 1981 TO 2010
CLIMATE RECORD PERIOD 1903 TO 2018

WEATHER         OBSERVED          NORMAL  DEPART  LAST YEAR`S
                 VALUE   DATE(S)  VALUE   FROM    VALUE
                                          NORMAL
.............................................................
TEMPERATURE (F)
HIGHEST            96   05/13        MM      MM       MM
                        05/12
LOWEST             23   03/15        MM      MM       MM
AVG. MAXIMUM     73.4              74.3    -0.9       MM
AVG. MINIMUM     49.6              49.5     0.1       MM
MEAN             61.5              61.9    -0.4       MM
DAYS MAX >= 90      9               4.0     5.0       MM
DAYS MAX <= 32      0               0.0     0.0       MM
DAYS MIN <= 32     10               5.3     4.7       MM
DAYS MIN <= 0       0               0.0     0.0       MM

PRECIPITATION (INCHES)
RECORD
 MAXIMUM           MM   MM
 MINIMUM           MM   MM
TOTALS           8.40              9.20   -0.80
DAILY AVG.       0.09              0.10   -0.01       MM
DAYS >= .01        28              26.0     2.0       MM
DAYS >= .10        18              17.0     1.0       MM
DAYS >= .50         6               6.0     0.0       MM
DAYS >= 1.00        2               3.0    -1.0       MM
GREATEST
 24 HR. TOTAL    1.21   MM                            MM

DEGREE_DAYS
HEATING TOTAL     657               531     126       MM
 SINCE 7/1       2745              2761     -16       MM
COOLING TOTAL     362               247     115       MM
 SINCE 1/1        407               250     157       MM
..............................................................

WIND (MPH)
AVERAGE WIND SPEED              7.6
RESULTANT WIND SPEED/DIRECTION   2/228
HIGHEST WIND SPEED/DIRECTION    37/280    DATE  03/01
HIGHEST GUST SPEED/DIRECTION    47/290    DATE  03/01

SKY COVER
POSSIBLE SUNSHINE (PERCENT)   MM
AVERAGE SKY COVER           0.30
NUMBER OF DAYS FAIR           54
NUMBER OF DAYS PC             25
NUMBER OF DAYS CLOUDY         13

AVERAGE RH (PERCENT)     68

WEATHER CONDITIONS. NUMBER OF DAYS WITH
THUNDERSTORM              8     MIXED PRECIP               M
HEAVY RAIN               13     RAIN                      14
LIGHT RAIN               35     FREEZING RAIN              0
LT FREEZING RAIN          0     HAIL                       M
HEAVY SNOW                0     SNOW                       0
LIGHT SNOW                0     SLEET                      M
FOG                      40     FOG W/VIS <= 1/4 MILE      2
HAZE                      3

-  INDICATES NEGATIVE NUMBERS.
R  INDICATES RECORD WAS SET OR TIED.
MM INDICATES DATA IS MISSING.
T  INDICATES TRACE AMOUNT.

$$
