000
CXUS54 KLCH 020930
CLMLCH


CLIMATE REPORT
NATIONAL WEATHER SERVICE LAKE CHARLES, LA
332 AM CDT MON JUL 2 2018

...................................

...THE LAKE CHARLES CLIMATE SUMMARY FOR THE MONTH OF JUNE 2018...

CLIMATE NORMAL PERIOD 1981 TO 2010
CLIMATE RECORD PERIOD 1895 TO 2018

WEATHER         OBSERVED          NORMAL  DEPART  LAST YEAR`S
                 VALUE   DATE(S)  VALUE   FROM    VALUE  DATE(S)
                                          NORMAL
................................................................
TEMPERATURE (F)
RECORD
 HIGH             106   06/27/1930
 LOW               51   06/17/1917
HIGHEST            95   06/04        MM      MM       94  06/19
LOWEST             71   06/09        MM      MM       65  06/09
AVG. MAXIMUM     90.7              89.3     1.4     87.5
AVG. MINIMUM     75.8              72.7     3.1     74.2
MEAN             83.3              81.0     2.3     80.9
DAYS MAX >= 90     24              13.2    10.8        8
DAYS MAX <= 32      0               0.0     0.0        0
DAYS MIN <= 32      0               0.0     0.0        0
DAYS MIN <= 0       0               0.0     0.0        0

PRECIPITATION (INCHES)
RECORD
 MAXIMUM        25.33   1989
 MINIMUM         0.02   1936
TOTALS           5.38              6.85   -1.47     9.70
DAILY AVG.       0.18              0.23   -0.05     0.32
DAYS >= .01        11              10.7     0.3       15
DAYS >= .10         6               7.3    -1.3       10
DAYS >= .50         4               4.1    -0.1        5
DAYS >= 1.00        2               2.3    -0.3        3
GREATEST
 24 HR. TOTAL    2.00   06/21 TO 06/21

DEGREE_DAYS
COOLING TOTAL     552               480      72      482
 SINCE 1/1       1296              1018     278     1185
.................................................................

WIND (MPH)
AVERAGE WIND SPEED              6.3
HIGHEST WIND SPEED/DIRECTION    31/140    DATE  06/18
HIGHEST GUST SPEED/DIRECTION    39/030    DATE  06/05

SKY COVER
POSSIBLE SUNSHINE (PERCENT)   MM
AVERAGE SKY COVER           0.20
NUMBER OF DAYS FAIR           24
NUMBER OF DAYS PC              6
NUMBER OF DAYS CLOUDY          0

AVERAGE RH (PERCENT)     76

WEATHER CONDITIONS. NUMBER OF DAYS WITH
THUNDERSTORM             12          MIXED PRECIP             0
HEAVY RAIN                6          RAIN                     3
LIGHT RAIN               14          FREEZING RAIN            0
LT FREEZING RAIN          0          HAIL                     0
HEAVY SNOW                0          SNOW                     0
LIGHT SNOW                0          SLEET                    0
FOG                       7          FOG W/VIS <= 1/4 MILE    0
HAZE                      5

-  INDICATES NEGATIVE NUMBERS.
R  INDICATES RECORD WAS SET OR TIED.
MM INDICATES DATA IS MISSING.
T  INDICATES TRACE AMOUNT.

$$
