000
CXUS54 KLCH 020813
CLMLCH


CLIMATE REPORT
NATIONAL WEATHER SERVICE LAKE CHARLES, LA
312 AM CDT THU AUG 2 2018

...................................

...THE LAKE CHARLES CLIMATE SUMMARY FOR THE MONTH OF JULY 2018...

CLIMATE NORMAL PERIOD 1981 TO 2010
CLIMATE RECORD PERIOD 1895 TO 2018

WEATHER         OBSERVED          NORMAL  DEPART  LAST YEAR`S
                 VALUE   DATE(S)  VALUE   FROM    VALUE  DATE(S)
                                          NORMAL
................................................................
TEMPERATURE (F)
RECORD
 HIGH             103   07/15/1909
                        07/13/1901
 LOW               60   07/08/1924
HIGHEST            99   07/26        MM      MM       96  07/20
                        07/23
LOWEST             71   07/25        MM      MM       72  07/31
AVG. MAXIMUM     93.3              91.1     2.2     91.3
AVG. MINIMUM     76.7              74.6     2.1     76.5
MEAN             85.0              82.9     2.1     83.9
DAYS MAX >= 90     27              21.1     5.9       23
DAYS MAX <= 32      0               0.0     0.0        0
DAYS MIN <= 32      0               0.0     0.0        0
DAYS MIN <= 0       0               0.0     0.0        0

PRECIPITATION (INCHES)
RECORD
 MAXIMUM        20.73   1933
 MINIMUM         0.48   1956
TOTALS           6.88              5.63    1.25     3.84
DAILY AVG.       0.22              0.18    0.04     0.12
DAYS >= .01         9              11.6    -2.6       12
DAYS >= .10         8               8.1    -0.1        7
DAYS >= .50         5               3.6     1.4        4
DAYS >= 1.00        3               1.6     1.4        0
GREATEST
 24 HR. TOTAL    2.09   07/03 TO 07/03

DEGREE_DAYS
COOLING TOTAL     628               553      75      595
 SINCE 1/1       1924              1571     353     1780
.................................................................

WIND (MPH)
AVERAGE WIND SPEED              4.8
HIGHEST WIND SPEED/DIRECTION    30/040    DATE  07/28
HIGHEST GUST SPEED/DIRECTION    52/340    DATE  07/29

SKY COVER
POSSIBLE SUNSHINE (PERCENT)   MM
AVERAGE SKY COVER           0.20
NUMBER OF DAYS FAIR           27
NUMBER OF DAYS PC              4
NUMBER OF DAYS CLOUDY          0

AVERAGE RH (PERCENT)     72

WEATHER CONDITIONS. NUMBER OF DAYS WITH
  0
  6
  0
  0
  0
  0
  0
HAZE                      6

-  INDICATES NEGATIVE NUMBERS.
R  INDICATES RECORD WAS SET OR TIED.
MM INDICATES DATA IS MISSING.
T  INDICATES TRACE AMOUNT.

$$
