000
CXUS54 KLCH 020813
CLMLFT


CLIMATE REPORT
NATIONAL WEATHER SERVICE LAKE CHARLES, LA
312 AM CDT THU AUG 2 2018

...................................

...THE LAFAYETTE CLIMATE SUMMARY FOR THE MONTH OF JULY 2018...

CLIMATE NORMAL PERIOD 1981 TO 2010
CLIMATE RECORD PERIOD 1893 TO 2018

WEATHER         OBSERVED          NORMAL  DEPART  LAST YEAR`S
                 VALUE   DATE(S)  VALUE   FROM    VALUE  DATE(S)
                                          NORMAL
................................................................
TEMPERATURE (F)
RECORD
 HIGH             107   07/13/1901
 LOW               57   07/07/1924
HIGHEST            99   07/27        MM      MM       96  07/28
                                                          07/21
                                                          07/20
LOWEST             72   07/25        MM      MM       71  07/31
AVG. MAXIMUM     93.2              92.0     1.2     91.6
AVG. MINIMUM     76.0              74.9     1.1     75.6
MEAN             84.6              83.4     1.2     83.6
DAYS MAX >= 90     27              23.9     3.1       26
DAYS MAX <= 32      0               0.0     0.0        0
DAYS MIN <= 32      0               0.0     0.0        0
DAYS MIN <= 0       0               0.0     0.0        0

PRECIPITATION (INCHES)
RECORD
 MAXIMUM        16.57   1967
 MINIMUM         1.34   1947
TOTALS           5.12              6.30   -1.18     7.00
DAILY AVG.       0.17              0.20   -0.03     0.23
DAYS >= .01        13              13.4    -0.4       14
DAYS >= .10        10               9.3     0.7        9
DAYS >= .50         2               4.1    -2.1        5
DAYS >= 1.00        2               1.8     0.2        1
GREATEST
 24 HR. TOTAL    1.88   07/09 TO 07/09

SNOWFALL (INCHES)
RECORDS
 TOTAL             MM   5
TOTALS            0.0               0.0     0.0      0.0
SINCE 7/1         0.0               0.0     0.0      0.0
SNOWDEPTH AVG.      0                MM      MM        0
DAYS >= 1.0         0               0.0     0.0        0
GREATEST
 24 HR TOTAL      0.0   07/31 TO 07/31

DEGREE_DAYS
HEATING TOTAL       0                 0       0        0
 SINCE 7/1          0                 0       0        0
COOLING TOTAL     616               572      44      587
 SINCE 1/1       1912              1684     228     1940
.................................................................

WIND (MPH)
AVERAGE WIND SPEED              5.0
HIGHEST WIND SPEED/DIRECTION    26/030    DATE  07/28
HIGHEST GUST SPEED/DIRECTION    34/030    DATE  07/28

SKY COVER
POSSIBLE SUNSHINE (PERCENT)   MM
AVERAGE SKY COVER           0.20
NUMBER OF DAYS FAIR           26
NUMBER OF DAYS PC              5
NUMBER OF DAYS CLOUDY          0

AVERAGE RH (PERCENT)     75

WEATHER CONDITIONS. NUMBER OF DAYS WITH
  0
  7
  0
  0
  0
  0
  1
HAZE                      4

-  INDICATES NEGATIVE NUMBERS.
R  INDICATES RECORD WAS SET OR TIED.
MM INDICATES DATA IS MISSING.
T  INDICATES TRACE AMOUNT.

$$
